Results for 3.1 20010507 (experimental) testsuite on powerpc-unknown-linux-gnu
Franz Sirl
fsirl@entropy.crashing.org
Mon May 7 11:31:00 GMT 2001
Environment:
binutils-2.11.90.0.7
glibc-2.2.3
linux-2.4.3
Local modifications:
- default to DWARF2_DEBUG in rs6000/sysv4.h
- reject hard regs in CSE for constant replacement
- handle weak SYMBOL_REF
- fix ObjC vs. shared libgcc
Native configuration is powerpc-unknown-linux-gnu
=== libstdc++ tests ===
Running target unix
FAIL: 21_strings/ctor_copy_dtor.cc (execution test), static
FAIL: 21_strings/element_access.cc (execution test), static
FAIL: 21_strings/insert.cc (execution test), static
FAIL: 21_strings/c_strings.cc (execution test), static
FAIL: 21_strings/c_strings.cc (execution test), shared
FAIL: 22_locale/codecvt_unicode_char.cc (execution test), static
FAIL: 22_locale/codecvt_unicode_char.cc (execution test), shared
FAIL: 22_locale/codecvt_unicode_wchar_t.cc (execution test), static
FAIL: 22_locale/codecvt_unicode_wchar_t.cc (execution test), shared
FAIL: 27_io/fpos.cc (execution test), static
FAIL: 27_io/fpos.cc (execution test), shared
FAIL: 27_io/ios_members.cc (execution test), static
FAIL: 27_io/istream_seeks.cc (execution test), static
FAIL: 27_io/istream_seeks.cc (execution test), shared
=== libstdc++ Summary ===
# of expected passes 400
# of unexpected failures 14
# of expected failures 16
/home/fsirl/cvsx/gccm/libstdc++-v3 version 20010417
=== gcc tests ===
Running target unix/-O2
FAIL: gcc.c-torture/execute/920721-4.c compilation, -O3 -g
=== gcc Summary for unix/-O2 ===
# of expected passes 15211
# of unexpected failures 1
# of expected failures 78
# of unresolved testcases 1
# of unsupported tests 47
Running target unix/-fpic
=== gcc Summary for unix/-fpic ===
# of expected passes 15213
# of expected failures 78
# of unsupported tests 47
Running target unix/-fPIC
FAIL: gcc.c-torture/compile/990801-1.c, -O2
FAIL: gcc.c-torture/compile/990801-1.c, -O3 -fomit-frame-pointer
FAIL: gcc.c-torture/compile/990801-1.c, -O3 -fomit-frame-pointer -funroll-loops
FAIL: gcc.c-torture/compile/990801-1.c, -O3 -g
FAIL: gcc.c-torture/compile/990801-1.c, -Os
FAIL: gcc.c-torture/execute/20010106-1.c compilation, -O3 -fomit-frame-pointer
FAIL: gcc.c-torture/execute/20010106-1.c compilation, -O3 -g
FAIL: gcc.c-torture/execute/980707-1.c compilation, -O1
FAIL: gcc.c-torture/execute/980707-1.c compilation, -O2
FAIL: gcc.c-torture/execute/980707-1.c compilation, -O3 -fomit-frame-pointer
FAIL: gcc.c-torture/execute/980707-1.c compilation, -O3 -fomit-frame-pointer -funroll-loops
FAIL: gcc.c-torture/execute/980707-1.c compilation, -O3 -fomit-frame-pointer -funroll-all-loops -finline-functions
FAIL: gcc.c-torture/execute/980707-1.c compilation, -O3 -g
FAIL: gcc.dg/switch-1.c (test for excess errors)
FAIL: gcc.dg/format/c90-printf-1.c %s with NULL (test for warnings, line 236)
FAIL: gcc.dg/format/c90-printf-1.c (test for excess errors)
=== gcc Summary for unix/-fPIC ===
# of expected passes 15189
# of unexpected failures 16
# of expected failures 78
# of unresolved testcases 8
# of unsupported tests 47
Running target unix
FAIL: gcc.dg/format/xopen-1.c multiple use of scanf argument (test for warnings, line 115)
FAIL: gcc.dg/format/xopen-1.c (test for excess errors)
=== gcc Summary for unix ===
# of expected passes 15211
# of unexpected failures 2
# of expected failures 78
# of unsupported tests 47
=== gcc Summary ===
# of expected passes 60824
# of unexpected failures 19
# of expected failures 312
# of unresolved testcases 9
# of unsupported tests 188
/home/fsirl/obj/gccm/gcc/xgcc version 3.1 20010507 (experimental)
=== g++ tests ===
Running target unix/-O2
FAIL: g++.abi/vtable2.C Execution test
XPASS: g++.other/crash27.C (test for excess errors)
=== g++ Summary for unix/-O2 ===
# of expected passes 6447
# of unexpected failures 1
# of unexpected successes 1
# of expected failures 102
# of untested testcases 20
Running target unix/-fpic
XPASS: g++.other/crash27.C (test for excess errors)
=== g++ Summary for unix/-fpic ===
# of expected passes 6448
# of unexpected successes 1
# of expected failures 102
# of untested testcases 20
Running target unix/-fPIC
FAIL: g++.ext/instantiate2.C not instantiated (test for errors, line 19)
FAIL: g++.ext/instantiate2.C (test for bogus messages, line 17)
FAIL: g++.ext/instantiate3.C not instantiated (test for errors, line 13)
XPASS: g++.other/crash27.C (test for excess errors)
=== g++ Summary for unix/-fPIC ===
# of expected passes 6445
# of unexpected failures 3
# of unexpected successes 1
# of expected failures 102
# of untested testcases 20
Running target unix
XPASS: g++.other/crash27.C (test for excess errors)
=== g++ Summary for unix ===
# of expected passes 6448
# of unexpected successes 1
# of expected failures 102
# of untested testcases 20
=== g++ Summary ===
# of expected passes 25788
# of unexpected failures 4
# of unexpected successes 4
# of expected failures 408
# of untested testcases 80
/home/fsirl/obj/gccm/gcc/testsuite/../g++ version 3.1 20010507 (experimental)
=== g77 tests ===
Running target unix/-O2
FAIL: g77.f-torture/compile/19990826-3.f, -O3 -g
FAIL: g77.f-torture/execute/20010430.f execution, -O0
FAIL: g77.f-torture/execute/20010430.f execution, -O1
FAIL: g77.f-torture/execute/20010430.f execution, -O2
FAIL: g77.f-torture/execute/20010430.f execution, -O3 -fomit-frame-pointer
FAIL: g77.f-torture/execute/20010430.f execution, -O3 -fomit-frame-pointer -funroll-loops
FAIL: g77.f-torture/execute/20010430.f execution, -O3 -fomit-frame-pointer -funroll-all-loops -finline-functions
FAIL: g77.f-torture/execute/20010430.f execution, -O3 -g
FAIL: g77.f-torture/execute/20010430.f execution, -Os
=== g77 Summary for unix/-O2 ===
# of expected passes 950
# of unexpected failures 9
# of unsupported tests 8
Running target unix/-fpic
FAIL: g77.f-torture/compile/19990826-3.f, -O3 -g
FAIL: g77.f-torture/compile/20000511-2.f, -O3 -g
FAIL: g77.f-torture/compile/20000629-1.f, -O3 -g
FAIL: g77.f-torture/execute/20010430.f execution, -O2
FAIL: g77.f-torture/execute/20010430.f execution, -O3 -fomit-frame-pointer
FAIL: g77.f-torture/execute/20010430.f execution, -O3 -fomit-frame-pointer -funroll-loops
FAIL: g77.f-torture/execute/20010430.f execution, -O3 -fomit-frame-pointer -funroll-all-loops -finline-functions
FAIL: g77.f-torture/execute/20010430.f execution, -O3 -g
=== g77 Summary for unix/-fpic ===
# of expected passes 951
# of unexpected failures 8
# of unsupported tests 8
Running target unix/-fPIC
FAIL: g77.f-torture/compile/19990826-3.f, -O3 -g
FAIL: g77.f-torture/compile/20000511-2.f, -O3 -g
FAIL: g77.f-torture/compile/20000629-1.f, -O3 -g
FAIL: g77.f-torture/execute/20010430.f execution, -O2
FAIL: g77.f-torture/execute/20010430.f execution, -O3 -fomit-frame-pointer
FAIL: g77.f-torture/execute/20010430.f execution, -O3 -fomit-frame-pointer -funroll-loops
FAIL: g77.f-torture/execute/20010430.f execution, -O3 -fomit-frame-pointer -funroll-all-loops -finline-functions
FAIL: g77.f-torture/execute/20010430.f execution, -O3 -g
=== g77 Summary for unix/-fPIC ===
# of expected passes 951
# of unexpected failures 8
# of unsupported tests 8
Running target unix
FAIL: g77.f-torture/compile/19990826-3.f, -O3 -g
FAIL: g77.f-torture/compile/20000511-2.f, -O3 -g
FAIL: g77.f-torture/compile/20000629-1.f, -O3 -g
FAIL: g77.f-torture/execute/20010430.f execution, -O2
FAIL: g77.f-torture/execute/20010430.f execution, -O3 -fomit-frame-pointer
FAIL: g77.f-torture/execute/20010430.f execution, -O3 -fomit-frame-pointer -funroll-loops
FAIL: g77.f-torture/execute/20010430.f execution, -O3 -fomit-frame-pointer -funroll-all-loops -finline-functions
FAIL: g77.f-torture/execute/20010430.f execution, -O3 -g
=== g77 Summary for unix ===
# of expected passes 951
# of unexpected failures 8
# of unsupported tests 8
=== g77 Summary ===
# of expected passes 3803
# of unexpected failures 33
# of unsupported tests 32
=== objc tests ===
Running target unix/-O2
FAIL: objc/execute/formal_protocol-6.m execution, -O
=== objc Summary for unix/-O2 ===
# of expected passes 145
# of unexpected failures 1
Running target unix/-fpic
FAIL: objc/execute/formal_protocol-6.m execution, -O
=== objc Summary for unix/-fpic ===
# of expected passes 145
# of unexpected failures 1
Running target unix/-fPIC
FAIL: objc/execute/formal_protocol-6.m execution, -O
=== objc Summary for unix/-fPIC ===
# of expected passes 145
# of unexpected failures 1
Running target unix
FAIL: objc/execute/formal_protocol-6.m execution, -O
=== objc Summary for unix ===
# of expected passes 145
# of unexpected failures 1
=== objc Summary ===
# of expected passes 580
# of unexpected failures 4
/home/fsirl/obj/gccm/gcc/xgcc version 3.1 20010507 (experimental)
Compiler version: 3.1 20010507 (experimental)
Platform: powerpc-unknown-linux-gnu
configure flags: --host=ppc-linux --prefix=/home/fsirl/gnubin --enable-shared --enable-threads --enable-languages=c,c++,g77,f77,objc --enable-checking=gc,misc,tree
More information about the Gcc-testresults
mailing list