Results for 3.0 20010503 (prerelease) testsuite on hppa1.1-hp-hpux11.00
Michael Ritzert
michael.ritzert@realtech.de
Sat May 5 02:02:00 GMT 2001
host: HP-UX B.11.00 A 9000/715
compiler: Reading specs from /var/compile/alina-auto/hppa1.1-hp-hpux11.00/libstdc++-v3/../../gcc/specs
Configured with: /home/ritzert/compile/gcc/gcc-3_0-branch/gcc/configure --enable-languages=c++ --prefix=/opt/gcc-3.0 --with-gnu-as --with-as=/opt/binutils/bin/as
Thread model: single
gcc version 3.0 20010503 (prerelease)
g++: No input files
compiler flags: -ggdb3 -DDEBUG_ASSERT -ffunction-sections -fdata-sections
date: 20010505
pass/fail results: 89/20 shared + 95/14 static = 184/34 total
p == pass/fail execution test
+: pass, -b: build failure, -r: run failure, x: disabled
ctime == time to compile and link
etime == time for executable to run
text == size of the executable text section
data == size of the executable data section
total == size of the executable
p ctime etime text data total name
+ 26 3.051 176000 17_intro/header_ciso646.cc -static
+ 40 3.110 188020 17_intro/header_ciso646.cc
+ 26 2.960 134108 17_intro/header_cstdio.cc -static
+ 39 3.033 146162 17_intro/header_cstdio.cc
+ 30 2.896 187797 17_intro/header_cstdlib.cc -static
+ 40 3.158 199859 17_intro/header_cstdlib.cc
+ 25 2.879 124541 17_intro/header_cstring.cc -static
+ 38 3.015 136603 17_intro/header_cstring.cc
+ 26 2.924 140835 17_intro/header_ctime.cc -static
+ 39 3.017 152889 17_intro/header_ctime.cc
+ 29 2.842 188652 17_intro/header_cwchar.cc -static
+ 40 3.006 200706 17_intro/header_cwchar.cc
+ 25 2.941 122845 17_intro/header_cwctype.cc -static
+ 37 3.129 134907 17_intro/header_cwctype.cc
+ 58 2.946 377357 17_intro/header_fstream.cc -static
+ 69 3.051 389419 17_intro/header_fstream.cc
+ 52 2.927 338189 17_intro/header_iomanip.cc -static
+ 66 3.087 350251 17_intro/header_iomanip.cc
+ 46 2.906 278305 17_intro/header_ios.cc -static
+ 58 3.098 290359 17_intro/header_ios.cc
+ 29 2.951 191044 17_intro/header_iosfwd.cc -static
+ 41 3.041 203098 17_intro/header_iosfwd.cc
+ 84 3.699 8044685 17_intro/header_iostream.cc -static
+ 61 3.079 346638 17_intro/header_iostream.cc
+ 49 2.883 332301 17_intro/header_istream.cc -static
+ 62 3.112 344363 17_intro/header_istream.cc
+ 47 2.906 278325 17_intro/header_ostream.cc -static
+ 60 3.205 290387 17_intro/header_ostream.cc
+ 50 2.915 332301 17_intro/header_sstream.cc -static
+ 62 3.122 344363 17_intro/header_sstream.cc
+ 42 2.878 270551 17_intro/header_streambuf.cc -static
+ 54 3.021 282613 17_intro/header_streambuf.cc
+ 121 3.555 8148069 17_intro/headers.cc -static
+ 103 3.045 450022 17_intro/headers.cc
+ 30 2.982 190394 17_intro/headers_c++.cc -static
+ 43 3.028 202448 17_intro/headers_c++.cc
+ 30 2.874 190352 17_intro/headers_c.cc -static
+ 42 3.083 202414 17_intro/headers_c.cc
+ 31 3.863 524075 18_support/numeric_limits.cc -static
+ 43 3.244 488612 18_support/numeric_limits.cc
+ 84 3.432 8095663 19_diagnostics/stdexceptions.cc -static
+ 67 3.360 646616 19_diagnostics/stdexceptions.cc
+ 48 2.972 656863 20_util/auto_ptr.cc -static
+ 60 3.216 621770 20_util/auto_ptr.cc
+ 90 3.484 8136902 21_strings/append.cc -static
-r 74 4.559 685704 21_strings/append.cc
-b 80 4.559 0 0 0 21_strings/capacity.cc -static
-b 70 4.559 0 0 0 21_strings/capacity.cc
+ 78 3.493 8066134 21_strings/char_traits_requirements.cc -static
+ 63 3.161 615698 21_strings/char_traits_requirements.cc
+ 39 2.868 226867 21_strings/char_traits_typedefs.cc -static
+ 51 3.027 238921 21_strings/char_traits_typedefs.cc
+ 83 3.391 8095823 21_strings/compare.cc -static
+ 67 3.254 645056 21_strings/compare.cc
-r 85 4.643 8101460 21_strings/ctor_copy_dtor.cc -static
-r 68 4.581 650785 21_strings/ctor_copy_dtor.cc
+ 81 3.624 8077948 21_strings/element_access.cc -static
-r 64 4.593 627550 21_strings/element_access.cc
+ 84 3.529 8092646 21_strings/find.cc -static
+ 68 3.376 641774 21_strings/find.cc
+ 89 3.601 8128902 21_strings/insert.cc -static
-r 73 4.781 677961 21_strings/insert.cc
+ 138 4.289 8471368 21_strings/inserters_extractors.cc -static
+ 122 3.961 1038351 21_strings/inserters_extractors.cc
+ 171 3.475 8127364 21_strings/invariants.cc -static
+ 73 3.326 676301 21_strings/invariants.cc
+ 96 3.500 8150743 21_strings/nonmember.cc -static
+ 79 3.211 699328 21_strings/nonmember.cc
+ 119 3.365 8039530 21_strings/operations.cc -static
+ 66 3.208 588445 21_strings/operations.cc
+ 89 3.488 8134549 21_strings/replace.cc -static
+ 72 3.264 683520 21_strings/replace.cc
+ 81 3.430 8073739 21_strings/rfind.cc -static
+ 64 3.202 623244 21_strings/rfind.cc
+ 83 3.585 8094676 21_strings/substr.cc -static
-r 67 4.601 644073 21_strings/substr.cc
+ 177 3.658 8187106 22_locale/codecvt_char_char.cc -static
+ 75 3.363 756895 22_locale/codecvt_char_char.cc
+ 56 2.989 376715 22_locale/codecvt_unicode_char.cc -static
+ 67 3.060 388769 22_locale/codecvt_unicode_char.cc
+ 55 2.963 376726 22_locale/codecvt_unicode_wchar_t.cc -static
+ 68 3.044 388788 22_locale/codecvt_unicode_wchar_t.cc
+ 108 2.926 376715 22_locale/codecvt_wchar_t_char.cc -static
+ 67 3.005 388769 22_locale/codecvt_wchar_t_char.cc
+ 103 2.941 376677 22_locale/ctor_copy_dtor.cc -static
+ 68 3.174 388739 22_locale/ctor_copy_dtor.cc
+ 91 3.451 8130557 22_locale/ctype.cc -static
+ 73 3.253 677565 22_locale/ctype.cc
-r 90 0.000 8173173 22_locale/ctype_char_members.cc -static
-r 74 0.000 709368 22_locale/ctype_char_members.cc
+ 56 2.959 376716 22_locale/ctype_wchar_t_members.cc -static
+ 68 3.088 388770 22_locale/ctype_wchar_t_members.cc
+ 190 3.743 8676480 22_locale/facet.cc -static
+ 136 3.299 1259659 22_locale/facet.cc
+ 97 3.477 8247516 22_locale/global_templates.cc -static
+ 82 3.228 811596 22_locale/global_templates.cc
+ 109 3.669 8309996 22_locale/members.cc -static
+ 95 3.312 874522 22_locale/members.cc
-b 79 3.312 0 0 0 22_locale/numpunct.cc -static
-b 68 3.312 0 0 0 22_locale/numpunct.cc
+ 105 3.679 8281662 22_locale/numpunct_byname.cc -static
+ 89 3.282 845334 22_locale/numpunct_byname.cc
+ 100 3.628 8232261 22_locale/numpunct_char_members.cc -static
+ 112 3.404 782458 22_locale/numpunct_char_members.cc
+ 106 3.553 8265037 22_locale/operators.cc -static
+ 84 3.351 829781 22_locale/operators.cc
+ 99 3.564 8226020 22_locale/static_members.cc -static
+ 83 3.264 790818 22_locale/static_members.cc
+ 106 4.000 8258855 23_containers/bitset_ctor.cc -static
+ 87 3.255 808855 23_containers/bitset_ctor.cc
+ 129 15.202 8372720 23_containers/bitset_shift.cc -static
+ 114 14.628 923249 23_containers/bitset_shift.cc
-b 71 14.628 0 0 0 23_containers/map_operators.cc -static
-b 72 14.628 0 0 0 23_containers/map_operators.cc
-b 133 14.628 0 0 0 23_containers/multiset.cc -static
-b 82 14.628 0 0 0 23_containers/multiset.cc
-b 49 14.628 0 0 0 23_containers/set_operators.cc -static
-b 49 14.628 0 0 0 23_containers/set_operators.cc
+ 73 2.846 861466 23_containers/vector_capacity.cc -static
+ 61 3.300 654969 23_containers/vector_capacity.cc
+ 113 3.450 8392101 23_containers/vector_ctor.cc -static
+ 96 3.269 936899 23_containers/vector_ctor.cc
+ 108 3.438 8089003 23_containers/vector_element_access.cc -static
-r 63 4.443 635933 23_containers/vector_element_access.cc
+ 56 3.174 948481 23_containers/vector_modifiers.cc -static
+ 69 3.225 742032 23_containers/vector_modifiers.cc
+ 139 3.777 8282715 24_iterators/istreambuf_iterator.cc -static
+ 89 3.392 846335 24_iterators/istreambuf_iterator.cc
+ 119 3.619 8352076 24_iterators/iterator.cc -static
+ 100 3.319 900172 24_iterators/iterator.cc
+ 74 2.909 332431 25_algorithms/equal.cc -static
+ 54 3.065 284562 25_algorithms/equal.cc
+ 36 2.892 276851 25_algorithms/lower_bound.cc -static
+ 48 3.133 288871 25_algorithms/lower_bound.cc
+ 35 2.891 270747 25_algorithms/min_max.cc -static
+ 49 3.175 282759 25_algorithms/min_max.cc
+ 202 0.000 8280253 26_numerics/binary_closure.cc -static
+ 94 0.000 841513 26_numerics/binary_closure.cc
+ 64 2.921 200466 26_numerics/buggy_complex.cc -static
+ 43 3.099 212520 26_numerics/buggy_complex.cc
-b 22 3.099 0 0 0 26_numerics/c99_macros.cc -static
-b 22 3.099 0 0 0 26_numerics/c99_macros.cc
+ 60 3.024 244574 26_numerics/c_math.cc -static
+ 42 3.138 256586 26_numerics/c_math.cc
+ 149 3.798 8667957 26_numerics/complex_inserters_extractors.cc -static
+ 97 3.419 876125 26_numerics/complex_inserters_extractors.cc
+ 33 2.999 257514 26_numerics/complex_value.cc -static
+ 45 3.006 269526 26_numerics/complex_value.cc
+ 58 3.095 653394 26_numerics/valarray.cc -static
+ 71 3.294 618309 26_numerics/valarray.cc
-b 133 3.294 0 0 0 27_io/filebuf.cc -static
-b 82 3.294 0 0 0 27_io/filebuf.cc
+ 99 3.673 8227943 27_io/filebuf_members.cc -static
+ 81 3.253 788893 27_io/filebuf_members.cc
+ 77 2.905 344305 27_io/fpos.cc -static
+ 61 3.115 356333 27_io/fpos.cc
+ 99 8.876 8232426 27_io/ifstream_members.cc -static
+ 81 9.177 792290 27_io/ifstream_members.cc
+ 100 3.751 8253258 27_io/ios_base_callbacks.cc -static
+ 85 3.592 804195 27_io/ios_base_callbacks.cc
-r 99 24689.000 8230784 27_io/ios_base_members_static.cc -static
-r 82 24689.000 782033 27_io/ios_base_members_static.cc
+ 99 3.643 8194968 27_io/ios_base_storage.cc -static
+ 84 3.273 758967 27_io/ios_base_storage.cc
+ 101 3.588 8238938 27_io/ios_ctor.cc -static
+ 84 3.202 789588 27_io/ios_ctor.cc
-b 125 3.202 0 0 0 27_io/ios_manip_basefield.cc -static
-b 107 3.202 0 0 0 27_io/ios_manip_basefield.cc
-b 127 3.202 0 0 0 27_io/ios_manip_fmtflags.cc -static
-b 111 3.202 0 0 0 27_io/ios_manip_fmtflags.cc
+ 84 3.780 8085499 27_io/ios_members.cc -static
-r 68 4.587 656117 27_io/ios_members.cc
+ 50 2.874 332254 27_io/istream.cc -static
+ 63 3.003 344316 27_io/istream.cc
+ 146 1.000 8510844 27_io/istream_extractor_arith.cc -static
+ 127 1.000 1077197 27_io/istream_extractor_arith.cc
-r 108 0.000 8270590 27_io/istream_extractor_char.cc -static
-r 90 0.000 821719 27_io/istream_extractor_char.cc
+ 119 3.673 8367019 27_io/istream_extractor_other.cc -static
+ 101 3.386 919306 27_io/istream_extractor_other.cc
+ 107 3.720 8258438 27_io/istream_manip.cc -static
+ 86 3.404 822316 27_io/istream_manip.cc
-b 83 3.404 0 0 0 27_io/istream_seeks.cc -static
-b 84 3.404 0 0 0 27_io/istream_seeks.cc
+ 102 3.692 8258622 27_io/istream_sentry.cc -static
+ 86 3.272 822315 27_io/istream_sentry.cc
+ 133 4.870 8435721 27_io/istream_unformatted.cc -static
+ 114 4.371 1001552 27_io/istream_unformatted.cc
+ 103 3.789 8267183 27_io/istringstream_members.cc -static
+ 86 3.177 831092 27_io/istringstream_members.cc
+ 165 0.000 8231246 27_io/narrow_stream_objects.cc -static
+ 109 0.000 536257 27_io/narrow_stream_objects.cc
+ 98 9.806 8230922 27_io/ofstream_members.cc -static
+ 82 9.842 790722 27_io/ofstream_members.cc
+ 48 3.002 278278 27_io/ostream.cc -static
+ 60 3.127 290340 27_io/ostream.cc
+ 131 3.898 8437388 27_io/ostream_inserter_arith.cc -static
+ 114 3.625 1002307 27_io/ostream_inserter_arith.cc
+ 132 6.099 8430442 27_io/ostream_inserter_char.cc -static
+ 115 5.638 995805 27_io/ostream_inserter_char.cc
+ 119 3.786 8367362 27_io/ostream_inserter_other.cc -static
+ 101 3.417 932458 27_io/ostream_inserter_other.cc
+ 111 3.717 8286239 27_io/ostream_manip.cc -static
+ 93 3.418 849982 27_io/ostream_manip.cc
+ 118 3.807 8356775 27_io/ostream_seeks.cc -static
+ 99 3.274 921178 27_io/ostream_seeks.cc
+ 100 3.751 8241311 27_io/ostream_unformatted.cc -static
+ 83 3.360 804620 27_io/ostream_unformatted.cc
+ 112 3.869 8251796 27_io/streambuf.cc -static
+ 92 3.276 801318 27_io/streambuf.cc
+ 117 3.682 8312125 27_io/stringbuf.cc -static
+ 100 3.260 862107 27_io/stringbuf.cc
+ 122 3.816 8343397 27_io/stringstream.cc -static
+ 105 3.284 907639 27_io/stringstream.cc
+ 122 3.642 8148615 27_io/wide_stream_objects.cc -static
+ 104 3.025 450568 27_io/wide_stream_objects.cc
+ 112 3.642 8180925 ext/headers.cc -static
+ 89 3.107 482878 ext/headers.cc
testrun == 19087 seconds
Native configuration is hppa1.1-hp-hpux11.00
=== gcc tests ===
Running target unix
FAIL: gcc.c-torture/compile/20000804-1.c, -O0
FAIL: gcc.c-torture/compile/20001226-1.c, -O2
FAIL: gcc.c-torture/compile/20001226-1.c, -O3 -fomit-frame-pointer
FAIL: gcc.c-torture/compile/20001226-1.c, -O3 -g
FAIL: gcc.c-torture/compile/20001226-1.c, -Os
XPASS: gcc.c-torture/execute/20010114-2.c execution, -O0
XPASS: gcc.c-torture/execute/20010114-2.c execution, -O1
XPASS: gcc.c-torture/execute/20010114-2.c execution, -O2
XPASS: gcc.c-torture/execute/20010114-2.c execution, -O3 -fomit-frame-pointer
XPASS: gcc.c-torture/execute/20010114-2.c execution, -O3 -g
XPASS: gcc.c-torture/execute/20010114-2.c execution, -Os
FAIL: gcc.c-torture/execute/20010119-1.c compilation, -O1
FAIL: gcc.c-torture/execute/20010119-1.c compilation, -O2
FAIL: gcc.c-torture/execute/20010119-1.c compilation, -O3 -fomit-frame-pointer
FAIL: gcc.c-torture/execute/20010119-1.c compilation, -O3 -fomit-frame-pointer -funroll-loops
FAIL: gcc.c-torture/execute/20010119-1.c compilation, -O3 -fomit-frame-pointer -funroll-all-loops -finline-functions
FAIL: gcc.c-torture/execute/20010119-1.c compilation, -O3 -g
FAIL: gcc.c-torture/execute/20010119-1.c compilation, -Os
FAIL: gcc.c-torture/execute/20010122-1.c execution, -O0
FAIL: gcc.c-torture/execute/20010122-1.c execution, -O1
FAIL: gcc.c-torture/execute/20010122-1.c execution, -O2
FAIL: gcc.c-torture/execute/20010122-1.c execution, -O3 -fomit-frame-pointer
FAIL: gcc.c-torture/execute/20010122-1.c execution, -O3 -fomit-frame-pointer -funroll-loops
FAIL: gcc.c-torture/execute/20010122-1.c execution, -O3 -fomit-frame-pointer -funroll-all-loops -finline-functions
FAIL: gcc.c-torture/execute/20010122-1.c execution, -O3 -g
FAIL: gcc.c-torture/execute/20010122-1.c execution, -Os
XPASS: gcc.c-torture/execute/loop-2b.c execution, -O0
XPASS: gcc.c-torture/execute/loop-2b.c execution, -O1
XPASS: gcc.c-torture/execute/loop-2b.c execution, -O2
XPASS: gcc.c-torture/execute/loop-2b.c execution, -O3 -fomit-frame-pointer
XPASS: gcc.c-torture/execute/loop-2b.c execution, -O3 -fomit-frame-pointer -funroll-loops
XPASS: gcc.c-torture/execute/loop-2b.c execution, -O3 -fomit-frame-pointer -funroll-all-loops -finline-functions
XPASS: gcc.c-torture/execute/loop-2b.c execution, -O3 -g
XPASS: gcc.c-torture/execute/loop-2b.c execution, -Os
FAIL: gcc.c-torture/execute/strct-stdarg-1.c execution, -O0
FAIL: gcc.c-torture/execute/strct-stdarg-1.c execution, -O1
FAIL: gcc.c-torture/execute/strct-stdarg-1.c execution, -O2
FAIL: gcc.c-torture/execute/strct-stdarg-1.c execution, -O3 -fomit-frame-pointer
FAIL: gcc.c-torture/execute/strct-stdarg-1.c execution, -O3 -fomit-frame-pointer -funroll-loops
FAIL: gcc.c-torture/execute/strct-stdarg-1.c execution, -O3 -fomit-frame-pointer -funroll-all-loops -finline-functions
FAIL: gcc.c-torture/execute/strct-stdarg-1.c execution, -O3 -g
FAIL: gcc.c-torture/execute/strct-stdarg-1.c execution, -Os
FAIL: gcc.c-torture/execute/ieee/mzero2.c execution, -O1
FAIL: gcc.c-torture/execute/ieee/mzero2.c execution, -O2
FAIL: gcc.c-torture/execute/ieee/mzero2.c execution, -O3 -fomit-frame-pointer
FAIL: gcc.c-torture/execute/ieee/mzero2.c execution, -O3 -g
FAIL: gcc.c-torture/execute/ieee/mzero2.c execution, -Os
FAIL: gcc.dg/asm-names.c (test for excess errors)
FAIL: gcc.dg/sequence-pt-1.c sequence point warning (test for warnings, line 59)
FAIL: gcc.misc-tests/mg.c
=== gcc Summary ===
# of expected passes 15016
# of unexpected failures 36
# of unexpected successes 14
# of expected failures 80
# of unresolved testcases 10
# of unsupported tests 56
/var/compile/alina-auto/gcc/xgcc version 3.0 20010503 (prerelease)
=== g++ tests ===
Running target unix
FAIL: g++.abi/cxa_vec.C Execution test
FAIL: g++.eh/rethrow1.C Execution test
FAIL: g++.eh/rethrow2.C Execution test
FAIL: g++.eh/rethrow4.C Execution test
FAIL: g++.eh/rethrow6.C Execution test
FAIL: g++.eh/spec2.C Execution test
FAIL: g++.eh/spec3.C Execution test
FAIL: g++.ext/attrib5.C (test for excess errors)
FAIL: g++.ext/instantiate1.C not instantiated (test for errors, line 20)
FAIL: g++.ext/instantiate1.C not instantiated (test for errors, line 22)
FAIL: g++.law/profile1.C (test for excess errors)
FAIL: g++.mike/dyncast1.C Execution test
FAIL: g++.mike/dyncast2.C Execution test
XPASS: g++.mike/eh33.C (test for excess errors)
XPASS: g++.mike/eh50.C (test for excess errors)
FAIL: g++.mike/eh51.C Execution test
FAIL: g++.other/mangle3.C (test for excess errors)
=== g++ Summary ===
# of expected passes 6376
# of unexpected failures 15
# of unexpected successes 2
# of expected failures 116
# of untested testcases 20
/var/compile/alina-auto/gcc/testsuite/../g++ version 3.0 20010503 (prerelease)
Compiler version: 3.0 20010503 (prerelease)
Platform: hppa1.1-hp-hpux11.00
configure flags: --host=hppa1.1-hp-hpux11.00 --enable-languages=c++ --prefix=/opt/gcc-3.0 --with-gnu-as --with-as=/opt/binutils/bin/as
More information about the Gcc-testresults
mailing list