Results for 3.0 20010503 (prerelease) testsuite on powerpc-unknown-linux-gnu
Franz Sirl
fsirl@entropy.crashing.org
Fri May 4 02:47:00 GMT 2001
Environment:
binutils-2.11.90.0.7
glibc-2.2.3
linux-2.4.3
Local modifications:
- handle weak symbols better (me)
- don't let CSE replace HARD_REGS with constants (me)
- subreg-byte patch (Andrew MacLeod and others)
- fix unrecognizeable insn ICE (me)
Native configuration is powerpc-unknown-linux-gnu
=== gcc tests ===
Running target unix/-O2
XPASS: gcc.c-torture/execute/20010114-2.c execution, -O0
XPASS: gcc.c-torture/execute/20010114-2.c execution, -O1
XPASS: gcc.c-torture/execute/20010114-2.c execution, -O2
XPASS: gcc.c-torture/execute/20010114-2.c execution, -O3 -fomit-frame-pointer
XPASS: gcc.c-torture/execute/20010114-2.c execution, -O3 -g
XPASS: gcc.c-torture/execute/20010114-2.c execution, -Os
XPASS: gcc.c-torture/execute/loop-2b.c execution, -O0
XPASS: gcc.c-torture/execute/loop-2b.c execution, -O1
XPASS: gcc.c-torture/execute/loop-2b.c execution, -O2
XPASS: gcc.c-torture/execute/loop-2b.c execution, -O3 -fomit-frame-pointer
XPASS: gcc.c-torture/execute/loop-2b.c execution, -O3 -fomit-frame-pointer -funroll-loops
XPASS: gcc.c-torture/execute/loop-2b.c execution, -O3 -fomit-frame-pointer -funroll-all-loops -finline-functions
XPASS: gcc.c-torture/execute/loop-2b.c execution, -O3 -g
XPASS: gcc.c-torture/execute/loop-2b.c execution, -Os
FAIL: gcc.dg/sequence-pt-1.c sequence point warning (test for warnings, line 59)
=== gcc Summary for unix/-O2 ===
# of expected passes 15079
# of unexpected failures 1
# of unexpected successes 14
# of expected failures 80
# of unsupported tests 46
Running target unix/-fpic
FAIL: gcc.c-torture/compile/920502-1.c, -O1
FAIL: gcc.c-torture/compile/920502-1.c, -O2
FAIL: gcc.c-torture/compile/920502-1.c, -O3 -fomit-frame-pointer
FAIL: gcc.c-torture/compile/920502-1.c, -O3 -g
FAIL: gcc.c-torture/compile/920502-1.c, -Os
FAIL: gcc.c-torture/compile/920729-1.c, -O1
FAIL: gcc.c-torture/compile/920729-1.c, -O2
FAIL: gcc.c-torture/compile/920729-1.c, -O3 -fomit-frame-pointer
FAIL: gcc.c-torture/compile/920729-1.c, -O3 -fomit-frame-pointer -funroll-loops
FAIL: gcc.c-torture/compile/920729-1.c, -O3 -fomit-frame-pointer -funroll-all-loops -finline-functions
FAIL: gcc.c-torture/compile/920729-1.c, -O3 -g
FAIL: gcc.c-torture/compile/920729-1.c, -Os
FAIL: gcc.c-torture/compile/930523-1.c, -O1
FAIL: gcc.c-torture/compile/930523-1.c, -O2
FAIL: gcc.c-torture/compile/930523-1.c, -O3 -fomit-frame-pointer
FAIL: gcc.c-torture/compile/930523-1.c, -O3 -fomit-frame-pointer -funroll-loops
FAIL: gcc.c-torture/compile/930523-1.c, -O3 -fomit-frame-pointer -funroll-all-loops -finline-functions
FAIL: gcc.c-torture/compile/930523-1.c, -O3 -g
FAIL: gcc.c-torture/compile/930523-1.c, -Os
FAIL: gcc.c-torture/compile/980329-1.c, -O1
XPASS: gcc.c-torture/execute/20010114-2.c execution, -O0
XPASS: gcc.c-torture/execute/20010114-2.c execution, -O1
XPASS: gcc.c-torture/execute/20010114-2.c execution, -O2
XPASS: gcc.c-torture/execute/20010114-2.c execution, -O3 -fomit-frame-pointer
XPASS: gcc.c-torture/execute/20010114-2.c execution, -O3 -g
XPASS: gcc.c-torture/execute/20010114-2.c execution, -Os
FAIL: gcc.c-torture/execute/built-in-setjmp.c compilation, -O1
FAIL: gcc.c-torture/execute/built-in-setjmp.c compilation, -O2
FAIL: gcc.c-torture/execute/built-in-setjmp.c compilation, -O3 -fomit-frame-pointer
FAIL: gcc.c-torture/execute/built-in-setjmp.c compilation, -O3 -fomit-frame-pointer -funroll-loops
FAIL: gcc.c-torture/execute/built-in-setjmp.c compilation, -O3 -fomit-frame-pointer -funroll-all-loops -finline-functions
FAIL: gcc.c-torture/execute/built-in-setjmp.c compilation, -O3 -g
FAIL: gcc.c-torture/execute/built-in-setjmp.c compilation, -Os
XPASS: gcc.c-torture/execute/loop-2b.c execution, -O0
XPASS: gcc.c-torture/execute/loop-2b.c execution, -O1
XPASS: gcc.c-torture/execute/loop-2b.c execution, -O2
XPASS: gcc.c-torture/execute/loop-2b.c execution, -O3 -fomit-frame-pointer
XPASS: gcc.c-torture/execute/loop-2b.c execution, -O3 -fomit-frame-pointer -funroll-loops
XPASS: gcc.c-torture/execute/loop-2b.c execution, -O3 -fomit-frame-pointer -funroll-all-loops -finline-functions
XPASS: gcc.c-torture/execute/loop-2b.c execution, -O3 -g
XPASS: gcc.c-torture/execute/loop-2b.c execution, -Os
FAIL: gcc.dg/sequence-pt-1.c sequence point warning (test for warnings, line 59)
=== gcc Summary for unix/-fpic ===
# of expected passes 15045
# of unexpected failures 28
# of unexpected successes 14
# of expected failures 80
# of unresolved testcases 7
# of unsupported tests 46
Running target unix/-fPIC
FAIL: gcc.c-torture/compile/20001221-1.c, -O2
FAIL: gcc.c-torture/compile/20001221-1.c, -O3 -fomit-frame-pointer
FAIL: gcc.c-torture/compile/20001221-1.c, -O3 -g
FAIL: gcc.c-torture/compile/20001221-1.c, -Os
FAIL: gcc.c-torture/execute/20010106-1.c compilation, -O3 -fomit-frame-pointer
FAIL: gcc.c-torture/execute/20010106-1.c compilation, -O3 -g
XPASS: gcc.c-torture/execute/20010114-2.c execution, -O0
XPASS: gcc.c-torture/execute/20010114-2.c execution, -O1
XPASS: gcc.c-torture/execute/20010114-2.c execution, -O2
XPASS: gcc.c-torture/execute/20010114-2.c execution, -O3 -fomit-frame-pointer
XPASS: gcc.c-torture/execute/20010114-2.c execution, -O3 -g
XPASS: gcc.c-torture/execute/20010114-2.c execution, -Os
FAIL: gcc.c-torture/execute/980707-1.c compilation, -O1
FAIL: gcc.c-torture/execute/980707-1.c compilation, -O2
FAIL: gcc.c-torture/execute/980707-1.c compilation, -O3 -fomit-frame-pointer
FAIL: gcc.c-torture/execute/980707-1.c compilation, -O3 -fomit-frame-pointer -funroll-loops
FAIL: gcc.c-torture/execute/980707-1.c compilation, -O3 -fomit-frame-pointer -funroll-all-loops -finline-functions
FAIL: gcc.c-torture/execute/980707-1.c compilation, -O3 -g
XPASS: gcc.c-torture/execute/loop-2b.c execution, -O0
XPASS: gcc.c-torture/execute/loop-2b.c execution, -O1
XPASS: gcc.c-torture/execute/loop-2b.c execution, -O2
XPASS: gcc.c-torture/execute/loop-2b.c execution, -O3 -fomit-frame-pointer
XPASS: gcc.c-torture/execute/loop-2b.c execution, -O3 -fomit-frame-pointer -funroll-loops
XPASS: gcc.c-torture/execute/loop-2b.c execution, -O3 -fomit-frame-pointer -funroll-all-loops -finline-functions
XPASS: gcc.c-torture/execute/loop-2b.c execution, -O3 -g
XPASS: gcc.c-torture/execute/loop-2b.c execution, -Os
FAIL: gcc.dg/sequence-pt-1.c sequence point warning (test for warnings, line 59)
FAIL: gcc.dg/switch-1.c (test for excess errors)
=== gcc Summary for unix/-fPIC ===
# of expected passes 15058
# of unexpected failures 14
# of unexpected successes 14
# of expected failures 80
# of unresolved testcases 8
# of unsupported tests 46
Running target unix
XPASS: gcc.c-torture/execute/20010114-2.c execution, -O0
XPASS: gcc.c-torture/execute/20010114-2.c execution, -O1
XPASS: gcc.c-torture/execute/20010114-2.c execution, -O2
XPASS: gcc.c-torture/execute/20010114-2.c execution, -O3 -fomit-frame-pointer
XPASS: gcc.c-torture/execute/20010114-2.c execution, -O3 -g
XPASS: gcc.c-torture/execute/20010114-2.c execution, -Os
XPASS: gcc.c-torture/execute/loop-2b.c execution, -O0
XPASS: gcc.c-torture/execute/loop-2b.c execution, -O1
XPASS: gcc.c-torture/execute/loop-2b.c execution, -O2
XPASS: gcc.c-torture/execute/loop-2b.c execution, -O3 -fomit-frame-pointer
XPASS: gcc.c-torture/execute/loop-2b.c execution, -O3 -fomit-frame-pointer -funroll-loops
XPASS: gcc.c-torture/execute/loop-2b.c execution, -O3 -fomit-frame-pointer -funroll-all-loops -finline-functions
XPASS: gcc.c-torture/execute/loop-2b.c execution, -O3 -g
XPASS: gcc.c-torture/execute/loop-2b.c execution, -Os
FAIL: gcc.dg/sequence-pt-1.c sequence point warning (test for warnings, line 59)
FAIL: gcc.dg/noncompile/920923-1.c (test for errors, line 111)
FAIL: gcc.dg/noncompile/920923-1.c (test for excess errors)
=== gcc Summary for unix ===
# of expected passes 15077
# of unexpected failures 3
# of unexpected successes 14
# of expected failures 80
# of unsupported tests 46
=== gcc Summary ===
# of expected passes 60259
# of unexpected failures 46
# of unexpected successes 56
# of expected failures 320
# of unresolved testcases 15
# of unsupported tests 184
/home/fsirl/obj/gcc3/gcc/xgcc version 3.0 20010503 (prerelease)
=== g++ tests ===
Running target unix/-O2
FAIL: g++.abi/vtable2.C Execution test
FAIL: g++.ext/instantiate1.C not instantiated (test for errors, line 20)
=== g++ Summary for unix/-O2 ===
# of expected passes 6410
# of unexpected failures 2
# of expected failures 103
# of untested testcases 20
Running target unix/-fpic
FAIL: g++.ext/instantiate1.C not instantiated (test for errors, line 20)
=== g++ Summary for unix/-fpic ===
# of expected passes 6411
# of unexpected failures 1
# of expected failures 103
# of untested testcases 20
Running target unix/-fPIC
FAIL: g++.ext/instantiate1.C not instantiated (test for errors, line 20)
FAIL: g++.ext/instantiate2.C not instantiated (test for errors, line 19)
FAIL: g++.ext/instantiate2.C (test for bogus messages, line 17)
FAIL: g++.ext/instantiate3.C not instantiated (test for errors, line 13)
=== g++ Summary for unix/-fPIC ===
# of expected passes 6408
# of unexpected failures 4
# of expected failures 103
# of untested testcases 20
Running target unix
FAIL: g++.ext/instantiate1.C not instantiated (test for errors, line 20)
=== g++ Summary for unix ===
# of expected passes 6411
# of unexpected failures 1
# of expected failures 103
# of untested testcases 20
=== g++ Summary ===
# of expected passes 25640
# of unexpected failures 8
# of expected failures 412
# of untested testcases 80
/home/fsirl/obj/gcc3/gcc/testsuite/../g++ version 3.0 20010503 (prerelease)
=== g77 tests ===
Running target unix/-O2
=== g77 Summary for unix/-O2 ===
# of expected passes 925
# of unsupported tests 8
Running target unix/-fpic
=== g77 Summary for unix/-fpic ===
# of expected passes 925
# of unsupported tests 8
Running target unix/-fPIC
=== g77 Summary for unix/-fPIC ===
# of expected passes 925
# of unsupported tests 8
Running target unix
=== g77 Summary for unix ===
# of expected passes 925
# of unsupported tests 8
=== g77 Summary ===
# of expected passes 3700
# of unsupported tests 32
=== objc tests ===
Running target unix/-O2
FAIL: objc/execute/formal_protocol-6.m execution, -O
=== objc Summary for unix/-O2 ===
# of expected passes 145
# of unexpected failures 1
Running target unix/-fpic
FAIL: objc/execute/formal_protocol-6.m execution, -O
=== objc Summary for unix/-fpic ===
# of expected passes 145
# of unexpected failures 1
Running target unix/-fPIC
FAIL: objc/execute/formal_protocol-6.m execution, -O
=== objc Summary for unix/-fPIC ===
# of expected passes 145
# of unexpected failures 1
Running target unix
FAIL: objc/execute/formal_protocol-6.m execution, -O
=== objc Summary for unix ===
# of expected passes 145
# of unexpected failures 1
=== objc Summary ===
# of expected passes 580
# of unexpected failures 4
/home/fsirl/obj/gcc3/gcc/xgcc version 3.0 20010503 (prerelease)
Compiler version: 3.0 20010503 (prerelease)
Platform: powerpc-unknown-linux-gnu
configure flags: --host=ppc-linux --prefix=/home/fsirl/gnubin --enable-shared --enable-threads --enable-languages=c,c++,objc,f77 --enable-checking=gc,misc,tree
More information about the Gcc-testresults
mailing list