Results for 3.0 20010501 (prerelease) testsuite on hppa1.1-hp-hpux11.00
Michael Ritzert
michael.ritzert@realtech.de
Thu May 3 09:20:00 GMT 2001
host: HP-UX B.11.00 A 9000/715
compiler: Reading specs from /var/compile/alina-auto/hppa1.1-hp-hpux11.00/libstdc++-v3/../../gcc/specs
Configured with: /home/ritzert/compile/gcc/gcc-3_0-branch/gcc/configure --enable-languages=c++ --prefix=/opt/gcc-3.0 --with-gnu-as --with-as=/opt/binutils/bin/as
Thread model: single
gcc version 3.0 20010501 (prerelease)
g++: No input files
compiler flags: -ggdb3 -DDEBUG_ASSERT -ffunction-sections -fdata-sections
date: 20010503
pass/fail results: 74/35 shared + 80/29 static = 154/64 total
p == pass/fail execution test
+: pass, -b: build failure, -r: run failure, x: disabled
ctime == time to compile and link
etime == time for executable to run
text == size of the executable text section
data == size of the executable data section
total == size of the executable
p ctime etime text data total name
+ 26 2.906 176000 17_intro/header_ciso646.cc -static
+ 39 3.012 188020 17_intro/header_ciso646.cc
+ 26 3.053 134108 17_intro/header_cstdio.cc -static
+ 39 3.114 146162 17_intro/header_cstdio.cc
+ 29 2.909 187797 17_intro/header_cstdlib.cc -static
+ 40 3.024 199859 17_intro/header_cstdlib.cc
+ 26 2.923 124541 17_intro/header_cstring.cc -static
+ 38 3.156 136603 17_intro/header_cstring.cc
+ 26 2.881 140835 17_intro/header_ctime.cc -static
+ 38 3.011 152889 17_intro/header_ctime.cc
+ 29 2.909 188652 17_intro/header_cwchar.cc -static
+ 41 3.030 200706 17_intro/header_cwchar.cc
+ 25 2.942 122845 17_intro/header_cwctype.cc -static
+ 38 3.109 134907 17_intro/header_cwctype.cc
+ 58 2.848 377357 17_intro/header_fstream.cc -static
+ 69 3.020 389419 17_intro/header_fstream.cc
+ 53 2.948 338189 17_intro/header_iomanip.cc -static
+ 65 3.111 350251 17_intro/header_iomanip.cc
+ 46 2.899 278305 17_intro/header_ios.cc -static
+ 59 2.990 290359 17_intro/header_ios.cc
+ 29 2.839 191044 17_intro/header_iosfwd.cc -static
+ 41 3.014 203098 17_intro/header_iosfwd.cc
+ 83 3.483 8044685 17_intro/header_iostream.cc -static
+ 63 3.007 346638 17_intro/header_iostream.cc
+ 50 2.951 332301 17_intro/header_istream.cc -static
+ 62 2.984 344363 17_intro/header_istream.cc
+ 48 2.847 278325 17_intro/header_ostream.cc -static
+ 59 2.993 290387 17_intro/header_ostream.cc
+ 50 2.961 332301 17_intro/header_sstream.cc -static
+ 62 3.090 344363 17_intro/header_sstream.cc
+ 42 2.883 270551 17_intro/header_streambuf.cc -static
+ 54 3.005 282613 17_intro/header_streambuf.cc
+ 123 3.721 8148069 17_intro/headers.cc -static
+ 104 3.045 450022 17_intro/headers.cc
+ 31 2.892 190394 17_intro/headers_c++.cc -static
+ 42 3.053 202448 17_intro/headers_c++.cc
+ 30 2.851 190352 17_intro/headers_c.cc -static
+ 43 3.098 202414 17_intro/headers_c.cc
+ 31 3.006 524075 18_support/numeric_limits.cc -static
+ 44 3.153 488612 18_support/numeric_limits.cc
+ 86 3.369 8095663 19_diagnostics/stdexceptions.cc -static
+ 68 3.324 646616 19_diagnostics/stdexceptions.cc
+ 48 3.037 656863 20_util/auto_ptr.cc -static
+ 61 3.205 621770 20_util/auto_ptr.cc
+ 90 3.527 8136902 21_strings/append.cc -static
-r 73 4.478 685704 21_strings/append.cc
-b 81 4.478 0 0 0 21_strings/capacity.cc -static
-b 71 4.478 0 0 0 21_strings/capacity.cc
+ 79 3.439 8066134 21_strings/char_traits_requirements.cc -static
+ 63 3.168 615698 21_strings/char_traits_requirements.cc
+ 39 2.947 226867 21_strings/char_traits_typedefs.cc -static
+ 51 3.186 238921 21_strings/char_traits_typedefs.cc
-b 36 3.186 0 0 0 21_strings/compare.cc -static
-b 36 3.186 0 0 0 21_strings/compare.cc
-r 85 4.769 8101460 21_strings/ctor_copy_dtor.cc -static
-r 69 4.587 650785 21_strings/ctor_copy_dtor.cc
+ 81 3.606 8077948 21_strings/element_access.cc -static
-r 65 4.577 627550 21_strings/element_access.cc
+ 86 3.520 8092646 21_strings/find.cc -static
+ 68 3.186 641774 21_strings/find.cc
+ 88 3.483 8128902 21_strings/insert.cc -static
-r 73 4.569 677961 21_strings/insert.cc
-b 66 4.569 0 0 0 21_strings/inserters_extractors.cc -static
-b 65 4.569 0 0 0 21_strings/inserters_extractors.cc
+ 89 3.471 8127364 21_strings/invariants.cc -static
+ 72 3.379 676301 21_strings/invariants.cc
+ 96 3.573 8150743 21_strings/nonmember.cc -static
+ 79 3.280 699328 21_strings/nonmember.cc
+ 82 3.420 8039530 21_strings/operations.cc -static
+ 65 3.254 588445 21_strings/operations.cc
+ 90 3.452 8134549 21_strings/replace.cc -static
+ 72 3.270 683520 21_strings/replace.cc
+ 81 3.350 8073739 21_strings/rfind.cc -static
+ 65 3.308 623244 21_strings/rfind.cc
+ 82 3.536 8094676 21_strings/substr.cc -static
-r 67 4.681 644073 21_strings/substr.cc
+ 89 3.634 8187106 22_locale/codecvt_char_char.cc -static
+ 72 3.163 756895 22_locale/codecvt_char_char.cc
+ 56 2.963 376715 22_locale/codecvt_unicode_char.cc -static
+ 68 3.005 388769 22_locale/codecvt_unicode_char.cc
+ 56 2.884 376726 22_locale/codecvt_unicode_wchar_t.cc -static
+ 69 3.015 388788 22_locale/codecvt_unicode_wchar_t.cc
+ 56 2.893 376715 22_locale/codecvt_wchar_t_char.cc -static
+ 69 3.030 388769 22_locale/codecvt_wchar_t_char.cc
+ 56 2.878 376677 22_locale/ctor_copy_dtor.cc -static
+ 68 3.045 388739 22_locale/ctor_copy_dtor.cc
+ 89 3.491 8130557 22_locale/ctype.cc -static
+ 74 3.234 677565 22_locale/ctype.cc
-r 90 0.000 8173173 22_locale/ctype_char_members.cc -static
-r 74 0.000 709368 22_locale/ctype_char_members.cc
+ 56 2.870 376716 22_locale/ctype_wchar_t_members.cc -static
+ 68 3.023 388770 22_locale/ctype_wchar_t_members.cc
+ 155 3.735 8676480 22_locale/facet.cc -static
+ 137 3.451 1259659 22_locale/facet.cc
+ 97 3.563 8247516 22_locale/global_templates.cc -static
+ 82 3.267 811596 22_locale/global_templates.cc
-b 50 3.267 0 0 0 22_locale/members.cc -static
-b 52 3.267 0 0 0 22_locale/members.cc
-b 80 3.267 0 0 0 22_locale/numpunct.cc -static
-b 70 3.267 0 0 0 22_locale/numpunct.cc
-b 51 3.267 0 0 0 22_locale/numpunct_byname.cc -static
-b 50 3.267 0 0 0 22_locale/numpunct_byname.cc
-b 51 3.267 0 0 0 22_locale/numpunct_char_members.cc -static
-b 51 3.267 0 0 0 22_locale/numpunct_char_members.cc
-b 50 3.267 0 0 0 22_locale/operators.cc -static
-b 51 3.267 0 0 0 22_locale/operators.cc
-b 51 3.267 0 0 0 22_locale/static_members.cc -static
-b 51 3.267 0 0 0 22_locale/static_members.cc
+ 104 3.669 8258855 23_containers/bitset_ctor.cc -static
+ 89 3.358 808855 23_containers/bitset_ctor.cc
+ 129 15.224 8372720 23_containers/bitset_shift.cc -static
+ 113 14.771 923249 23_containers/bitset_shift.cc
-b 70 14.771 0 0 0 23_containers/map_operators.cc -static
-b 71 14.771 0 0 0 23_containers/map_operators.cc
-b 99 14.771 0 0 0 23_containers/multiset.cc -static
-b 83 14.771 0 0 0 23_containers/multiset.cc
-b 49 14.771 0 0 0 23_containers/set_operators.cc -static
-b 48 14.771 0 0 0 23_containers/set_operators.cc
+ 48 3.103 861466 23_containers/vector_capacity.cc -static
+ 61 3.266 654969 23_containers/vector_capacity.cc
+ 113 3.482 8392101 23_containers/vector_ctor.cc -static
+ 95 3.277 936899 23_containers/vector_ctor.cc
+ 79 3.497 8089003 23_containers/vector_element_access.cc -static
-r 63 4.561 635933 23_containers/vector_element_access.cc
+ 56 2.857 948481 23_containers/vector_modifiers.cc -static
+ 69 3.301 742032 23_containers/vector_modifiers.cc
+ 107 3.703 8282715 24_iterators/istreambuf_iterator.cc -static
+ 90 3.330 846335 24_iterators/istreambuf_iterator.cc
+ 119 3.504 8352076 24_iterators/iterator.cc -static
+ 102 3.373 900172 24_iterators/iterator.cc
+ 42 2.937 332431 25_algorithms/equal.cc -static
+ 54 3.053 284562 25_algorithms/equal.cc
+ 36 3.009 276851 25_algorithms/lower_bound.cc -static
+ 48 3.041 288871 25_algorithms/lower_bound.cc
+ 36 2.844 270747 25_algorithms/min_max.cc -static
+ 47 3.050 282759 25_algorithms/min_max.cc
+ 111 0.000 8280253 26_numerics/binary_closure.cc -static
+ 92 0.000 841513 26_numerics/binary_closure.cc
+ 32 2.864 200466 26_numerics/buggy_complex.cc -static
+ 44 3.077 212520 26_numerics/buggy_complex.cc
-b 22 3.077 0 0 0 26_numerics/c99_macros.cc -static
-b 22 3.077 0 0 0 26_numerics/c99_macros.cc
+ 31 2.862 244574 26_numerics/c_math.cc -static
+ 42 3.122 256586 26_numerics/c_math.cc
+ 116 3.792 8667957 26_numerics/complex_inserters_extractors.cc -static
+ 100 3.477 876125 26_numerics/complex_inserters_extractors.cc
-b 28 3.477 0 0 0 26_numerics/complex_value.cc -static
-b 27 3.477 0 0 0 26_numerics/complex_value.cc
+ 57 2.981 653394 26_numerics/valarray.cc -static
+ 69 3.224 618309 26_numerics/valarray.cc
-b 92 3.224 0 0 0 27_io/filebuf.cc -static
-b 83 3.224 0 0 0 27_io/filebuf.cc
+ 97 3.520 8227943 27_io/filebuf_members.cc -static
+ 81 3.264 788893 27_io/filebuf_members.cc
+ 50 3.015 344305 27_io/fpos.cc -static
+ 61 3.173 356333 27_io/fpos.cc
+ 98 8.889 8232426 27_io/ifstream_members.cc -static
+ 83 8.636 792290 27_io/ifstream_members.cc
+ 100 3.625 8253258 27_io/ios_base_callbacks.cc -static
+ 86 3.338 804195 27_io/ios_base_callbacks.cc
-r 99 24689.000 8230784 27_io/ios_base_members_static.cc -static
-r 82 24689.000 782033 27_io/ios_base_members_static.cc
-b 47 24689.000 0 0 0 27_io/ios_base_storage.cc -static
-b 46 24689.000 0 0 0 27_io/ios_base_storage.cc
+ 102 3.677 8238938 27_io/ios_ctor.cc -static
+ 85 3.327 789588 27_io/ios_ctor.cc
-b 123 3.327 0 0 0 27_io/ios_manip_basefield.cc -static
-b 106 3.327 0 0 0 27_io/ios_manip_basefield.cc
-b 127 3.327 0 0 0 27_io/ios_manip_fmtflags.cc -static
-b 111 3.327 0 0 0 27_io/ios_manip_fmtflags.cc
+ 85 3.603 8085499 27_io/ios_members.cc -static
-r 68 4.576 656117 27_io/ios_members.cc
+ 50 2.912 332254 27_io/istream.cc -static
+ 62 3.081 344316 27_io/istream.cc
+ 146 1.000 8510844 27_io/istream_extractor_arith.cc -static
+ 128 1.000 1077197 27_io/istream_extractor_arith.cc
-r 108 0.000 8270590 27_io/istream_extractor_char.cc -static
-r 92 0.000 821719 27_io/istream_extractor_char.cc
+ 117 3.712 8367019 27_io/istream_extractor_other.cc -static
+ 104 3.513 919306 27_io/istream_extractor_other.cc
+ 103 3.712 8258438 27_io/istream_manip.cc -static
+ 88 3.272 822316 27_io/istream_manip.cc
-b 55 3.272 0 0 0 27_io/istream_seeks.cc -static
-b 54 3.272 0 0 0 27_io/istream_seeks.cc
-b 47 3.272 0 0 0 27_io/istream_sentry.cc -static
-b 47 3.272 0 0 0 27_io/istream_sentry.cc
-b 66 3.272 0 0 0 27_io/istream_unformatted.cc -static
-b 65 3.272 0 0 0 27_io/istream_unformatted.cc
+ 105 3.721 8267183 27_io/istringstream_members.cc -static
+ 87 3.331 831092 27_io/istringstream_members.cc
+ 124 0.000 8231246 27_io/narrow_stream_objects.cc -static
+ 105 0.000 536257 27_io/narrow_stream_objects.cc
+ 99 10.454 8230922 27_io/ofstream_members.cc -static
+ 81 10.052 790722 27_io/ofstream_members.cc
+ 48 2.925 278278 27_io/ostream.cc -static
+ 60 3.002 290340 27_io/ostream.cc
+ 131 3.967 8437388 27_io/ostream_inserter_arith.cc -static
+ 113 3.724 1002307 27_io/ostream_inserter_arith.cc
+ 131 5.868 8430442 27_io/ostream_inserter_char.cc -static
+ 116 5.526 995805 27_io/ostream_inserter_char.cc
-b 57 5.526 0 0 0 27_io/ostream_inserter_other.cc -static
-b 56 5.526 0 0 0 27_io/ostream_inserter_other.cc
-b 51 5.526 0 0 0 27_io/ostream_manip.cc -static
-b 50 5.526 0 0 0 27_io/ostream_manip.cc
-b 56 5.526 0 0 0 27_io/ostream_seeks.cc -static
-b 56 5.526 0 0 0 27_io/ostream_seeks.cc
-b 46 5.526 0 0 0 27_io/ostream_unformatted.cc -static
-b 46 5.526 0 0 0 27_io/ostream_unformatted.cc
+ 111 3.819 8251796 27_io/streambuf.cc -static
+ 93 3.334 801318 27_io/streambuf.cc
+ 118 3.628 8312125 27_io/stringbuf.cc -static
+ 100 3.272 862107 27_io/stringbuf.cc
+ 121 3.651 8343397 27_io/stringstream.cc -static
+ 104 3.255 907639 27_io/stringstream.cc
+ 124 3.702 8148615 27_io/wide_stream_objects.cc -static
+ 105 3.021 450568 27_io/wide_stream_objects.cc
+ 107 3.589 8180925 ext/headers.cc -static
+ 88 3.034 482878 ext/headers.cc
testrun == 16660 seconds
Native configuration is hppa1.1-hp-hpux11.00
=== gcc tests ===
Running target unix
FAIL: gcc.c-torture/compile/20000804-1.c, -O0
FAIL: gcc.c-torture/compile/20001226-1.c, -O1
FAIL: gcc.c-torture/compile/20001226-1.c, -O2
FAIL: gcc.c-torture/compile/20001226-1.c, -O3 -fomit-frame-pointer
FAIL: gcc.c-torture/compile/20001226-1.c, -O3 -g
FAIL: gcc.c-torture/compile/20001226-1.c, -Os
XPASS: gcc.c-torture/execute/20010114-2.c execution, -O0
XPASS: gcc.c-torture/execute/20010114-2.c execution, -O1
XPASS: gcc.c-torture/execute/20010114-2.c execution, -O2
XPASS: gcc.c-torture/execute/20010114-2.c execution, -O3 -fomit-frame-pointer
XPASS: gcc.c-torture/execute/20010114-2.c execution, -O3 -g
XPASS: gcc.c-torture/execute/20010114-2.c execution, -Os
FAIL: gcc.c-torture/execute/20010119-1.c compilation, -O1
FAIL: gcc.c-torture/execute/20010119-1.c compilation, -O2
FAIL: gcc.c-torture/execute/20010119-1.c compilation, -O3 -fomit-frame-pointer
FAIL: gcc.c-torture/execute/20010119-1.c compilation, -O3 -fomit-frame-pointer -funroll-loops
FAIL: gcc.c-torture/execute/20010119-1.c compilation, -O3 -fomit-frame-pointer -funroll-all-loops -finline-functions
FAIL: gcc.c-torture/execute/20010119-1.c compilation, -O3 -g
FAIL: gcc.c-torture/execute/20010119-1.c compilation, -Os
FAIL: gcc.c-torture/execute/20010122-1.c execution, -O0
FAIL: gcc.c-torture/execute/20010122-1.c execution, -O1
FAIL: gcc.c-torture/execute/20010122-1.c execution, -O2
FAIL: gcc.c-torture/execute/20010122-1.c execution, -O3 -fomit-frame-pointer
FAIL: gcc.c-torture/execute/20010122-1.c execution, -O3 -fomit-frame-pointer -funroll-loops
FAIL: gcc.c-torture/execute/20010122-1.c execution, -O3 -fomit-frame-pointer -funroll-all-loops -finline-functions
FAIL: gcc.c-torture/execute/20010122-1.c execution, -O3 -g
FAIL: gcc.c-torture/execute/20010122-1.c execution, -Os
XPASS: gcc.c-torture/execute/loop-2b.c execution, -O0
XPASS: gcc.c-torture/execute/loop-2b.c execution, -O1
XPASS: gcc.c-torture/execute/loop-2b.c execution, -O2
XPASS: gcc.c-torture/execute/loop-2b.c execution, -O3 -fomit-frame-pointer
XPASS: gcc.c-torture/execute/loop-2b.c execution, -O3 -fomit-frame-pointer -funroll-loops
XPASS: gcc.c-torture/execute/loop-2b.c execution, -O3 -fomit-frame-pointer -funroll-all-loops -finline-functions
XPASS: gcc.c-torture/execute/loop-2b.c execution, -O3 -g
XPASS: gcc.c-torture/execute/loop-2b.c execution, -Os
FAIL: gcc.c-torture/execute/strct-stdarg-1.c execution, -O0
FAIL: gcc.c-torture/execute/strct-stdarg-1.c execution, -O1
FAIL: gcc.c-torture/execute/strct-stdarg-1.c execution, -O2
FAIL: gcc.c-torture/execute/strct-stdarg-1.c execution, -O3 -fomit-frame-pointer
FAIL: gcc.c-torture/execute/strct-stdarg-1.c execution, -O3 -fomit-frame-pointer -funroll-loops
FAIL: gcc.c-torture/execute/strct-stdarg-1.c execution, -O3 -fomit-frame-pointer -funroll-all-loops -finline-functions
FAIL: gcc.c-torture/execute/strct-stdarg-1.c execution, -O3 -g
FAIL: gcc.c-torture/execute/strct-stdarg-1.c execution, -Os
FAIL: gcc.c-torture/execute/ieee/mzero2.c execution, -O1
FAIL: gcc.c-torture/execute/ieee/mzero2.c execution, -O2
FAIL: gcc.c-torture/execute/ieee/mzero2.c execution, -O3 -fomit-frame-pointer
FAIL: gcc.c-torture/execute/ieee/mzero2.c execution, -O3 -g
FAIL: gcc.c-torture/execute/ieee/mzero2.c execution, -Os
FAIL: gcc.dg/asm-names.c (test for excess errors)
FAIL: gcc.dg/sequence-pt-1.c sequence point warning (test for warnings, line 59)
FAIL: gcc.misc-tests/mg.c
=== gcc Summary ===
# of expected passes 15009
# of unexpected failures 37
# of unexpected successes 14
# of expected failures 80
# of unresolved testcases 10
# of unsupported tests 56
/var/compile/alina-auto/gcc/xgcc version 3.0 20010501 (prerelease)
=== g++ tests ===
Running target unix
FAIL: g++.abi/cxa_vec.C Execution test
FAIL: g++.eh/rethrow1.C Execution test
FAIL: g++.eh/rethrow2.C Execution test
FAIL: g++.eh/rethrow4.C Execution test
FAIL: g++.eh/rethrow6.C Execution test
FAIL: g++.eh/spec2.C Execution test
FAIL: g++.eh/spec3.C Execution test
FAIL: g++.ext/attrib5.C (test for excess errors)
FAIL: g++.ext/instantiate1.C not instantiated (test for errors, line 20)
FAIL: g++.ext/instantiate1.C not instantiated (test for errors, line 22)
FAIL: g++.law/profile1.C (test for excess errors)
FAIL: g++.mike/dyncast1.C Execution test
FAIL: g++.mike/dyncast2.C Execution test
XPASS: g++.mike/eh33.C (test for excess errors)
XPASS: g++.mike/eh50.C (test for excess errors)
FAIL: g++.mike/eh51.C Execution test
FAIL: g++.other/builtins1.C caused compiler crash
FAIL: g++.other/builtins4.C caused compiler crash
FAIL: g++.other/mangle3.C (test for excess errors)
=== g++ Summary ===
# of expected passes 6371
# of unexpected failures 17
# of unexpected successes 2
# of expected failures 116
# of untested testcases 20
/var/compile/alina-auto/gcc/testsuite/../g++ version 3.0 20010501 (prerelease)
Compiler version: 3.0 20010501 (prerelease)
Platform: hppa1.1-hp-hpux11.00
configure flags: --host=hppa1.1-hp-hpux11.00 --enable-languages=c++ --prefix=/opt/gcc-3.0 --with-gnu-as --with-as=/opt/binutils/bin/as
More information about the Gcc-testresults
mailing list