Results for 3.1 20010502 (experimental) testsuite on i686-pc-linux-gnu
Andreas Jaeger
aj@suse.de
Wed May 2 21:45:00 GMT 2001
Native configuration is i686-pc-linux-gnu
=== libstdc++ tests ===
Running target unix
FAIL: 21_strings/ctor_copy_dtor.cc (execution test), static
FAIL: 21_strings/insert.cc (execution test), static
XPASS: 23_containers/map_operators.cc (test for errors, line 43), static
XPASS: 23_containers/map_operators.cc (test for errors, line 44), static
XPASS: 23_containers/map_operators.cc (test for errors, line 43), shared
XPASS: 23_containers/map_operators.cc (test for errors, line 44), shared
FAIL: 27_io/ios_members.cc (execution test), static
=== libstdc++ Summary ===
# of expected passes 411
# of unexpected failures 3
# of unexpected successes 4
# of expected failures 12
/cvs/gcc/libstdc++-v3 version 20010417
=== libjava tests ===
Running target unix
FAIL: ArrayClass compilation from bytecode
FAIL: ArrayClass -O compilation from bytecode
FAIL: BlankFinal compilation from bytecode
FAIL: BlankFinal -O compilation from bytecode
FAIL: assignment compilation from bytecode
FAIL: assignment -O compilation from bytecode
FAIL: Array_1 compilation from bytecode
FAIL: Array_1 -O compilation from bytecode
FAIL: Class_1 compilation from bytecode
FAIL: Class_1 -O compilation from bytecode
FAIL: Divide_1 compilation from bytecode
FAIL: Divide_1 -O compilation from bytecode
FAIL: Final compilation from bytecode
FAIL: Final -O compilation from bytecode
FAIL: G19990302_02 compilation from bytecode
FAIL: G19990302_02 -O compilation from bytecode
FAIL: G19990303_01 compilation from bytecode
FAIL: G19990303_01 -O compilation from bytecode
FAIL: G19990303_02 compilation from bytecode
FAIL: G19990303_02 -O compilation from bytecode
FAIL: G19990304_01 compilation from bytecode
FAIL: G19990304_01 -O compilation from bytecode
FAIL: InterfaceDispatch compilation from bytecode
FAIL: InterfaceDispatch -O compilation from bytecode
FAIL: Invoke_1 execution from source compiled test
FAIL: Invoke_1 compilation from bytecode
FAIL: Invoke_1 -O compilation from bytecode
XPASS: N19990310_4 output from source compiled test
XPASS: N19990310_4 -O output from source compiled test
FAIL: PR141 compilation from bytecode
FAIL: PR141 -O compilation from bytecode
FAIL: PR218 compilation from bytecode
FAIL: PR218 -O compilation from bytecode
FAIL: PR260 compilation from bytecode
FAIL: PR260 -O compilation from bytecode
FAIL: StringBuffer_1 compilation from bytecode
FAIL: StringBuffer_1 -O compilation from bytecode
FAIL: Thread_Alive compilation from bytecode
FAIL: Thread_Alive -O compilation from bytecode
FAIL: Thread_Interrupt compilation from bytecode
FAIL: Thread_Interrupt -O compilation from bytecode
FAIL: Thread_Join compilation from bytecode
FAIL: Thread_Join -O compilation from bytecode
FAIL: Thread_Monitor compilation from bytecode
FAIL: Thread_Monitor -O compilation from bytecode
FAIL: Thread_Sleep compilation from bytecode
FAIL: Thread_Sleep -O compilation from bytecode
FAIL: Thread_Wait compilation from bytecode
FAIL: Thread_Wait -O compilation from bytecode
FAIL: Thread_Wait_2 compilation from bytecode
FAIL: Thread_Wait_2 -O compilation from bytecode
FAIL: Thread_Wait_Interrupt compilation from bytecode
FAIL: Thread_Wait_Interrupt -O compilation from bytecode
FAIL: Throw_1 compilation from bytecode
FAIL: Throw_1 -O compilation from bytecode
XPASS: err11 compilation from bytecode
XPASS: err11 -O compilation from bytecode
FAIL: instinit2 compilation from bytecode
FAIL: instinit2 -O compilation from bytecode
FAIL: pr179 compilation from bytecode
FAIL: pr179 -O compilation from bytecode
FAIL: pr184 compilation from bytecode
FAIL: pr184 -O compilation from bytecode
FAIL: pr83 compilation from bytecode
FAIL: pr83 -O compilation from bytecode
XPASS: stringconst output from bytecode->native test
XPASS: stringconst -O output from bytecode->native test
FAIL: stringconst2 compilation from bytecode
FAIL: stringconst2 -O compilation from bytecode
=== libjava Summary ===
# of expected passes 1490
# of unexpected failures 63
# of unexpected successes 6
# of expected failures 18
# of untested testcases 139
=== gcc tests ===
Running target unix
FAIL: gcc.c-torture/execute/20000822-1.c execution, -O0
FAIL: gcc.c-torture/execute/20000822-1.c execution, -O1
FAIL: gcc.c-torture/execute/20000822-1.c execution, -O2
FAIL: gcc.c-torture/execute/20000822-1.c execution, -O3 -fomit-frame-pointer
FAIL: gcc.c-torture/execute/20000822-1.c execution, -O3 -g
FAIL: gcc.c-torture/execute/20000822-1.c execution, -Os
FAIL: gcc.c-torture/execute/20010114-2.c execution, -O1
FAIL: gcc.c-torture/execute/20010114-2.c execution, -O2
FAIL: gcc.c-torture/execute/20010114-2.c execution, -Os
FAIL: gcc.c-torture/execute/921215-1.c execution, -O0
FAIL: gcc.c-torture/execute/921215-1.c execution, -O1
FAIL: gcc.c-torture/execute/921215-1.c execution, -O2
FAIL: gcc.c-torture/execute/921215-1.c execution, -O3 -fomit-frame-pointer
FAIL: gcc.c-torture/execute/921215-1.c execution, -O3 -g
FAIL: gcc.c-torture/execute/921215-1.c execution, -Os
FAIL: gcc.c-torture/execute/931002-1.c execution, -O0
FAIL: gcc.c-torture/execute/931002-1.c execution, -O1
FAIL: gcc.c-torture/execute/931002-1.c execution, -O2
FAIL: gcc.c-torture/execute/931002-1.c execution, -O3 -fomit-frame-pointer
FAIL: gcc.c-torture/execute/931002-1.c execution, -O3 -g
FAIL: gcc.c-torture/execute/931002-1.c execution, -Os
FAIL: gcc.c-torture/execute/loop-2b.c execution, -O2
FAIL: gcc.c-torture/execute/nestfunc-1.c execution, -O0
FAIL: gcc.c-torture/execute/nestfunc-1.c execution, -O1
FAIL: gcc.c-torture/execute/nestfunc-1.c execution, -O2
FAIL: gcc.c-torture/execute/nestfunc-1.c execution, -O3 -fomit-frame-pointer
FAIL: gcc.c-torture/execute/nestfunc-1.c execution, -O3 -g
FAIL: gcc.c-torture/execute/nestfunc-1.c execution, -Os
FAIL: gcc.c-torture/execute/nestfunc-2.c execution, -O0
FAIL: gcc.c-torture/execute/nestfunc-2.c execution, -O1
FAIL: gcc.c-torture/execute/nestfunc-2.c execution, -O2
FAIL: gcc.c-torture/execute/nestfunc-2.c execution, -O3 -fomit-frame-pointer
FAIL: gcc.c-torture/execute/nestfunc-2.c execution, -O3 -fomit-frame-pointer -funroll-loops
FAIL: gcc.c-torture/execute/nestfunc-2.c execution, -O3 -fomit-frame-pointer -funroll-all-loops -finline-functions
FAIL: gcc.c-torture/execute/nestfunc-2.c execution, -O3 -g
FAIL: gcc.c-torture/execute/nestfunc-2.c execution, -Os
FAIL: gcc.c-torture/execute/nestfunc-3.c execution, -O0
FAIL: gcc.c-torture/execute/nestfunc-3.c execution, -O1
FAIL: gcc.c-torture/execute/nestfunc-3.c execution, -O2
FAIL: gcc.c-torture/execute/nestfunc-3.c execution, -O3 -fomit-frame-pointer
FAIL: gcc.c-torture/execute/nestfunc-3.c execution, -O3 -fomit-frame-pointer -funroll-loops
FAIL: gcc.c-torture/execute/nestfunc-3.c execution, -O3 -fomit-frame-pointer -funroll-all-loops -finline-functions
FAIL: gcc.c-torture/execute/nestfunc-3.c execution, -O3 -g
FAIL: gcc.c-torture/execute/nestfunc-3.c execution, -Os
=== gcc Summary ===
# of expected passes 15218
# of unexpected failures 44
# of expected failures 84
# of unsupported tests 21
/builds/gcc/gcc-3.1-devel/gcc/xgcc version 3.1 20010502 (experimental)
=== g++ tests ===
Running target unix
FAIL: g++.ext/instantiate1.C not instantiated (test for errors, line 20)
FAIL: g++.ns/template17.C (test for excess errors)
XPASS: g++.other/crash27.C (test for excess errors)
=== g++ Summary ===
# of expected passes 6460
# of unexpected failures 2
# of unexpected successes 1
# of expected failures 102
# of untested testcases 9
/builds/gcc/gcc-3.1-devel/gcc/testsuite/../g++ version 3.1 20010502 (experimental)
=== g77 tests ===
Running target unix
=== g77 Summary ===
# of expected passes 975
=== objc tests ===
Running target unix
FAIL: objc/execute/formal_protocol-6.m execution, -O
=== objc Summary ===
# of expected passes 145
# of unexpected failures 1
/builds/gcc/gcc-3.1-devel/gcc/xgcc version 3.1 20010502 (experimental)
Compiler version: 3.1 20010502 (experimental)
Platform: i686-pc-linux-gnu
configure flags: --host=i686-pc-linux-gnu --prefix=/opt/gcc-3.1-devel --enable-shared --enable-threads=posix --with-gnu-as --with-gnu-ld --disable-nls --with-system-zlib --enable-languages=c,objc,c++,f77,java
More information about the Gcc-testresults
mailing list