Results for 3.0 20010430 (prerelease) testsuite on i686-pc-linux-gnu
Alexandre Oliva
oliva@lsd.ic.unicamp.br
Wed May 2 14:31:00 GMT 2001
Native configuration is i686-pc-linux-gnu
=== binutils tests ===
Running target unix
FAIL: strip
=== binutils Summary ===
# of expected passes 30
# of unexpected failures 1
# of expected failures 1
=== g++ tests ===
Running target unix
FAIL: g++.ext/instantiate1.C not instantiated (test for errors, line 20)
=== g++ Summary ===
# of expected passes 6425
# of unexpected failures 1
# of expected failures 103
# of untested testcases 9
/tmp/egcs/gcc/testsuite/../g++ version 3.0 20010430 (prerelease)
=== g77 tests ===
Running target unix
XPASS: g77.f-torture/compile/20000629-1.f, -O3 -fomit-frame-pointer -funroll-loops
XPASS: g77.f-torture/compile/20000629-1.f, -O3 -fomit-frame-pointer -funroll-all-loops -finline-functions
=== g77 Summary ===
# of expected passes 939
# of unexpected successes 2
=== gas tests ===
Running target unix
=== gas Summary ===
# of expected passes 87
=== gcc tests ===
Running target unix
XPASS: gcc.c-torture/execute/20010114-2.c execution, -O0
XPASS: gcc.c-torture/execute/20010114-2.c execution, -O3 -fomit-frame-pointer
XPASS: gcc.c-torture/execute/20010114-2.c execution, -O3 -g
XPASS: gcc.c-torture/execute/loop-2b.c execution, -O0
XPASS: gcc.c-torture/execute/loop-2b.c execution, -O1
XPASS: gcc.c-torture/execute/loop-2b.c execution, -O3 -fomit-frame-pointer
XPASS: gcc.c-torture/execute/loop-2b.c execution, -O3 -fomit-frame-pointer -funroll-loops
XPASS: gcc.c-torture/execute/loop-2b.c execution, -O3 -fomit-frame-pointer -funroll-all-loops -finline-functions
XPASS: gcc.c-torture/execute/loop-2b.c execution, -O3 -g
XPASS: gcc.c-torture/execute/loop-2b.c execution, -Os
FAIL: gcc.dg/sequence-pt-1.c sequence point warning (test for warnings, line 59)
FAIL: gcc.dg/format/attr-3.c format_arg ret unsigned char string (test for errors, line 78)
FAIL: gcc.dg/format/attr-3.c (test for excess errors)
FAIL: gcc.misc-tests/mg.c
=== gcc Summary ===
# of expected passes 15116
# of unexpected failures 4
# of unexpected successes 10
# of expected failures 90
# of unsupported tests 20
/tmp/egcs/gcc/xgcc version 3.0 20010430 (prerelease)
=== ld tests ===
Running target unix
FAIL: cdtest
FAIL: cdtest with -Ur
FAIL: selective4
XPASS: selective6
=== ld Summary ===
# of expected passes 103
# of unexpected failures 3
# of unexpected successes 1
=== libjava tests ===
Running target unix
XPASS: N19990310_4 output from source compiled test
XPASS: N19990310_4 -O output from source compiled test
XPASS: err11 compilation from bytecode
XPASS: err11 -O compilation from bytecode
XPASS: stub compilation from source
XPASS: stub byte compilation
XPASS: stub compilation from bytecode
XPASS: stub -O compilation from source
XPASS: stub byte compilation
XPASS: stub -O compilation from bytecode
XPASS: stringconst output from bytecode->native test
XPASS: stringconst -O output from bytecode->native test
FAIL: Link for gnu.testlet.java.io.ObjectInputOutput.InputTest
FAIL: Link for gnu.testlet.java.io.ObjectInputOutput.OutputTest
FAIL: gnu.testlet.java.io.ObjectStreamClass.Test: getSerialVersionUID (number 2)
FAIL: gnu.testlet.java.io.ObjectStreamClass.Test: uncaught exception at "getSerialVersionUID" number 4: java.lang.ClassFormatError: erroneous field initializer
FAIL: gnu.testlet.java.io.PipedStream.close (number 1)
FAIL: gnu.testlet.java.lang.Class.ClassTest: forName (number 3)
FAIL: gnu.testlet.java.lang.Double.DoubleTest: Error: test_toString failed - 8 (number 1)
FAIL: gnu.testlet.java.lang.Double.DoubleTest: Error: test_equals failed CYGNUS: Double.equals - 8 (number 1)
FAIL: gnu.testlet.java.lang.Double.DoubleTest: Error: test_intValue returned wrong results CYGNUS: Float to int conversions - 1 (number 1)
FAIL: gnu.testlet.java.lang.Double.DoubleTest: Error: test_longValue returned wrong results CYGNUS: Float to int conversions - 1 (number 1)
FAIL: gnu.testlet.java.lang.Float.FloatTest: Error: test_Basics failed - 3 (number 1)
FAIL: gnu.testlet.java.lang.Float.FloatTest: Error: test_Basics failed - 4 (number 1)
FAIL: gnu.testlet.java.lang.Float.FloatTest: Error: test_toString failed - 8 (number 1)
FAIL: gnu.testlet.java.lang.Float.FloatTest: Error: test_equals failed - 8 (number 1)
FAIL: gnu.testlet.java.lang.Float.FloatTest: Error: test_intValue returned wrong results - 1 (number 1)
FAIL: gnu.testlet.java.lang.Float.FloatTest: uncaught exception at "Error: test_shortbyteValue failed - 6" number 2: java.lang.NumberFormatException
FAIL: gnu.testlet.java.lang.Math.MathTest: Error : test_atan2 failed - 5 (number 1)
FAIL: gnu.testlet.java.lang.Math.max (number 2)
FAIL: gnu.testlet.java.lang.Math.max (number 18)
FAIL: gnu.testlet.java.lang.Math.min (number 1)
FAIL: gnu.testlet.java.lang.Math.min (number 2)
FAIL: gnu.testlet.java.lang.Math.min (number 3)
FAIL: gnu.testlet.java.lang.Math.min (number 17)
FAIL: gnu.testlet.java.lang.Math.min (number 18)
FAIL: gnu.testlet.java.lang.Math.min (number 19)
FAIL: gnu.testlet.java.math.BigInteger.shift: shift (number 1)
FAIL: gnu.testlet.java.math.BigInteger.shift: shift (number 2)
FAIL: gnu.testlet.java.net.DatagramSocket.DatagramSocketTest2: uncaught exception at "invalid_receive_data" number 4: java.lang.IllegalArgumentException: Invalid length: -1
FAIL: gnu.testlet.java.net.ServerSocket.ServerSocketTest: Error : test_params failed - 4toString did not return proper values (number 1)
FAIL: gnu.testlet.java.text.SimpleDateFormat.Test: parsing regression (number 1)
FAIL: gnu.testlet.java.util.Properties.load: uncaught exception at number 1: java.lang.NullPointerException
=== libjava Summary ===
# of expected passes 13031
# of unexpected failures 31
# of unexpected successes 12
# of expected failures 35
# of untested testcases 16
=== objc tests ===
Running target unix
FAIL: objc/execute/IMP.m execution, -O
FAIL: objc/execute/_cmd.m execution, -O
FAIL: objc/execute/accessing_ivars.m execution, -O
FAIL: objc/execute/bf-1.m execution, -O
FAIL: objc/execute/bf-10.m execution, -O
FAIL: objc/execute/bf-11.m execution, -O
FAIL: objc/execute/bf-12.m execution, -O
FAIL: objc/execute/bf-13.m execution, -O
FAIL: objc/execute/bf-14.m execution, -O
FAIL: objc/execute/bf-15.m execution, -O
FAIL: objc/execute/bf-16.m execution, -O
FAIL: objc/execute/bf-17.m execution, -O
FAIL: objc/execute/bf-18.m execution, -O
FAIL: objc/execute/bf-19.m execution, -O
FAIL: objc/execute/bf-2.m execution, -O
FAIL: objc/execute/bf-20.m execution, -O
FAIL: objc/execute/bf-3.m execution, -O
FAIL: objc/execute/bf-4.m execution, -O
FAIL: objc/execute/bf-5.m execution, -O
FAIL: objc/execute/bf-6.m execution, -O
FAIL: objc/execute/bf-7.m execution, -O
FAIL: objc/execute/bf-8.m execution, -O
FAIL: objc/execute/bf-9.m execution, -O
FAIL: objc/execute/bycopy-1.m execution, -O
FAIL: objc/execute/bycopy-2.m execution, -O
FAIL: objc/execute/bycopy-3.m execution, -O
FAIL: objc/execute/class-1.m execution, -O
FAIL: objc/execute/class-10.m execution, -O
FAIL: objc/execute/class-11.m execution, -O
FAIL: objc/execute/class-12.m execution, -O
FAIL: objc/execute/class-13.m execution, -O
FAIL: objc/execute/class-14.m execution, -O
FAIL: objc/execute/class-2.m execution, -O
FAIL: objc/execute/class-3.m execution, -O
FAIL: objc/execute/class-4.m execution, -O
FAIL: objc/execute/class-5.m execution, -O
FAIL: objc/execute/class-6.m execution, -O
FAIL: objc/execute/class-7.m execution, -O
FAIL: objc/execute/class-8.m execution, -O
FAIL: objc/execute/class-9.m execution, -O
FAIL: objc/execute/compatibility_alias.m execution, -O
FAIL: objc/execute/encode-1.m execution, -O
FAIL: objc/execute/fdecl.m execution, -O
FAIL: objc/execute/formal_protocol-1.m execution, -O
FAIL: objc/execute/formal_protocol-2.m execution, -O
FAIL: objc/execute/formal_protocol-3.m execution, -O
FAIL: objc/execute/formal_protocol-4.m execution, -O
FAIL: objc/execute/formal_protocol-5.m compilation, -O
FAIL: objc/execute/formal_protocol-6.m compilation, -O
FAIL: objc/execute/formal_protocol-7.m execution, -O
FAIL: objc/execute/informal_protocol.m execution, -O
FAIL: objc/execute/initialize.m execution, -O
FAIL: objc/execute/load.m execution, -O
FAIL: objc/execute/many_args_method.m execution, -O
FAIL: objc/execute/nested-1.m execution, -O
FAIL: objc/execute/nested-2.m execution, -O
FAIL: objc/execute/nested-3.m execution, -O
FAIL: objc/execute/no_clash.m execution, -O
FAIL: objc/execute/np-1.m execution, -O
FAIL: objc/execute/np-2.m execution, -O
FAIL: objc/execute/paste.m execution, -O
FAIL: objc/execute/private.m execution, -O
FAIL: objc/execute/protocol.m compilation, -O
FAIL: objc/execute/redefining_self.m execution, -O
FAIL: objc/execute/root_methods.m execution, -O
FAIL: objc/execute/selector-1.m execution, -O
FAIL: objc/execute/static-1.m execution, -O
FAIL: objc/execute/static-2.m execution, -O
FAIL: objc/execute/string1.m execution, -O
FAIL: objc/execute/string2.m execution, -O
FAIL: objc/execute/string3.m execution, -O
FAIL: objc/execute/string4.m execution, -O
FAIL: objc/execute/va_method.m execution, -O
=== objc Summary ===
# of expected passes 70
# of unexpected failures 73
# of untested testcases 3
/tmp/egcs/gcc/xgcc version 3.0 20010430 (prerelease)
Compiler version: 3.0 20010430 (prerelease)
Platform: i686-pc-linux-gnu
BOOT_CFLAGS: -g -O9 -W -Wall
Counting all warnings,
there are 97 warnings in stage3 of this bootstrap.
Number of warnings per file:
28 gcc/combine.c
10 gcc/reg-stack.c
6 gcc/cp/pt.c
5 gcc/cse.c
5 gcc/cp/error.c
4 gcc/java/lex.c
4 gcc/cp/call.c
3 gcc/reload1.c
3 gcc/gcc.c
3 gcc/config/i386/i386.c
2 insn-emit.c
2 gcc/reload.c
2 gcc/function.c
2 gcc/fold-const.c
2 gcc/expr.c
2 gcc/config/i386/i386.md
2 gcc/alias.c
1 gcc/sched-deps.c
1 gcc/regmove.c
1 gcc/objc/lang-specs.h
1 gcc/java/jvspec.c
1 gcc/final.c
1 gcc/f/lang-specs.h
1 gcc/expmed.c
1 gcc/dwarfout.c
1 gcc/cp/typeck2.c
1 gcc/cp/lang-specs.h
1 gcc/cp/init.c
1 gcc/cp/errfn.c
Number of warning types:
57 comparison between signed and unsigned
10 `???' might be used uninitialized in this function
7 string length `???' is greater than the length `???' ISO C89 compilers are required to support
6 passing arg ??? of `???' from incompatible pointer type
5 initialization from incompatible pointer type
4 signed and unsigned type in conditional expression
3 unused variable `???'
2 destination missing a mode?
1 pointer targets in passing arg ??? of `???' differ in signedness
1 passing arg ??? of `???' discards qualifiers from pointer target type
1 function declaration isn't a prototype
More information about the Gcc-testresults
mailing list