Results for 3.0 20010502 (prerelease) testsuite on i386-pc-linux-gnu
Christian Iseli
chris@ludwig-alpha.unil.ch
Wed May 2 08:05:00 GMT 2001
Native configuration is i386-pc-linux-gnu
=== libstdc++-v3 tests ===
Detailed test results in ../20010502-mkcheck.txt
+: pass, -b: build failure, -r: run failure, x: disabled
------------------------------------------------------------------------
static shared test
------------------------------------------------------------------------
+ + 17_intro/header_ciso646.cc
+ + 17_intro/header_cstdio.cc
+ + 17_intro/header_cstdlib.cc
+ + 17_intro/header_cstring.cc
+ + 17_intro/header_ctime.cc
+ + 17_intro/header_cwchar.cc
+ + 17_intro/header_cwctype.cc
+ + 17_intro/header_fstream.cc
+ + 17_intro/header_iomanip.cc
+ + 17_intro/header_ios.cc
+ + 17_intro/header_iosfwd.cc
+ + 17_intro/header_iostream.cc
+ + 17_intro/header_istream.cc
+ + 17_intro/header_ostream.cc
+ + 17_intro/headers.cc
+ + 17_intro/headers_c.cc
+ + 17_intro/headers_c++.cc
+ + 17_intro/header_sstream.cc
+ + 17_intro/header_streambuf.cc
+ + 18_support/numeric_limits.cc
+ + 19_diagnostics/stdexceptions.cc
+ + 20_util/auto_ptr.cc
+ + 21_strings/append.cc
+ + 21_strings/capacity.cc
+ + 21_strings/char_traits_requirements.cc
+ + 21_strings/char_traits_typedefs.cc
+ + 21_strings/compare.cc
-r + 21_strings/ctor_copy_dtor.cc
-r + 21_strings/element_access.cc
+ + 21_strings/find.cc
-r + 21_strings/insert.cc
+ + 21_strings/inserters_extractors.cc
+ + 21_strings/invariants.cc
+ + 21_strings/nonmember.cc
+ + 21_strings/operations.cc
+ + 21_strings/replace.cc
+ + 21_strings/rfind.cc
-r + 21_strings/substr.cc
+ + 22_locale/codecvt_char_char.cc
+ + 22_locale/codecvt_unicode_char.cc
+ + 22_locale/codecvt_unicode_wchar_t.cc
+ + 22_locale/codecvt_wchar_t_char.cc
+ + 22_locale/ctor_copy_dtor.cc
+ + 22_locale/ctype.cc
+ + 22_locale/ctype_char_members.cc
+ + 22_locale/ctype_wchar_t_members.cc
+ + 22_locale/facet.cc
+ + 22_locale/global_templates.cc
+ + 22_locale/members.cc
+ + 22_locale/numpunct_byname.cc
+ + 22_locale/numpunct.cc
+ + 22_locale/numpunct_char_members.cc
+ + 22_locale/operators.cc
+ + 22_locale/static_members.cc
+ + 23_containers/bitset_ctor.cc
+ + 23_containers/bitset_shift.cc
-b -b 23_containers/map_operators.cc
+ + 23_containers/multiset.cc
-b -b 23_containers/set_operators.cc
+ + 23_containers/vector_capacity.cc
+ + 23_containers/vector_ctor.cc
+ + 23_containers/vector_element_access.cc
+ + 23_containers/vector_modifiers.cc
+ + 24_iterators/istreambuf_iterator.cc
+ + 24_iterators/iterator.cc
+ + 25_algorithms/equal.cc
+ + 25_algorithms/lower_bound.cc
+ + 25_algorithms/min_max.cc
+ + 26_numerics/binary_closure.cc
+ + 26_numerics/buggy_complex.cc
-b -b 26_numerics/c99_macros.cc
+ + 26_numerics/c_math.cc
+ + 26_numerics/complex_inserters_extractors.cc
+ + 26_numerics/complex_value.cc
+ + 26_numerics/valarray.cc
-b -b 27_io/filebuf.cc
+ + 27_io/filebuf_members.cc
+ + 27_io/fpos.cc
+ + 27_io/ifstream_members.cc
+ + 27_io/ios_base_callbacks.cc
-r -r 27_io/ios_base_members_static.cc
+ + 27_io/ios_base_storage.cc
+ + 27_io/ios_ctor.cc
+ + 27_io/ios_manip_basefield.cc
+ + 27_io/ios_manip_fmtflags.cc
+ + 27_io/ios_members.cc
+ + 27_io/istream.cc
+ + 27_io/istream_extractor_arith.cc
-r -r 27_io/istream_extractor_char.cc
+ + 27_io/istream_extractor_other.cc
+ + 27_io/istream_manip.cc
-b -b 27_io/istream_seeks.cc
+ + 27_io/istream_sentry.cc
diff: ./istream_unformatted-2.txt: No such file or directory
+ diff: ./istream_unformatted-2.txt: No such file or directory
+ 27_io/istream_unformatted.cc
+ + 27_io/istringstream_members.cc
+ + 27_io/narrow_stream_objects.cc
+ + 27_io/ofstream_members.cc
+ + 27_io/ostream.cc
+ + 27_io/ostream_inserter_arith.cc
+ + 27_io/ostream_inserter_char.cc
+ + 27_io/ostream_inserter_other.cc
+ + 27_io/ostream_manip.cc
+ + 27_io/ostream_seeks.cc
+ + 27_io/ostream_unformatted.cc
+ + 27_io/streambuf.cc
+ + 27_io/stringbuf.cc
+ + 27_io/stringstream.cc
+ + 27_io/wide_stream_objects.cc
+ + ext/headers.cc
testrun == 481 seconds
=== libjava tests ===
Running target unix
XPASS: N19990310_4 output from source compiled test
XPASS: N19990310_4 -O output from source compiled test
FAIL: PR218 -O execution from bytecode->native test
FAIL: anonarray2 -O execution from source compiled test
XPASS: err11 compilation from bytecode
XPASS: err11 -O compilation from bytecode
XPASS: stringconst output from bytecode->native test
XPASS: stringconst -O output from bytecode->native test
XPASS: stub compilation from source
XPASS: stub byte compilation
XPASS: stub compilation from bytecode
XPASS: stub -O compilation from source
XPASS: stub byte compilation
XPASS: stub -O compilation from bytecode
=== libjava Summary ===
# of expected passes 1670
# of unexpected failures 2
# of unexpected successes 12
# of expected failures 14
# of untested testcases 18
=== gcc tests ===
Running target unix
XPASS: gcc.c-torture/execute/20010114-2.c execution, -O0
XPASS: gcc.c-torture/execute/20010114-2.c execution, -O3 -fomit-frame-pointer
XPASS: gcc.c-torture/execute/20010114-2.c execution, -O3 -g
XPASS: gcc.c-torture/execute/loop-2b.c execution, -O0
XPASS: gcc.c-torture/execute/loop-2b.c execution, -O1
XPASS: gcc.c-torture/execute/loop-2b.c execution, -O3 -fomit-frame-pointer
XPASS: gcc.c-torture/execute/loop-2b.c execution, -O3 -fomit-frame-pointer -funroll-loops
XPASS: gcc.c-torture/execute/loop-2b.c execution, -O3 -fomit-frame-pointer -funroll-all-loops -finline-functions
XPASS: gcc.c-torture/execute/loop-2b.c execution, -O3 -g
XPASS: gcc.c-torture/execute/loop-2b.c execution, -Os
FAIL: gcc.dg/sequence-pt-1.c sequence point warning (test for warnings, line 59)
=== gcc Summary ===
# of expected passes 15119
# of unexpected failures 1
# of unexpected successes 10
# of expected failures 90
# of unsupported tests 20
/usr/src/redhat/BUILD/obj-i386-linux/gcc/xgcc version 3.0 20010502 (prerelease)
=== g++ tests ===
Running target unix
FAIL: g++.ext/instantiate1.C not instantiated (test for errors, line 20)
FAIL: g++.ns/template17.C (test for excess errors)
=== g++ Summary ===
# of expected passes 6426
# of unexpected failures 2
# of expected failures 103
# of untested testcases 9
/usr/src/redhat/BUILD/obj-i386-linux/gcc/testsuite/../g++ version 3.0 20010502 (prerelease)
=== g77 tests ===
Running target unix
=== g77 Summary ===
# of expected passes 925
# of unsupported tests 8
=== objc tests ===
Running target unix
FAIL: objc/execute/IMP.m compilation, -O
FAIL: objc/execute/_cmd.m compilation, -O
FAIL: objc/execute/accessing_ivars.m compilation, -O
FAIL: objc/execute/bf-1.m compilation, -O
FAIL: objc/execute/bf-10.m compilation, -O
FAIL: objc/execute/bf-11.m compilation, -O
FAIL: objc/execute/bf-12.m compilation, -O
FAIL: objc/execute/bf-13.m compilation, -O
FAIL: objc/execute/bf-14.m compilation, -O
FAIL: objc/execute/bf-15.m compilation, -O
FAIL: objc/execute/bf-16.m compilation, -O
FAIL: objc/execute/bf-17.m compilation, -O
FAIL: objc/execute/bf-18.m compilation, -O
FAIL: objc/execute/bf-19.m compilation, -O
FAIL: objc/execute/bf-2.m compilation, -O
FAIL: objc/execute/bf-20.m compilation, -O
FAIL: objc/execute/bf-3.m compilation, -O
FAIL: objc/execute/bf-4.m compilation, -O
FAIL: objc/execute/bf-5.m compilation, -O
FAIL: objc/execute/bf-6.m compilation, -O
FAIL: objc/execute/bf-7.m compilation, -O
FAIL: objc/execute/bf-8.m compilation, -O
FAIL: objc/execute/bf-9.m compilation, -O
FAIL: objc/execute/bycopy-1.m compilation, -O
FAIL: objc/execute/bycopy-2.m compilation, -O
FAIL: objc/execute/bycopy-3.m compilation, -O
FAIL: objc/execute/class-1.m compilation, -O
FAIL: objc/execute/class-10.m compilation, -O
FAIL: objc/execute/class-11.m compilation, -O
FAIL: objc/execute/class-12.m compilation, -O
FAIL: objc/execute/class-13.m compilation, -O
FAIL: objc/execute/class-14.m compilation, -O
FAIL: objc/execute/class-2.m compilation, -O
FAIL: objc/execute/class-3.m compilation, -O
FAIL: objc/execute/class-4.m compilation, -O
FAIL: objc/execute/class-5.m compilation, -O
FAIL: objc/execute/class-6.m compilation, -O
FAIL: objc/execute/class-7.m compilation, -O
FAIL: objc/execute/class-8.m compilation, -O
FAIL: objc/execute/class-9.m compilation, -O
FAIL: objc/execute/compatibility_alias.m compilation, -O
FAIL: objc/execute/encode-1.m compilation, -O
FAIL: objc/execute/fdecl.m compilation, -O
FAIL: objc/execute/formal_protocol-1.m compilation, -O
FAIL: objc/execute/formal_protocol-2.m compilation, -O
FAIL: objc/execute/formal_protocol-3.m compilation, -O
FAIL: objc/execute/formal_protocol-4.m compilation, -O
FAIL: objc/execute/formal_protocol-5.m compilation, -O
FAIL: objc/execute/formal_protocol-6.m compilation, -O
FAIL: objc/execute/formal_protocol-7.m compilation, -O
FAIL: objc/execute/informal_protocol.m compilation, -O
FAIL: objc/execute/initialize.m compilation, -O
FAIL: objc/execute/load.m compilation, -O
FAIL: objc/execute/many_args_method.m compilation, -O
FAIL: objc/execute/nested-1.m compilation, -O
FAIL: objc/execute/nested-2.m compilation, -O
FAIL: objc/execute/nested-3.m compilation, -O
FAIL: objc/execute/no_clash.m compilation, -O
FAIL: objc/execute/np-1.m compilation, -O
FAIL: objc/execute/np-2.m compilation, -O
FAIL: objc/execute/paste.m compilation, -O
FAIL: objc/execute/private.m compilation, -O
FAIL: objc/execute/protocol.m compilation, -O
FAIL: objc/execute/redefining_self.m compilation, -O
FAIL: objc/execute/root_methods.m compilation, -O
FAIL: objc/execute/selector-1.m compilation, -O
FAIL: objc/execute/static-1.m compilation, -O
FAIL: objc/execute/static-2.m compilation, -O
FAIL: objc/execute/string1.m compilation, -O
FAIL: objc/execute/string2.m compilation, -O
FAIL: objc/execute/string3.m compilation, -O
FAIL: objc/execute/string4.m compilation, -O
FAIL: objc/execute/va_method.m compilation, -O
=== objc Summary ===
# of unexpected failures 73
# of untested testcases 73
/usr/src/redhat/BUILD/obj-i386-linux/gcc/xgcc version 3.0 20010502 (prerelease)
Compiler version: 3.0 20010502 (prerelease)
Platform: i386-pc-linux-gnu
configure flags: --host=i386-pc-linux-gnu --prefix=/usr --enable-shared --enable-threads --with-system-zlib
Counting all warnings,
there are 103 warnings in stage3 of this bootstrap.
Number of warnings per file:
28 gcc/combine.c
10 gcc/reg-stack.c
6 gcc/cp/pt.c
5 gcc/cse.c
5 gcc/cp/error.c
4 gcc/tlink.c
4 gcc/java/lex.c
4 gcc/cp/call.c
3 gcc/reload1.c
3 gcc/gcc.c
3 gcc/config/i386/i386.c
2 insn-emit.c
2 gcc/reload.c
2 gcc/function.c
2 gcc/fold-const.c
2 gcc/expr.c
2 gcc/config/i386/i386.md
2 gcc/alias.c
1 gcc/sched-deps.c
1 gcc/regmove.c
1 gcc/objc/lang-specs.h
1 gcc/java/jvspec.c
1 gcc/hash.h
1 gcc/hash.c
1 gcc/f/lang-specs.h
1 gcc/final.c
1 gcc/expmed.c
1 gcc/dwarfout.c
1 gcc/cp/typeck2.c
1 gcc/cp/lang-specs.h
1 gcc/cp/init.c
1 gcc/cp/errfn.c
Number of warning types:
57 comparison between signed and unsigned
10 \`???' might be used uninitialized in this function
7 string length \`???' is greater than the length \`???' ISO C89 compilers are required to support
6 passing arg ??? of \`???' from incompatible pointer type
5 initialization from incompatible pointer type
4 signed and unsigned type in conditional expression
3 unused variable \`???'
3 prototype declaration
3 promoted argument \`???' doesn't match prototype
2 destination missing a mode?
1 pointer targets in passing arg ??? of \`???' differ in signedness
1 passing arg ??? of \`???' discards qualifiers from pointer target type
1 function declaration isn't a prototype
More information about the Gcc-testresults
mailing list