Results for 3.1 20010430 (experimental) testsuite on i386-unknown-freebsd4.2
Loren James Rittle
rittle@latour.rsch.comm.mot.com
Tue May 1 21:46:00 GMT 2001
Native configuration is i386-unknown-freebsd4.2
=== libstdc++ tests ===
Running target unix
FAIL: 21_strings/ctor_copy_dtor.cc (execution test), static
FAIL: 21_strings/insert.cc (execution test), static
XPASS: 26_numerics/c99_classification_macros_c.cc (test for excess errors), static
XPASS: 26_numerics/c99_classification_macros_c.cc (test for excess errors), shared
=== libstdc++ Summary ===
# of expected passes 412
# of unexpected failures 2
# of unexpected successes 2
# of expected failures 14
/usr/users/rittle/outside-cvs-src/gcc-mainline/libstdc++-v3 version 20010417
=== gcc tests ===
Running target unix
FAIL: gcc.c-torture/compile/20001226-1.c, -O2
FAIL: gcc.c-torture/compile/20001226-1.c, -O3 -fomit-frame-pointer
FAIL: gcc.c-torture/compile/20001226-1.c, -O3 -g
FAIL: gcc.c-torture/compile/20001226-1.c, -Os
FAIL: gcc.c-torture/execute/20010114-2.c execution, -O1
FAIL: gcc.c-torture/execute/20010114-2.c execution, -O2
FAIL: gcc.c-torture/execute/20010114-2.c execution, -Os
FAIL: gcc.c-torture/execute/loop-2b.c execution, -O2
=== gcc Summary for unix ===
# of expected passes 15243
# of unexpected failures 8
# of expected failures 84
# of unsupported tests 25
Running target unix/-pthread -fpic
FAIL: gcc.c-torture/compile/930513-2.c, -O3 -g
FAIL: gcc.c-torture/compile/20000804-1.c, -O0
FAIL: gcc.c-torture/compile/20001226-1.c, -O2
FAIL: gcc.c-torture/compile/20001226-1.c, -O3 -g
FAIL: gcc.c-torture/compile/20001226-1.c, -Os
FAIL: gcc.c-torture/execute/20010114-2.c execution, -O1
FAIL: gcc.c-torture/execute/20010114-2.c execution, -O2
FAIL: gcc.c-torture/execute/20010114-2.c execution, -O3 -fomit-frame-pointer
FAIL: gcc.c-torture/execute/20010114-2.c execution, -O3 -g
FAIL: gcc.c-torture/execute/20010114-2.c execution, -Os
FAIL: gcc.c-torture/execute/20010129-1.c execution, -O3 -g
FAIL: gcc.c-torture/execute/930614-1.c compilation, -O3 -fomit-frame-pointer
FAIL: gcc.c-torture/execute/930614-1.c compilation, -O3 -g
FAIL: gcc.c-torture/execute/conversion.c execution, -O3 -fomit-frame-pointer
FAIL: gcc.c-torture/execute/conversion.c execution, -O3 -g
FAIL: gcc.c-torture/execute/ieee/920810-1.c compilation, -O3 -fomit-frame-pointer
FAIL: gcc.c-torture/execute/ieee/920810-1.c compilation, -O3 -g
FAIL: gcc.dg/asm-names.c (test for excess errors)
=== gcc Summary for unix/-pthread -fpic ===
# of expected passes 15229
# of unexpected failures 18
# of expected failures 84
# of unresolved testcases 4
# of unsupported tests 25
=== gcc Summary ===
# of expected passes 30472
# of unexpected failures 26
# of expected failures 168
# of unresolved testcases 4
# of unsupported tests 50
/usr/users/rittle/tmp/gcc-build-latour-mainline-0430/gcc/xgcc version 3.1 20010430 (experimental)
=== g++ tests ===
Running target unix
XPASS: g++.other/crash27.C (test for excess errors)
=== g++ Summary for unix ===
# of expected passes 6455
# of unexpected successes 1
# of expected failures 102
# of untested testcases 12
Running target unix/-pthread -fpic
XPASS: g++.other/crash27.C (test for excess errors)
=== g++ Summary for unix/-pthread -fpic ===
# of expected passes 6455
# of unexpected successes 1
# of expected failures 102
# of untested testcases 12
=== g++ Summary ===
# of expected passes 12910
# of unexpected successes 2
# of expected failures 204
# of untested testcases 24
/usr/users/rittle/tmp/gcc-build-latour-mainline-0430/gcc/testsuite/../g++ version 3.1 20010430 (experimental)
Compiler version: 3.1 20010430 (experimental)
Platform: i386-unknown-freebsd4.2
configure flags: --host=i386-unknown-freebsd4.2 --enable-threads=posix --enable-languages=c,c++,java --with-dwarf2 --prefix=/usr/local/beta-gcc --with-gnu-as --with-as=/usr/local/beta-gcc/bin/as --with-gnu-ld --with-ld=/usr/local/beta-gcc/bin/ld
BOOT_CFLAGS=-g -O2
More information about the Gcc-testresults
mailing list