Results for 3.1 20010328 (experimental) testsuite on i686-pc-linux-gnu

Andreas Jaeger aj@suse.de
Thu Mar 29 19:26:00 GMT 2001


Native configuration is i686-pc-linux-gnu

		=== gcc tests ===


Running target unix
FAIL: gcc.c-torture/execute/20010114-2.c execution,  -O1 
FAIL: gcc.c-torture/execute/20010114-2.c execution,  -O2 
FAIL: gcc.c-torture/execute/20010114-2.c execution,  -Os 
FAIL: gcc.c-torture/execute/loop-2b.c execution,  -O2 
FAIL: gcc.dg/20000720-1.c (test for excess errors)
FAIL: gcc.dg/20000724-1.c execution test

		=== gcc Summary ===

# of expected passes		15133
# of unexpected failures	6
# of expected failures		93
# of unsupported tests		20
/x86-64/builds/gcc/gcc-3.1-devel/gcc/xgcc version 3.1 20010328 (experimental)

		=== g++ tests ===


Running target unix
FAIL: g++.abi/cxa_vec.C  Execution test
FAIL: g++.eh/badalloc1.C  Execution test
FAIL: g++.eh/fntry1.C  Execution test
FAIL: g++.eh/new2.C  Execution test
FAIL: g++.eh/rethrow3.C  Execution test
FAIL: g++.eh/spec2.C  Execution test
FAIL: g++.eh/spec3.C  Execution test
FAIL: g++.eh/vbase1.C  Execution test
FAIL: g++.eh/vbase2.C  Execution test
FAIL: g++.ext/instantiate1.C not instantiated (test for errors, line 18)
FAIL: g++.ext/instantiate1.C not instantiated (test for errors, line 20)
FAIL: g++.mike/dyncast1.C  Execution test
FAIL: g++.mike/dyncast2.C  Execution test
FAIL: g++.mike/eh16.C  Execution test
FAIL: g++.mike/eh17.C  Execution test
FAIL: g++.mike/eh33.C  Execution test
FAIL: g++.mike/eh39.C  Execution test
FAIL: g++.mike/eh40.C  Execution test
FAIL: g++.mike/eh41.C  Execution test
FAIL: g++.mike/eh50.C  Execution test
FAIL: g++.mike/eh51.C  Execution test
XPASS: g++.other/crash27.C (test for excess errors)
FAIL: g++.other/vbase2.C  Execution test
FAIL: g++.robertl/eh990323-1.C  Execution test
FAIL: g++.robertl/eh990323-5.C  Execution test

		=== g++ Summary ===

# of expected passes		6405
# of unexpected failures	24
# of unexpected successes	1
# of expected failures		87
# of untested testcases		9
/x86-64/builds/gcc/gcc-3.1-devel/gcc/testsuite/../g++ version 3.1 20010328 (experimental)

		=== g77 tests ===


Running target unix

		=== g77 Summary ===

# of expected passes		928
# of expected failures		7
		=== objc tests ===


Running target unix
FAIL: objc/execute/formal_protocol-5.m compilation,  -O 
FAIL: objc/execute/formal_protocol-6.m compilation,  -O 
FAIL: objc/execute/protocol.m compilation,  -O 

		=== objc Summary ===

# of expected passes		140
# of unexpected failures	3
# of untested testcases		3
/x86-64/builds/gcc/gcc-3.1-devel/gcc/xgcc version 3.1 20010328 (experimental)


Compiler version: 3.1 20010328 (experimental) 
Platform: i686-pc-linux-gnu
configure flags: --host=i686-pc-linux-gnu --prefix=/opt/gcc-3.1-test --enable-shared --enable-threads --with-gnu-as --with-gnu-ld --disable-nls --enable-languages=c,c++,objc,f77



More information about the Gcc-testresults mailing list