Results for 3.0 20010321 (prerelease) testsuite on alphapca56-unknown-linux-gnu
Jeff Sturm
jsturm@cc730106-b.taylor1.mi.home.com
Thu Mar 22 04:31:00 GMT 2001
Native configuration is alphapca56-unknown-linux-gnu
=== libjava tests ===
Running target unix
XPASS: PR207 compilation from bytecode
XPASS: PR207 -O compilation from bytecode
XPASS: PR208 -O compilation from source
XPASS: PR209 compilation from source
XPASS: PR375 compilation from source
XPASS: PR375 -O compilation from source
XPASS: abstr -O compilation from source
XPASS: assignment compilation from source
FAIL: inner_1 byte compilation
FAIL: inner_1 byte compilation
XPASS: N19990310_4 output from source compiled test
XPASS: N19990310_4 -O output from source compiled test
XPASS: PR162 output from source compiled test
XPASS: PR162 -O output from source compiled test
FAIL: Primes output from source compiled test
FAIL: Primes output from bytecode->native test
FAIL: Primes -O output from source compiled test
FAIL: Primes -O output from bytecode->native test
FAIL: klass execution from source compiled test
FAIL: klass execution from bytecode->native test
FAIL: klass -O execution from source compiled test
FAIL: klass -O execution from bytecode->native test
XPASS: stringconst output from bytecode->native test
XPASS: stringconst -O output from bytecode->native test
XPASS: stub compilation from source
XPASS: stub byte compilation
XPASS: stub compilation from bytecode
XPASS: stub -O compilation from source
XPASS: stub byte compilation
XPASS: stub -O compilation from bytecode
=== libjava Summary ===
# of expected passes 1606
# of unexpected failures 10
# of unexpected successes 20
# of expected failures 88
=== gcc tests ===
Running target unix
FAIL: gcc.c-torture/execute/20010122-1.c compilation, -O0
FAIL: gcc.c-torture/execute/20010122-1.c compilation, -O1
FAIL: gcc.c-torture/execute/20010122-1.c compilation, -O2
FAIL: gcc.c-torture/execute/20010122-1.c compilation, -O3 -fomit-frame-pointer
FAIL: gcc.c-torture/execute/20010122-1.c compilation, -O3 -fomit-frame-pointer -funroll-loops
FAIL: gcc.c-torture/execute/20010122-1.c compilation, -O3 -fomit-frame-pointer -funroll-all-loops -finline-functions
FAIL: gcc.c-torture/execute/20010122-1.c compilation, -O3 -g
FAIL: gcc.c-torture/execute/20010122-1.c compilation, -Os
FAIL: gcc.c-torture/execute/20010123-1.c execution, -O0
FAIL: gcc.c-torture/execute/20010123-1.c execution, -O1
FAIL: gcc.c-torture/execute/20010123-1.c execution, -O2
FAIL: gcc.c-torture/execute/20010123-1.c execution, -O3 -fomit-frame-pointer
FAIL: gcc.c-torture/execute/20010123-1.c execution, -O3 -fomit-frame-pointer -funroll-loops
FAIL: gcc.c-torture/execute/20010123-1.c execution, -O3 -fomit-frame-pointer -funroll-all-loops -finline-functions
FAIL: gcc.c-torture/execute/20010123-1.c execution, -O3 -g
FAIL: gcc.c-torture/execute/20010123-1.c execution, -Os
FAIL: gcc.c-torture/execute/20010124-1.c execution, -O0
FAIL: gcc.c-torture/execute/20010124-1.c execution, -O1
FAIL: gcc.c-torture/execute/20010124-1.c execution, -O2
FAIL: gcc.c-torture/execute/20010124-1.c execution, -O3 -fomit-frame-pointer
FAIL: gcc.c-torture/execute/20010124-1.c execution, -O3 -g
FAIL: gcc.c-torture/execute/20010124-1.c execution, -Os
FAIL: gcc.c-torture/execute/ieee/20000320-1.c execution, -O0
FAIL: gcc.c-torture/execute/ieee/20000320-1.c execution, -O1
FAIL: gcc.c-torture/execute/ieee/20000320-1.c execution, -O2
FAIL: gcc.c-torture/execute/ieee/20000320-1.c execution, -O3 -fomit-frame-pointer
FAIL: gcc.c-torture/execute/ieee/20000320-1.c execution, -O3 -g
FAIL: gcc.c-torture/execute/ieee/20000320-1.c execution, -Os
FAIL: gcc.c-torture/execute/ieee/fp-cmp-2.c execution, -O0
FAIL: gcc.c-torture/execute/ieee/fp-cmp-2.c execution, -O1
FAIL: gcc.c-torture/execute/ieee/fp-cmp-2.c execution, -O2
FAIL: gcc.c-torture/execute/ieee/fp-cmp-2.c execution, -O3 -fomit-frame-pointer
FAIL: gcc.c-torture/execute/ieee/fp-cmp-2.c execution, -O3 -fomit-frame-pointer -funroll-loops
FAIL: gcc.c-torture/execute/ieee/fp-cmp-2.c execution, -O3 -fomit-frame-pointer -funroll-all-loops -finline-functions
FAIL: gcc.c-torture/execute/ieee/fp-cmp-2.c execution, -O3 -g
FAIL: gcc.c-torture/execute/ieee/fp-cmp-2.c execution, -Os
FAIL: gcc.c-torture/execute/ieee/fp-cmp-4.c execution, -O0
FAIL: gcc.c-torture/execute/ieee/fp-cmp-4.c execution, -O1
FAIL: gcc.c-torture/execute/ieee/fp-cmp-4.c execution, -O2
FAIL: gcc.c-torture/execute/ieee/fp-cmp-4.c execution, -O3 -fomit-frame-pointer
FAIL: gcc.c-torture/execute/ieee/fp-cmp-4.c execution, -O3 -fomit-frame-pointer -funroll-loops
FAIL: gcc.c-torture/execute/ieee/fp-cmp-4.c execution, -O3 -fomit-frame-pointer -funroll-all-loops -finline-functions
FAIL: gcc.c-torture/execute/ieee/fp-cmp-4.c execution, -O3 -g
FAIL: gcc.c-torture/execute/ieee/fp-cmp-4.c execution, -Os
FAIL: gcc.c-torture/execute/ieee/hugeval.c execution, -O0
FAIL: gcc.c-torture/execute/ieee/mzero2.c execution, -O0
FAIL: gcc.c-torture/execute/ieee/mzero2.c execution, -O1
FAIL: gcc.c-torture/execute/ieee/mzero2.c execution, -O2
FAIL: gcc.c-torture/execute/ieee/mzero2.c execution, -O3 -fomit-frame-pointer
FAIL: gcc.c-torture/execute/ieee/mzero2.c execution, -O3 -g
FAIL: gcc.c-torture/execute/ieee/mzero2.c execution, -Os
XPASS: gcc.c-torture/execute/memcheck/blkarg.c execution, -O0
XPASS: gcc.c-torture/execute/memcheck/blkarg.c execution, -O1
XPASS: gcc.c-torture/execute/memcheck/blkarg.c execution, -O2
XPASS: gcc.c-torture/execute/memcheck/blkarg.c execution, -Os
FAIL: gcc.dg/sequence-pt-1.c sequence point warning (test for warnings, line 59)
=== gcc Summary ===
# of expected passes 14938
# of unexpected failures 52
# of unexpected successes 4
# of expected failures 72
# of unresolved testcases 8
# of unsupported tests 49
/home/jsturm/dev/gcc/objdir/gcc/xgcc version 3.0 20010321 (prerelease)
=== g++ tests ===
Running target unix
FAIL: g++.dg/vtgc1.C (test for excess errors)
FAIL: g++.eh/badalloc1.C Execution test
FAIL: g++.ext/instantiate1.C not instantiated (test for errors, line 18)
FAIL: g++.ext/instantiate1.C not instantiated (test for errors, line 20)
FAIL: g++.ext/instantiate2.C not instantiated (test for errors, line 16)
FAIL: g++.ext/instantiate3.C not instantiated (test for errors, line 13)
FAIL: g++.other/call1.C Execution test
FAIL: g++.other/crash18.C (test for excess errors)
FAIL: g++.other/crash31.C parse error (test for errors, line 11)
FAIL: g++.other/crash31.C (test for excess errors)
FAIL: g++.other/eh4.C cannot be used in throw-expression (test for errors, line 8)
FAIL: g++.other/eh4.C (test for excess errors)
FAIL: g++.other/mangle1.C name clash (test for errors, line 15)
FAIL: g++.other/mangle1.C name clash (test for errors, line 16)
FAIL: g++.other/mangle1.C name clash (test for errors, line 18)
FAIL: g++.other/mangle1.C name clash (test for errors, line 19)
FAIL: g++.other/mangle1.C name clash (test for errors, line 21)
FAIL: g++.other/mangle1.C name clash (test for errors, line 22)
FAIL: g++.other/mangle1.C name clash (test for errors, line 24)
FAIL: g++.other/mangle1.C name clash (test for errors, line 25)
FAIL: g++.other/mangle1.C name clash (test for errors, line 27)
FAIL: g++.other/mangle1.C name clash (test for errors, line 28)
FAIL: g++.other/mangle1.C name clash (test for errors, line 30)
FAIL: g++.other/mangle1.C name clash (test for errors, line 31)
FAIL: g++.other/mangle1.C name clash (test for errors, line 34)
FAIL: g++.other/mangle1.C name clash (test for errors, line 35)
FAIL: g++.other/mangle1.C name clash (test for errors, line 38)
FAIL: g++.other/mangle1.C name clash (test for errors, line 42)
FAIL: g++.other/mangle1.C name clash (test for errors, line 43)
FAIL: g++.other/mangle1.C name clash (test for errors, line 46)
FAIL: g++.other/mangle1.C name clash (test for errors, line 47)
FAIL: g++.other/mangle1.C name clash (test for errors, line 49)
FAIL: g++.other/mangle1.C name clash (test for errors, line 50)
FAIL: g++.other/mangle1.C (test for excess errors)
=== g++ Summary ===
# of expected passes 6369
# of unexpected failures 34
# of expected failures 85
# of unresolved testcases 1
# of untested testcases 19
/home/jsturm/dev/gcc/objdir/gcc/testsuite/../g++ version 3.0 20010321 (prerelease)
=== g77 tests ===
Running target unix
FAIL: g77.f-torture/compile/20000629-1.f, -O3 -g
FAIL: g77.f-torture/execute/dnrm2.f compilation, -O0
FAIL: g77.f-torture/execute/dnrm2.f compilation, -O1
FAIL: g77.f-torture/execute/dnrm2.f compilation, -O2
FAIL: g77.f-torture/execute/dnrm2.f compilation, -O3 -fomit-frame-pointer
FAIL: g77.f-torture/execute/dnrm2.f compilation, -O3 -fomit-frame-pointer -funroll-loops
FAIL: g77.f-torture/execute/dnrm2.f compilation, -O3 -fomit-frame-pointer -funroll-all-loops -finline-functions
FAIL: g77.f-torture/execute/dnrm2.f compilation, -O3 -g
FAIL: g77.f-torture/execute/dnrm2.f compilation, -Os
=== g77 Summary ===
# of expected passes 902
# of unexpected failures 9
# of untested testcases 8
# of unsupported tests 8
=== objc tests ===
Running target unix
FAIL: objc/execute/IMP.m compilation, -O
FAIL: objc/execute/_cmd.m compilation, -O
FAIL: objc/execute/accessing_ivars.m compilation, -O
FAIL: objc/execute/bf-1.m compilation, -O
FAIL: objc/execute/bf-10.m compilation, -O
FAIL: objc/execute/bf-11.m compilation, -O
FAIL: objc/execute/bf-12.m compilation, -O
FAIL: objc/execute/bf-13.m compilation, -O
FAIL: objc/execute/bf-14.m compilation, -O
FAIL: objc/execute/bf-15.m compilation, -O
FAIL: objc/execute/bf-16.m compilation, -O
FAIL: objc/execute/bf-17.m compilation, -O
FAIL: objc/execute/bf-18.m compilation, -O
FAIL: objc/execute/bf-19.m compilation, -O
FAIL: objc/execute/bf-2.m compilation, -O
FAIL: objc/execute/bf-20.m compilation, -O
FAIL: objc/execute/bf-3.m compilation, -O
FAIL: objc/execute/bf-4.m compilation, -O
FAIL: objc/execute/bf-5.m compilation, -O
FAIL: objc/execute/bf-6.m compilation, -O
FAIL: objc/execute/bf-7.m compilation, -O
FAIL: objc/execute/bf-8.m compilation, -O
FAIL: objc/execute/bf-9.m compilation, -O
FAIL: objc/execute/bycopy-1.m compilation, -O
FAIL: objc/execute/bycopy-2.m compilation, -O
FAIL: objc/execute/bycopy-3.m compilation, -O
FAIL: objc/execute/class-1.m compilation, -O
FAIL: objc/execute/class-10.m compilation, -O
FAIL: objc/execute/class-11.m compilation, -O
FAIL: objc/execute/class-12.m compilation, -O
FAIL: objc/execute/class-13.m compilation, -O
FAIL: objc/execute/class-14.m compilation, -O
FAIL: objc/execute/class-2.m compilation, -O
FAIL: objc/execute/class-3.m compilation, -O
FAIL: objc/execute/class-4.m compilation, -O
FAIL: objc/execute/class-5.m compilation, -O
FAIL: objc/execute/class-6.m compilation, -O
FAIL: objc/execute/class-7.m compilation, -O
FAIL: objc/execute/class-8.m compilation, -O
FAIL: objc/execute/class-9.m compilation, -O
FAIL: objc/execute/compatibility_alias.m compilation, -O
FAIL: objc/execute/encode-1.m compilation, -O
FAIL: objc/execute/fdecl.m compilation, -O
FAIL: objc/execute/formal_protocol-1.m compilation, -O
FAIL: objc/execute/formal_protocol-2.m compilation, -O
FAIL: objc/execute/formal_protocol-3.m compilation, -O
FAIL: objc/execute/formal_protocol-4.m compilation, -O
FAIL: objc/execute/formal_protocol-5.m compilation, -O
FAIL: objc/execute/formal_protocol-6.m compilation, -O
FAIL: objc/execute/formal_protocol-7.m compilation, -O
FAIL: objc/execute/informal_protocol.m compilation, -O
FAIL: objc/execute/initialize.m compilation, -O
FAIL: objc/execute/load.m compilation, -O
FAIL: objc/execute/many_args_method.m compilation, -O
FAIL: objc/execute/nested-1.m compilation, -O
FAIL: objc/execute/nested-2.m compilation, -O
FAIL: objc/execute/nested-3.m compilation, -O
FAIL: objc/execute/no_clash.m compilation, -O
FAIL: objc/execute/np-1.m compilation, -O
FAIL: objc/execute/np-2.m compilation, -O
FAIL: objc/execute/paste.m compilation, -O
FAIL: objc/execute/private.m compilation, -O
FAIL: objc/execute/protocol.m compilation, -O
FAIL: objc/execute/redefining_self.m compilation, -O
FAIL: objc/execute/root_methods.m compilation, -O
FAIL: objc/execute/selector-1.m compilation, -O
FAIL: objc/execute/static-1.m compilation, -O
FAIL: objc/execute/static-2.m compilation, -O
FAIL: objc/execute/string1.m compilation, -O
FAIL: objc/execute/string2.m compilation, -O
FAIL: objc/execute/string3.m compilation, -O
FAIL: objc/execute/string4.m compilation, -O
FAIL: objc/execute/va_method.m compilation, -O
=== objc Summary ===
# of unexpected failures 73
# of untested testcases 73
/home/jsturm/dev/gcc/objdir/gcc/xgcc version 3.0 20010321 (prerelease)
Compiler version: 3.0 20010321 (prerelease)
Platform: alphapca56-unknown-linux-gnu
configure flags: --host=alphapca56-unknown-linux-gnu --prefix=/opt/gcj --enable-languages=c,c++,f77,java --enable-shared --enable-threads --without-x
More information about the Gcc-testresults
mailing list