Results for 3.1 20010320 (experimental) testsuite on i686-pc-linux-gnu
Theodore Papadopoulo
Theodore.Papadopoulo@sophia.inria.fr
Tue Mar 20 10:54:00 GMT 2001
Native configuration is i686-pc-linux-gnu
=== libjava tests ===
Running target unix
=== libjava Summary ===
=== gcc tests ===
Running target unix
FAIL: gcc.c-torture/execute/20010114-2.c execution, -O1
FAIL: gcc.c-torture/execute/20010114-2.c execution, -O2
FAIL: gcc.c-torture/execute/20010114-2.c execution, -Os
FAIL: gcc.c-torture/execute/loop-2b.c execution, -O2
FAIL: gcc.dg/20000724-1.c execution test
=== gcc Summary ===
# of expected passes 15110
# of unexpected failures 5
# of expected failures 93
# of unsupported tests 20
/auto/atlantis/u/atlantis/1/egcs/gcc-linux/gcc/xgcc version 3.1 20010320 (experimental)
=== g++ tests ===
Running target unix
FAIL: g++.ext/instantiate1.C not instantiated (test for errors, line 18)
FAIL: g++.ext/instantiate1.C not instantiated (test for errors, line 20)
=== g++ Summary ===
# of expected passes 6409
# of unexpected failures 2
# of expected failures 86
# of untested testcases 9
/auto/atlantis/u/atlantis/1/egcs/gcc-linux/gcc/testsuite/../g++ version 3.1 20010320 (experimental)
=== g77 tests ===
Running target unix
FAIL: g77.f-torture/execute/20010116.f execution, -O2
FAIL: g77.f-torture/execute/20010116.f execution, -O3 -fomit-frame-pointer
FAIL: g77.f-torture/execute/20010116.f execution, -O3 -fomit-frame-pointer -funroll-loops
FAIL: g77.f-torture/execute/20010116.f execution, -O3 -fomit-frame-pointer -funroll-all-loops -finline-functions
FAIL: g77.f-torture/execute/20010116.f execution, -O3 -g
FAIL: g77.f-torture/execute/20010116.f execution, -Os
=== g77 Summary ===
# of expected passes 929
# of unexpected failures 6
=== objc tests ===
Running target unix
FAIL: objc/execute/formal_protocol-5.m compilation, -O
FAIL: objc/execute/formal_protocol-6.m compilation, -O
FAIL: objc/execute/protocol.m compilation, -O
=== objc Summary ===
# of expected passes 140
# of unexpected failures 3
# of untested testcases 3
/auto/atlantis/u/atlantis/1/egcs/gcc-linux/gcc/xgcc version 3.1 20010320 (experimental)
Compiler version: 3.1 20010320 (experimental)
Platform: i686-pc-linux-gnu
configure flags: --host=i686-pc-linux-gnu --srcdir=../gcc --prefix=/net/home/robotvis/gnu/gcc --enable-threads=posix --with-gnu-as --with-gnu-ld --with-as=/net/home/robotvis/gnu/binutils/bin/as --with-ld=/net/home/robotvis/gnu/binutils/bin/ld
Counting all warnings,
there are 105 warnings in stage3 of this bootstrap.
Number of warnings per file:
28 gcc/combine.c
6 gcc/cse.c
6 gcc/cp/pt.c
5 gcc/reload1.c
5 gcc/cp/error.c
4 gcc/reg-stack.c
4 gcc/gcc.c
4 gcc/cp/call.c
4 gcc/config/i386/i386.c
3 gcc/java/jvspec.c
2 insn-emit.c
2 gcc/reload.c
2 gcc/java/jcf-parse.c
2 gcc/java/jcf-io.c
2 gcc/function.c
2 gcc/fold-const.c
2 gcc/expr.c
2 gcc/config/i386/i386.md
2 gcc/alias.c
1 insn-output.c
1 gmake[3]
1 gmake[2]
1 gcc/sched-deps.c
1 gcc/resource.c
1 gcc/regmove.c
1 gcc/objc/lang-specs.h
1 gcc/java/verify.c
1 gcc/java/mangle.c
1 gcc/final.c
1 gcc/f/lang-specs.h
1 gcc/expmed.c
1 gcc/dwarfout.c
1 gcc/dwarf2out.c
1 gcc/cp/lang-specs.h
1 gcc/cp/init.c
1 gcc/cp/errfn.c
1 gcc/caller-save.c
Number of warning types:
56 comparison between signed and unsigned
18 \`???' might be used uninitialized in this function
7 string length \`???' is greater than the length \`???' ISO C89 compilers are required to support
5 initialization from incompatible pointer type
4 unused variable \`???'
4 signed and unsigned type in conditional expression
2 passing arg ??? of \`???' from incompatible pointer type
2 destination missing a mode?
2 Clock skew detected. Your build may be incomplete.
1 pointer targets in passing arg ??? of \`???' differ in signedness
1 passing arg ??? of \`???' discards qualifiers from pointer target type
1 function declaration isn't a prototype
1 control reaches end of non-void function
1 ??? format, ??? arg (arg ???)
More information about the Gcc-testresults
mailing list