Results for 3.0 20010314 (prerelease) testsuite on i586-pc-linux-gnu
Neil Booth
neil@daikokuya.demon.co.uk
Thu Mar 15 10:24:00 GMT 2001
Native configuration is i586-pc-linux-gnu
=== gcc tests ===
Running target unix
FAIL: gcc.c-torture/execute/20010114-2.c execution, -O1
FAIL: gcc.c-torture/execute/20010114-2.c execution, -O2
FAIL: gcc.c-torture/execute/20010114-2.c execution, -Os
FAIL: gcc.c-torture/execute/20010123-1.c execution, -O0
FAIL: gcc.c-torture/execute/20010123-1.c execution, -O1
FAIL: gcc.c-torture/execute/20010123-1.c execution, -O2
FAIL: gcc.c-torture/execute/20010123-1.c execution, -O3 -fomit-frame-pointer
FAIL: gcc.c-torture/execute/20010123-1.c execution, -O3 -fomit-frame-pointer -funroll-loops
FAIL: gcc.c-torture/execute/20010123-1.c execution, -O3 -fomit-frame-pointer -funroll-all-loops -finline-functions
FAIL: gcc.c-torture/execute/20010123-1.c execution, -O3 -g
FAIL: gcc.c-torture/execute/20010123-1.c execution, -Os
FAIL: gcc.c-torture/execute/20010124-1.c execution, -O0
FAIL: gcc.c-torture/execute/20010124-1.c execution, -O1
FAIL: gcc.c-torture/execute/20010124-1.c execution, -O2
FAIL: gcc.c-torture/execute/20010124-1.c execution, -O3 -fomit-frame-pointer
FAIL: gcc.c-torture/execute/20010124-1.c execution, -O3 -g
FAIL: gcc.c-torture/execute/20010124-1.c execution, -Os
FAIL: gcc.c-torture/execute/loop-2b.c execution, -O2
FAIL: gcc.dg/20000724-1.c execution test
FAIL: gcc.dg/20001117-1.c (test for excess errors)
FAIL: gcc.dg/sequence-pt-1.c sequence point warning (test for warnings, line 59)
FAIL: gcc.misc-tests/mg.c
=== gcc Summary ===
# of expected passes 15024
# of unexpected failures 22
# of expected failures 78
# of unsupported tests 20
/home/neil/src/gcc-branch/build/gcc/xgcc version 3.0 20010314 (prerelease)
=== g++ tests ===
Running target unix
FAIL: g++.ext/instantiate1.C not instantiated (test for errors, line 18)
FAIL: g++.ext/instantiate1.C not instantiated (test for errors, line 20)
FAIL: g++.other/crash31.C parse error (test for errors, line 11)
FAIL: g++.other/crash31.C (test for excess errors)
FAIL: g++.other/regstack.C caused compiler crash
=== g++ Summary ===
# of expected passes 6425
# of unexpected failures 5
# of expected failures 85
# of untested testcases 9
/home/neil/src/gcc-branch/build/gcc/testsuite/../g++ version 3.0 20010314 (prerelease)
=== g77 tests ===
Running target unix
XPASS: g77.f-torture/execute/20010116.f execution, -O0
XPASS: g77.f-torture/execute/20010116.f execution, -O1
FAIL: g77.f-torture/execute/short.f execution, -Os
=== g77 Summary ===
# of expected passes 910
# of unexpected failures 1
# of unexpected successes 2
# of expected failures 6
# of unsupported tests 8
=== objc tests ===
Running target unix
FAIL: objc/execute/IMP.m execution, -O
FAIL: objc/execute/_cmd.m execution, -O
FAIL: objc/execute/accessing_ivars.m execution, -O
FAIL: objc/execute/bf-1.m execution, -O
FAIL: objc/execute/bf-10.m execution, -O
FAIL: objc/execute/bf-11.m execution, -O
FAIL: objc/execute/bf-12.m execution, -O
FAIL: objc/execute/bf-13.m execution, -O
FAIL: objc/execute/bf-14.m execution, -O
FAIL: objc/execute/bf-15.m execution, -O
FAIL: objc/execute/bf-16.m execution, -O
FAIL: objc/execute/bf-17.m execution, -O
FAIL: objc/execute/bf-18.m execution, -O
FAIL: objc/execute/bf-19.m execution, -O
FAIL: objc/execute/bf-2.m execution, -O
FAIL: objc/execute/bf-20.m execution, -O
FAIL: objc/execute/bf-3.m execution, -O
FAIL: objc/execute/bf-4.m execution, -O
FAIL: objc/execute/bf-5.m execution, -O
FAIL: objc/execute/bf-6.m execution, -O
FAIL: objc/execute/bf-7.m execution, -O
FAIL: objc/execute/bf-8.m execution, -O
FAIL: objc/execute/bf-9.m execution, -O
FAIL: objc/execute/bycopy-1.m execution, -O
FAIL: objc/execute/bycopy-2.m execution, -O
FAIL: objc/execute/bycopy-3.m execution, -O
FAIL: objc/execute/class-1.m execution, -O
FAIL: objc/execute/class-10.m execution, -O
FAIL: objc/execute/class-11.m execution, -O
FAIL: objc/execute/class-12.m execution, -O
FAIL: objc/execute/class-13.m execution, -O
FAIL: objc/execute/class-14.m execution, -O
FAIL: objc/execute/class-2.m execution, -O
FAIL: objc/execute/class-3.m execution, -O
FAIL: objc/execute/class-4.m execution, -O
FAIL: objc/execute/class-5.m execution, -O
FAIL: objc/execute/class-6.m execution, -O
FAIL: objc/execute/class-7.m execution, -O
FAIL: objc/execute/class-8.m execution, -O
FAIL: objc/execute/class-9.m execution, -O
FAIL: objc/execute/compatibility_alias.m execution, -O
FAIL: objc/execute/encode-1.m execution, -O
FAIL: objc/execute/fdecl.m execution, -O
FAIL: objc/execute/formal_protocol-1.m execution, -O
FAIL: objc/execute/formal_protocol-2.m execution, -O
FAIL: objc/execute/formal_protocol-3.m execution, -O
FAIL: objc/execute/formal_protocol-4.m execution, -O
FAIL: objc/execute/formal_protocol-5.m compilation, -O
FAIL: objc/execute/formal_protocol-6.m compilation, -O
FAIL: objc/execute/formal_protocol-7.m execution, -O
FAIL: objc/execute/informal_protocol.m execution, -O
FAIL: objc/execute/initialize.m execution, -O
FAIL: objc/execute/load.m execution, -O
FAIL: objc/execute/many_args_method.m execution, -O
FAIL: objc/execute/nested-1.m execution, -O
FAIL: objc/execute/nested-2.m execution, -O
FAIL: objc/execute/nested-3.m execution, -O
FAIL: objc/execute/no_clash.m execution, -O
FAIL: objc/execute/np-1.m execution, -O
FAIL: objc/execute/np-2.m execution, -O
FAIL: objc/execute/paste.m execution, -O
FAIL: objc/execute/private.m execution, -O
FAIL: objc/execute/protocol.m compilation, -O
FAIL: objc/execute/redefining_self.m execution, -O
FAIL: objc/execute/root_methods.m execution, -O
FAIL: objc/execute/selector-1.m execution, -O
FAIL: objc/execute/static-1.m execution, -O
FAIL: objc/execute/static-2.m execution, -O
FAIL: objc/execute/string1.m execution, -O
FAIL: objc/execute/string2.m execution, -O
FAIL: objc/execute/string3.m execution, -O
FAIL: objc/execute/string4.m execution, -O
FAIL: objc/execute/va_method.m execution, -O
=== objc Summary ===
# of expected passes 70
# of unexpected failures 73
# of untested testcases 3
/home/neil/src/gcc-branch/build/gcc/xgcc version 3.0 20010314 (prerelease)
Compiler version: 3.0 20010314 (prerelease)
Platform: i586-pc-linux-gnu
configure flags: --host=i586-pc-linux-gnu --enable-shared --enable-threads=posix
More information about the Gcc-testresults
mailing list