Results for 2.95.2 19991024 (release) testsuite on i386-unknown-freebsdelf
Loren James Rittle
rittle@latour.rsch.comm.mot.com
Mon Mar 12 22:07:00 GMT 2001
Native configuration is i386-unknown-freebsdelf
=== gcc tests ===
Running target unix
FAIL: gcc.c-torture/execute/loop-2b.c execution, -O2
FAIL: gcc.c-torture/execute/loop-2b.c execution, -O3 -fomit-frame-pointer
FAIL: gcc.c-torture/execute/loop-2b.c execution, -O3 -fomit-frame-pointer -funroll-loops
FAIL: gcc.c-torture/execute/loop-2b.c execution, -O3 -fomit-frame-pointer -funroll-all-loops -finline-functions
FAIL: gcc.c-torture/execute/loop-2b.c execution, -O3 -g
XPASS: gcc.c-torture/execute/ieee/980619-1.c execution, -O1
XPASS: gcc.c-torture/execute/ieee/980619-1.c execution, -O2
XPASS: gcc.c-torture/execute/ieee/980619-1.c execution, -O3 -fomit-frame-pointer
XPASS: gcc.c-torture/execute/ieee/980619-1.c execution, -O3 -fomit-frame-pointer -funroll-loops
XPASS: gcc.c-torture/execute/ieee/980619-1.c execution, -O3 -fomit-frame-pointer -funroll-all-loops -finline-functions
XPASS: gcc.c-torture/execute/ieee/980619-1.c execution, -O3 -g
XPASS: gcc.c-torture/execute/ieee/980619-1.c execution, -Os
FAIL: gcc.c-torture/execute/ieee/rbug.c execution, -O0
FAIL: gcc.c-torture/execute/ieee/rbug.c execution, -O1
FAIL: gcc.c-torture/execute/ieee/rbug.c execution, -O2
FAIL: gcc.c-torture/execute/ieee/rbug.c execution, -Os
FAIL: gcc.dg/990119-1.c execution test
FAIL: gcc.dg/990413-1.c error on this line (test for errors, line 12)
FAIL: gcc.dg/990413-1.c (test for excess errors)
FAIL: gcc.dg/cast-qual-1.c discarding `const' warning (test for bogus messages, line 11)
FAIL: gcc.dg/cast-qual-1.c discarding `const' warning (test for warnings, line 17)
FAIL: gcc.dg/compare1.c (test for excess errors)
=== gcc Summary ===
# of expected passes 8057
# of unexpected failures 15
# of unexpected successes 7
# of expected failures 31
# of unsupported tests 12
/usr/bin/gcc version 2.95.2 19991024 (release)
=== g++ tests ===
Running target unix
XPASS: g++.brendan/parse4.C - referenced below (test for bogus messages, line 15)
FAIL: g++.gb/sig01.C (test for excess errors)
FAIL: g++.gb/sig02.C (test for excess errors)
FAIL: g++.gb/sig03.C (test for excess errors)
FAIL: g++.gb/sig04.C (test for excess errors)
FAIL: g++.gb/sig05.C (test for excess errors)
FAIL: g++.gb/sig06.C (test for excess errors)
FAIL: g++.gb/sig07.C (test for excess errors)
FAIL: g++.gb/sig08.C (test for excess errors)
FAIL: g++.gb/sig09.C (test for excess errors)
FAIL: g++.gb/sig10.C (test for excess errors)
FAIL: g++.gb/sig11.C (test for excess errors)
FAIL: g++.gb/sig12.C (test for excess errors)
FAIL: g++.gb/sig13.C (test for excess errors)
FAIL: g++.gb/sig14.C (test for excess errors)
FAIL: g++.gb/sig15.C (test for excess errors)
FAIL: g++.gb/sig16.C (test for excess errors)
FAIL: g++.gb/sig17.C (test for excess errors)
FAIL: g++.gb/sig18.C (test for excess errors)
FAIL: g++.gb/sig19.C (test for excess errors)
FAIL: g++.gb/sig20.C (test for excess errors)
FAIL: g++.gb/sig21.C (test for excess errors)
FAIL: g++.gb/sig22.C (test for excess errors)
FAIL: g++.gb/sig23.C (test for excess errors)
FAIL: g++.gb/sig24.C (test for excess errors)
FAIL: g++.gb/sig25.C (test for excess errors)
FAIL: g++.gb/sig26.C (test for excess errors)
FAIL: g++.gb/sig27.C (test for excess errors)
FAIL: g++.gb/sig28.C (test for excess errors)
FAIL: g++.gb/sig29.C (test for excess errors)
FAIL: g++.gb/sig30.C (test for excess errors)
FAIL: g++.gb/sig31.C (test for excess errors)
FAIL: g++.other/null1.C converting NULL to non-pointer type (test for warnings, line 22)
FAIL: g++.other/null1.C converting NULL to non-pointer type (test for warnings, line 23)
FAIL: g++.other/null1.C NULL used in arithmetic (test for warnings, line 26)
FAIL: g++.other/null1.C NULL used in arithmetic (test for warnings, line 27)
FAIL: g++.other/null1.C converting NULL to non-pointer type (test for warnings, line 30)
FAIL: g++.other/null1.C converting NULL to non-pointer type (test for warnings, line 31)
FAIL: g++.other/null1.C converting NULL to non-pointer type (test for warnings, line 32)
FAIL: g++.other/null1.C converting NULL to non-pointer-type (test for warnings, line 33)
FAIL: g++.other/null1.C converting NULL to non-pointer type (test for warnings, line 34)
FAIL: g++.other/null1.C converting NULL to non-pointer type (test for warnings, line 35)
FAIL: g++.other/null1.C converting NULL to int (test for warnings, line 36)
FAIL: g++.other/null1.C converting NULL to int (test for warnings, line 37)
FAIL: g++.other/null1.C NULL bound to integer template parameter (test for warnings, line 38)
FAIL: g++.other/null1.C converting NULL to int (test for warnings, line 39)
FAIL: g++.pt/instantiate4.C (test for excess errors)
FAIL: g++.robertl/eb131.C candidate (test for errors, line 13)
FAIL: g++.robertl/eb4.C referenced below (test for errors, line 9)
FAIL: g++.robertl/eb4.C abstract class (test for errors, line 40)
FAIL: g++.robertl/eb4.C incomplete class (test for errors, line 41)
FAIL: g++.robertl/eb4.C dfs not declared (test for errors, line 46)
=== g++ Summary ===
# of expected passes 5106
# of unexpected failures 51
# of unexpected successes 1
# of expected failures 77
# of untested testcases 8
/usr/bin/c++ version 2.95.2 19991024 (release)
=== g77 tests ===
Running target unix
=== g77 Summary ===
# of expected passes 132
# of unresolved testcases 235
=== objc tests ===
Running target unix
=== objc Summary ===
# of expected passes 38
/usr/bin/gcc version 2.95.2 19991024 (release)
Compiler version: 2.95.2 19991024 (release)
Platform: i386-unknown-freebsdelf
configure flags: --with-gcc-version-trigger=/usr/users/rittle/outside-cvs-src/gcc-2.95/gcc/version.c --host=i386-unknown-freebsdelf --enable-threads=posix --enable-shared --with-gnu-as --with-as=/usr/bin/as --with-gnu-ld --with-ld=/usr/bin/ld --norecursion
More information about the Gcc-testresults
mailing list