Results for 3.0 20010305 (prerelease) testsuite on powerpc-ibm-aix4.1.5.0

Alexandre Oliva oliva@lsd.ic.unicamp.br
Fri Mar 9 19:20:00 GMT 2001


Native configuration is powerpc-ibm-aix4.1.5.0

		=== binutils tests ===


Running target unix
FAIL: strip with saving a symbol
FAIL: run stripped executable with saving a symbol

		=== binutils Summary ===

# of expected passes		21
# of unexpected failures	2
# of expected failures		3
		=== g++ tests ===


Running target unix
FAIL: conpr-1.C
FAIL: g++.abi/cxa_vec.C (test for excess errors)
FAIL: g++.brendan/crash11.C (test for excess errors)
FAIL: g++.ext/instantiate1.C not instantiated (test for errors, line 18)
FAIL: g++.ext/instantiate1.C not instantiated (test for errors, line 20)
FAIL: g++.ext/instantiate2.C not instantiated (test for errors, line 16)
FAIL: g++.ext/instantiate3.C not instantiated (test for errors, line 13)
FAIL: g++.jason/thunk2.C (test for excess errors)
FAIL: g++.law/access4.C can't access default ctor (test for errors, line 26)
FAIL: g++.law/access4.C (test for excess errors)
FAIL: g++.law/code-gen5.C (test for excess errors)
FAIL: g++.law/ctors12.C (test for excess errors)
FAIL: g++.law/cvt2.C (test for excess errors)
FAIL: g++.law/cvt7.C candidate (test for errors, line 14)
FAIL: g++.law/cvt7.C candidate (test for errors, line 15)
FAIL: g++.law/cvt7.C no usable copy ctor (test for errors, line 41)
FAIL: g++.law/cvt7.C no usable copy ctor (test for errors, line 44)
FAIL: g++.law/cvt7.C (test for excess errors)
FAIL: g++.law/init1.C (test for excess errors)
FAIL: g++.mike/debug1.C (test for excess errors)
FAIL: g++.mike/eh30.C (test for excess errors)
FAIL: g++.mike/p11142.C (test for excess errors)
FAIL: g++.mike/p4750.C (test for excess errors)
FAIL: g++.mike/unroll1.C (test for excess errors)
FAIL: g++.other/access7.C within this context (test for errors, line 32)
FAIL: g++.other/crash18.C (test for excess errors)
FAIL: g++.other/crash31.C parse error (test for errors, line 11)
FAIL: g++.other/crash31.C (test for excess errors)
FAIL: g++.other/debug2.C (test for excess errors)
FAIL: g++.other/friend1.C protected (test for errors, line 79)
FAIL: g++.other/friend4.C (test for excess errors)
FAIL: g++.other/headers1.C (test for excess errors)
FAIL: g++.other/inline12.C (test for excess errors)
FAIL: g++.other/ptrmem6.C (test for excess errors)
FAIL: g++.other/ptrmem7.C not ptr mem (test for errors, line 37)
FAIL: g++.other/ptrmem7.C not ptr mem (test for errors, line 38)
FAIL: g++.other/ptrmem7.C (test for excess errors)
XPASS: g++.pt/decl2.C ICE - (test for errors, line 8)
FAIL: g++.pt/static11.C  Execution test
FAIL: g++.pt/static3.C (test for excess errors)
FAIL: g++.pt/static6.C (test for excess errors)
FAIL: g++.robertl/eb106.C (test for excess errors)
FAIL: g++.robertl/eb132.C (test for excess errors)
FAIL: g++.robertl/eb39.C (test for excess errors)
FAIL: g++.robertl/eb44.C (test for excess errors)
FAIL: g++.robertl/eb73.C (test for excess errors)
FAIL: g++.robertl/eb91.C (test for excess errors)

		=== g++ Summary ===

# of expected passes		6360
# of unexpected failures	46
# of unexpected successes	1
# of expected failures		91
# of untested testcases		19
/tmp/egcs/gcc/testsuite/../g++ version 3.0 20010305 (prerelease)

		=== g77 tests ===


Running target unix
FAIL: g77.f-torture/compile/19990905-2.f,  -O3 -g  

		=== g77 Summary ===

# of expected passes		918
# of unexpected failures	1
# of unsupported tests		8
		=== gas tests ===


Running target unix
FAIL: strings

		=== gas Summary ===

# of expected passes		59
# of unexpected failures	1
		=== gcc tests ===


Running target unix
FAIL: gcc.c-torture/compile/960829-1.c,  -O0  
FAIL: gcc.c-torture/compile/960829-1.c,  -O1  
FAIL: gcc.c-torture/compile/960829-1.c,  -O2  
FAIL: gcc.c-torture/compile/960829-1.c,  -O3 -fomit-frame-pointer  
FAIL: gcc.c-torture/compile/960829-1.c,  -O3 -g  
FAIL: gcc.c-torture/compile/960829-1.c,  -Os  
FAIL: gcc.c-torture/compile/20001226-1.c,  -O0  
FAIL: gcc.c-torture/compile/20001226-1.c,  -O1  
FAIL: gcc.c-torture/compile/20001226-1.c,  -O2  
FAIL: gcc.c-torture/compile/20001226-1.c,  -O3 -fomit-frame-pointer  
FAIL: gcc.c-torture/compile/20001226-1.c,  -O3 -g  
FAIL: gcc.c-torture/compile/20001226-1.c,  -Os  
FAIL: gcc.c-torture/execute/20010114-2.c execution,  -O1 
FAIL: gcc.c-torture/execute/20010114-2.c execution,  -O2 
FAIL: gcc.c-torture/execute/20010114-2.c execution,  -Os 
FAIL: gcc.c-torture/execute/20010123-1.c execution,  -O0 
FAIL: gcc.c-torture/execute/20010123-1.c execution,  -O1 
FAIL: gcc.c-torture/execute/20010123-1.c execution,  -O2 
FAIL: gcc.c-torture/execute/20010123-1.c execution,  -O3 -fomit-frame-pointer 
FAIL: gcc.c-torture/execute/20010123-1.c execution,  -O3 -fomit-frame-pointer -funroll-loops 
FAIL: gcc.c-torture/execute/20010123-1.c execution,  -O3 -fomit-frame-pointer -funroll-all-loops -finline-functions 
FAIL: gcc.c-torture/execute/20010123-1.c execution,  -O3 -g 
FAIL: gcc.c-torture/execute/20010123-1.c execution,  -Os 
FAIL: gcc.c-torture/execute/20010124-1.c execution,  -O0 
FAIL: gcc.c-torture/execute/20010124-1.c execution,  -O1 
FAIL: gcc.c-torture/execute/20010124-1.c execution,  -O2 
FAIL: gcc.c-torture/execute/20010124-1.c execution,  -O3 -fomit-frame-pointer 
FAIL: gcc.c-torture/execute/20010124-1.c execution,  -O3 -g 
FAIL: gcc.c-torture/execute/20010124-1.c execution,  -Os 
FAIL: gcc.c-torture/execute/20010129-1.c compilation,  -O3 -g 
FAIL: gcc.c-torture/execute/920501-6.c compilation,  -O3 -g 
FAIL: gcc.c-torture/execute/980205.c execution,  -O2 
FAIL: gcc.c-torture/execute/980205.c execution,  -O3 -fomit-frame-pointer 
FAIL: gcc.c-torture/execute/980205.c execution,  -O3 -g 
FAIL: gcc.c-torture/execute/980205.c execution,  -Os 
FAIL: gcc.c-torture/execute/eeprof-1.c execution,  -O0 
FAIL: gcc.c-torture/execute/eeprof-1.c execution,  -O1 
FAIL: gcc.c-torture/execute/eeprof-1.c execution,  -O2 
FAIL: gcc.c-torture/execute/eeprof-1.c execution,  -O3 -fomit-frame-pointer 
FAIL: gcc.c-torture/execute/eeprof-1.c execution,  -O3 -g 
FAIL: gcc.c-torture/execute/eeprof-1.c execution,  -Os 
FAIL: gcc.c-torture/execute/loop-2b.c compilation,  -O3 -g 
FAIL: gcc.c-torture/execute/va-arg-17.c compilation,  -O0 
FAIL: gcc.c-torture/execute/va-arg-17.c compilation,  -O1 
FAIL: gcc.c-torture/execute/va-arg-17.c compilation,  -O2 
FAIL: gcc.c-torture/execute/va-arg-17.c compilation,  -O3 -fomit-frame-pointer 
FAIL: gcc.c-torture/execute/va-arg-17.c compilation,  -O3 -g 
FAIL: gcc.c-torture/execute/va-arg-17.c compilation,  -Os 
FAIL: gcc.c-torture/execute/va-arg-5.c compilation,  -O0 
FAIL: gcc.c-torture/execute/va-arg-5.c compilation,  -O1 
FAIL: gcc.c-torture/execute/va-arg-5.c compilation,  -O2 
FAIL: gcc.c-torture/execute/va-arg-5.c compilation,  -O3 -fomit-frame-pointer 
FAIL: gcc.c-torture/execute/va-arg-5.c compilation,  -O3 -g 
FAIL: gcc.c-torture/execute/va-arg-5.c compilation,  -Os 
FAIL: gcc.c-torture/execute/va-arg-7.c compilation,  -O0 
FAIL: gcc.c-torture/execute/va-arg-7.c compilation,  -O1 
FAIL: gcc.c-torture/execute/va-arg-7.c compilation,  -O2 
FAIL: gcc.c-torture/execute/va-arg-7.c compilation,  -O3 -fomit-frame-pointer 
FAIL: gcc.c-torture/execute/va-arg-7.c compilation,  -O3 -g 
FAIL: gcc.c-torture/execute/va-arg-7.c compilation,  -Os 
XPASS: gcc.c-torture/execute/memcheck/blkarg.c execution,  -O0 
XPASS: gcc.c-torture/execute/memcheck/blkarg.c execution,  -O1 
XPASS: gcc.c-torture/execute/memcheck/blkarg.c execution,  -O2 
XPASS: gcc.c-torture/execute/memcheck/blkarg.c execution,  -O3 -fomit-frame-pointer 
XPASS: gcc.c-torture/execute/memcheck/blkarg.c execution,  -O3 -g 
XPASS: gcc.c-torture/execute/memcheck/blkarg.c execution,  -Os 
FAIL: gcc.dg/cpp/poison.c #if defined foo6 (test for errors, line 20)
FAIL: gcc.dg/cpp/poison.c use of foo6 (test for errors, line 23)
FAIL: gcc.dg/cpp/poison.c (test for excess errors)
FAIL: gcc.dg/cpp/tr-warn6.c traditional stringification (test for warnings, line 13)
FAIL: gcc.dg/cpp/tr-warn6.c (test for excess errors)
FAIL: gcc.dg/20001009-1.c (test for excess errors)
FAIL: gcc.dg/20001228-1.c (test for excess errors)
FAIL: gcc.dg/asm-fs-1.c (test for excess errors)
FAIL: gcc.dg/asm-fs-1.c scan-assembler-not \*_bar
FAIL: gcc.dg/asm-names.c (test for excess errors)
FAIL: gcc.dg/c90-init-1.c  (test for errors, line 22)
FAIL: gcc.dg/c90-init-1.c (test for excess errors)
FAIL: gcc.dg/c99-float-1.c (test for excess errors)
FAIL: gcc.dg/qual-return-1.c restrict defn (test for warnings, line 24)
FAIL: gcc.dg/qual-return-1.c (test for excess errors)
FAIL: gcc.dg/sequence-pt-1.c sequence point warning (test for warnings, line 59)
FAIL: gcc.dg/format/c90-scanf-2.c %A in C90 (test for warnings, line 24)
FAIL: gcc.dg/noncompile/990416-1.c (test for excess errors)
FAIL: gcc.dg/noncompile/990416-1.c (test for excess errors)
FAIL: gcc.dg/noncompile/990416-1.c (test for excess errors)
FAIL: gcc.misc-tests/mg.c

		=== gcc Summary ===

# of expected passes		14882
# of unexpected failures	81
# of unexpected successes	6
# of expected failures		66
# of unresolved testcases	21
# of unsupported tests		56
/tmp/egcs/gcc/xgcc version 3.0 20010305 (prerelease)

		=== objc tests ===


Running target unix
FAIL: objc/execute/bf-1.m compilation,  -O 
FAIL: objc/execute/bf-10.m compilation,  -O 
FAIL: objc/execute/bf-11.m compilation,  -O 
FAIL: objc/execute/bf-12.m compilation,  -O 
FAIL: objc/execute/bf-13.m compilation,  -O 
FAIL: objc/execute/bf-14.m compilation,  -O 
FAIL: objc/execute/bf-15.m compilation,  -O 
FAIL: objc/execute/bf-16.m compilation,  -O 
FAIL: objc/execute/bf-17.m compilation,  -O 
FAIL: objc/execute/bf-18.m compilation,  -O 
FAIL: objc/execute/bf-19.m compilation,  -O 
FAIL: objc/execute/bf-2.m compilation,  -O 
FAIL: objc/execute/bf-20.m compilation,  -O 
FAIL: objc/execute/bf-3.m compilation,  -O 
FAIL: objc/execute/bf-4.m compilation,  -O 
FAIL: objc/execute/bf-5.m compilation,  -O 
FAIL: objc/execute/bf-6.m compilation,  -O 
FAIL: objc/execute/bf-7.m compilation,  -O 
FAIL: objc/execute/bf-8.m compilation,  -O 
FAIL: objc/execute/bf-9.m compilation,  -O 
FAIL: objc/execute/bycopy-1.m compilation,  -O 
FAIL: objc/execute/bycopy-2.m compilation,  -O 
FAIL: objc/execute/bycopy-3.m compilation,  -O 
FAIL: objc/execute/fdecl.m compilation,  -O 
FAIL: objc/execute/np-1.m compilation,  -O 
FAIL: objc/execute/np-2.m compilation,  -O 
FAIL: objc/execute/paste.m compilation,  -O 
FAIL: objc/execute/protocol.m compilation,  -O 
FAIL: objc/execute/string1.m compilation,  -O 
FAIL: objc/execute/string2.m compilation,  -O 

		=== objc Summary ===

# of unexpected failures	30
# of untested testcases		30
/tmp/egcs/gcc/xgcc version 3.0 20010305 (prerelease)


Compiler version: 3.0 20010305 (prerelease) 
Platform: powerpc-ibm-aix4.1.5.0

BOOT_CFLAGS: -g -O9 -W -Wall



More information about the Gcc-testresults mailing list