Results for 3.0 testsuite on i686-pc-linux-gnu
Mark Purtill
purtill@softwarerevolution.com
Fri Jun 29 13:39:00 GMT 2001
Built on a RedHat 7.1 GNU/Linux system.
---
Native configuration is i686-pc-linux-gnu
=== g77 tests ===
Running target unix
=== g77 Summary ===
# of expected passes 949
=== gcc tests ===
Running target unix
XPASS: gcc.c-torture/execute/20010114-2.c execution, -O0
XPASS: gcc.c-torture/execute/20010114-2.c execution, -O3 -fomit-frame-pointer
XPASS: gcc.c-torture/execute/20010114-2.c execution, -O3 -g
FAIL: gcc.misc-tests/mg.c
=== gcc Summary ===
# of expected passes 15217
# of unexpected failures 1
# of unexpected successes 3
# of expected failures 85
# of unsupported tests 20
/usr/local/build/gcc-build/gcc/xgcc version 3.0
=== g++ tests ===
Running target unix
FAIL: g++.ext/instantiate1.C not instantiated (test for errors, line 20)
=== g++ Summary ===
# of expected passes 6481
# of unexpected failures 1
# of expected failures 102
# of untested testcases 9
/usr/local/build/gcc-build/gcc/testsuite/../g++ version 3.0
=== objc tests ===
Running target unix
=== objc Summary ===
# of expected passes 149
# of expected failures 1
/usr/local/build/gcc-build/gcc/xgcc version 3.0
=== libjava tests ===
Running target unix
XPASS: N19990310_4 output from source compiled test
XPASS: N19990310_4 -O output from source compiled test
XPASS: stringconst output from bytecode->native test
XPASS: stringconst -O output from bytecode->native test
XPASS: stub compilation from source
XPASS: stub byte compilation
XPASS: stub compilation from bytecode
XPASS: stub -O compilation from source
XPASS: stub byte compilation
XPASS: stub -O compilation from bytecode
=== libjava Summary ===
# of expected passes 1612
# of unexpected successes 10
# of expected failures 14
# of untested testcases 80
=== libstdc++-v3 tests ===
Running target unix
=== libstdc++-v3 Summary ===
# of expected passes 245
# of expected failures 8
Compiler version: 3.0
Platform: i686-pc-linux-gnu
configure flags: --host=i686-pc-linux-gnu
More information about the Gcc-testresults
mailing list