Results for 3.0 testsuite on i686-pc-linux-gnu
robday@vivaldi.ddts.net
robday@vivaldi.ddts.net
Thu Jun 21 09:56:00 GMT 2001
Compiling gcc 3.0 as: (local installation)
../gcc-3.0/configure --prefix=/home/robday/work/
--exex-prefix=/home/robday/work/
--with-local-prefix=/home/robday/work/usr/local/ --enable-threads
--enable-languages=C++
In a Athlon system 500Mhz, 128Mbytes RAM, debian 2.2r3 potato
Problems:
make bootstrap fails if I put enable-threads=pthreads
make bootstrap fails ever with:
------------------------------------------------------------------------------
else true; fi; \\
done
rm -f tmp-foo*
case "compare" in compare | compare-lean ) stage=2 ;; * ) stage=\`echo compare
| sed -e 's,^compare\\([0-9][0-9]*\\).*,\\1,'\` ;; esac; \\
if [ -f .bad_compare ]; then \\
echo "Bootstrap comparison failure!"; \\
cat .bad_compare; \\
exit 1; \\
else \\
case "compare" in \\
*-lean ) rm -rf stage\$stage ;; \\
*) ;; \\
esac; true; \\
fi
Bootstrap comparison failure!
cppdefault.o differs
gcc.o differs
make[1]: *** [compare] Error 1
make[1]: Leaving directory \`/mnt/downloads/objdir/gcc'
make: *** [bootstrap] Error 1
--------------------------------------------------------------------------
After this I have g++ like this:
sh-2.03\$ gcc/g++ -v
Using builtin specs.
Configured with: ../gcc-3.0/configure --prefix=/home/robday/work/
--exex-prefix=/home/robday/work/ : (reconfigured) ../gcc-3.0/configure
--prefix=/home/robday/work/ --exex-prefix=/home/robday/work/
--enable-threads=pthreads
Thread model: pthreads
gcc version 3.0
---------------------------------------------------------------------------
And it seems to work.. thank you!! :)
Native configuration is i686-pc-linux-gnu
=== g++ tests ===
Running target unix
=== g77 tests ===
Running target unix
FAIL: g77.f-torture/compile/19990826-1.f, -O0
FAIL: g77.f-torture/compile/19990826-1.f, -O1
FAIL: g77.f-torture/compile/19990826-1.f, -O2
FAIL: g77.f-torture/compile/19990826-1.f, -O3 -fomit-frame-pointer
FAIL: g77.f-torture/compile/19990826-1.f, -O3 -g
FAIL: g77.f-torture/compile/19990826-1.f, -Os
FAIL: g77.f-torture/compile/20000630-2.f, -O0
FAIL: g77.f-torture/compile/20000630-2.f, -O1
FAIL: g77.f-torture/compile/20000630-2.f, -O2
FAIL: g77.f-torture/compile/20000630-2.f, -O3 -fomit-frame-pointer
FAIL: g77.f-torture/compile/20000630-2.f, -O3 -g
FAIL: g77.f-torture/compile/20000630-2.f, -Os
FAIL: g77.f-torture/compile/20010321-1.f, -O0
FAIL: g77.f-torture/compile/20010321-1.f, -O1
FAIL: g77.f-torture/compile/20010321-1.f, -O2
FAIL: g77.f-torture/compile/20010321-1.f, -O3 -fomit-frame-pointer
FAIL: g77.f-torture/compile/20010321-1.f, -O3 -g
FAIL: g77.f-torture/compile/20010321-1.f, -Os
FAIL: g77.f-torture/execute/20001201.f execution, -O0
FAIL: g77.f-torture/execute/20001201.f execution, -O1
FAIL: g77.f-torture/execute/20001201.f execution, -O2
FAIL: g77.f-torture/execute/20001201.f execution, -O3 -fomit-frame-pointer
FAIL: g77.f-torture/execute/20001201.f execution, -O3 -g
FAIL: g77.f-torture/execute/20001201.f execution, -Os
=== g77 Summary ===
# of expected passes 925
# of unexpected failures 24
=== gcc tests ===
Running target unix
XPASS: gcc.c-torture/execute/20010114-2.c execution, -O0
XPASS: gcc.c-torture/execute/20010114-2.c execution, -O3 -fomit-frame-pointer
XPASS: gcc.c-torture/execute/20010114-2.c execution, -O3 -g
=== gcc Summary ===
# of expected passes 15218
# of unexpected successes 3
# of expected failures 85
# of unsupported tests 20
/mnt/downloads/objdir/gcc/xgcc version 3.0
=== objc tests ===
Running target unix
FAIL: objc/execute/IMP.m compilation, -O
FAIL: objc/execute/_cmd.m compilation, -O
FAIL: objc/execute/accessing_ivars.m compilation, -O
FAIL: objc/execute/bf-1.m compilation, -O
FAIL: objc/execute/bf-10.m compilation, -O
FAIL: objc/execute/bf-11.m compilation, -O
FAIL: objc/execute/bf-12.m compilation, -O
FAIL: objc/execute/bf-13.m compilation, -O
FAIL: objc/execute/bf-14.m compilation, -O
FAIL: objc/execute/bf-15.m compilation, -O
FAIL: objc/execute/bf-16.m compilation, -O
FAIL: objc/execute/bf-17.m compilation, -O
FAIL: objc/execute/bf-18.m compilation, -O
FAIL: objc/execute/bf-19.m compilation, -O
FAIL: objc/execute/bf-2.m compilation, -O
FAIL: objc/execute/bf-20.m compilation, -O
FAIL: objc/execute/bf-3.m compilation, -O
FAIL: objc/execute/bf-4.m compilation, -O
FAIL: objc/execute/bf-5.m compilation, -O
FAIL: objc/execute/bf-6.m compilation, -O
FAIL: objc/execute/bf-7.m compilation, -O
FAIL: objc/execute/bf-8.m compilation, -O
FAIL: objc/execute/bf-9.m compilation, -O
FAIL: objc/execute/bycopy-1.m compilation, -O
FAIL: objc/execute/bycopy-2.m compilation, -O
FAIL: objc/execute/bycopy-3.m compilation, -O
FAIL: objc/execute/class-1.m compilation, -O
FAIL: objc/execute/class-10.m compilation, -O
FAIL: objc/execute/class-11.m compilation, -O
FAIL: objc/execute/class-12.m compilation, -O
FAIL: objc/execute/class-13.m compilation, -O
FAIL: objc/execute/class-14.m compilation, -O
FAIL: objc/execute/class-2.m compilation, -O
FAIL: objc/execute/class-3.m compilation, -O
FAIL: objc/execute/class-4.m compilation, -O
FAIL: objc/execute/class-5.m compilation, -O
FAIL: objc/execute/class-6.m compilation, -O
FAIL: objc/execute/class-7.m compilation, -O
FAIL: objc/execute/class-8.m compilation, -O
FAIL: objc/execute/class-9.m compilation, -O
FAIL: objc/execute/compatibility_alias.m compilation, -O
FAIL: objc/execute/encode-1.m compilation, -O
FAIL: objc/execute/fdecl.m compilation, -O
FAIL: objc/execute/formal_protocol-1.m compilation, -O
FAIL: objc/execute/formal_protocol-2.m compilation, -O
FAIL: objc/execute/formal_protocol-3.m compilation, -O
FAIL: objc/execute/formal_protocol-4.m compilation, -O
FAIL: objc/execute/formal_protocol-5.m compilation, -O
FAIL: objc/execute/formal_protocol-6.m compilation, -O
FAIL: objc/execute/formal_protocol-7.m compilation, -O
FAIL: objc/execute/informal_protocol.m compilation, -O
FAIL: objc/execute/initialize.m compilation, -O
FAIL: objc/execute/load-2.m compilation, -O
FAIL: objc/execute/load-3.m compilation, -O
FAIL: objc/execute/load.m compilation, -O
FAIL: objc/execute/many_args_method.m compilation, -O
FAIL: objc/execute/nested-1.m compilation, -O
FAIL: objc/execute/nested-2.m compilation, -O
FAIL: objc/execute/nested-3.m compilation, -O
FAIL: objc/execute/no_clash.m compilation, -O
FAIL: objc/execute/np-1.m compilation, -O
FAIL: objc/execute/np-2.m compilation, -O
FAIL: objc/execute/paste.m compilation, -O
FAIL: objc/execute/private.m compilation, -O
FAIL: objc/execute/protocol.m compilation, -O
FAIL: objc/execute/redefining_self.m compilation, -O
FAIL: objc/execute/root_methods.m compilation, -O
FAIL: objc/execute/selector-1.m compilation, -O
FAIL: objc/execute/static-1.m compilation, -O
FAIL: objc/execute/static-2.m compilation, -O
FAIL: objc/execute/string1.m compilation, -O
FAIL: objc/execute/string2.m compilation, -O
FAIL: objc/execute/string3.m compilation, -O
FAIL: objc/execute/string4.m compilation, -O
FAIL: objc/execute/va_method.m compilation, -O
=== objc Summary ===
# of unexpected failures 75
# of untested testcases 75
/mnt/downloads/objdir/gcc/xgcc version 3.0
Compiler version: 3.0
Platform: i686-pc-linux-gnu
configure flags: --host=i686-pc-linux-gnu --prefix=/home/robday/work/ --exex-prefix=/home/robday/work/ --with-local-prefix=/home/robday/work/usr/local/ --enable-threads --enable-languages=C++
More information about the Gcc-testresults
mailing list