Results for 3.020010615(prerelease) testsuite on i686-pc-linux-gnu
Laurynas Biveinis
lauras@softhome.net
Mon Jun 18 12:22:00 GMT 2001
Native configuration is i686-pc-linux-gnu
=== g77 tests ===
Running target unix
=== g77 Summary ===
# of expected passes 949
=== gcc tests ===
Running target unix
FAIL: gcc.c-torture/compile/20001226-1.c, -Os
XPASS: gcc.c-torture/execute/20010114-2.c execution, -O0
XPASS: gcc.c-torture/execute/20010114-2.c execution, -O3 -fomit-frame-pointer
XPASS: gcc.c-torture/execute/20010114-2.c execution, -O3 -g
FAIL: gcc.c-torture/execute/920730-1t.c compilation, -O0
FAIL: gcc.c-torture/execute/920730-1t.c compilation, -O1
FAIL: gcc.c-torture/execute/920730-1t.c compilation, -O2
FAIL: gcc.c-torture/execute/920730-1t.c compilation, -O3 -fomit-frame-pointer
FAIL: gcc.c-torture/execute/920730-1t.c compilation, -O3 -g
FAIL: gcc.c-torture/execute/920730-1t.c compilation, -Os
FAIL: gcc.dg/format/c99-scanf-1.c %hhu sign (test for warnings, line 144)
FAIL: gcc.dg/format/c99-scanf-1.c %hhu sign (test for warnings, line 144)
FAIL: gcc.misc-tests/mg.c
=== gcc Summary ===
# of expected passes 15202
# of unexpected failures 10
# of unexpected successes 3
# of expected failures 85
# of unresolved testcases 6
# of unsupported tests 20
/usr/local/cvs/gcc-3.0/gcc/obj/gcc/xgcc version 3.0 20010615 (prerelease)
=== g++ tests ===
Running target unix
FAIL: g++.ext/instantiate1.C not instantiated (test for errors, line 20)
=== g++ Summary ===
# of expected passes 6481
# of unexpected failures 1
# of expected failures 102
# of untested testcases 9
/usr/local/cvs/gcc-3.0/gcc/obj/gcc/testsuite/../g++ version 3.0 20010615 (prerelease)
=== objc tests ===
Running target unix
=== objc Summary ===
# of expected passes 149
# of expected failures 1
/usr/local/cvs/gcc-3.0/gcc/obj/gcc/xgcc version 3.0 20010615 (prerelease)
=== libjava tests ===
Running target unix
XPASS: N19990310_4 output from source compiled test
XPASS: N19990310_4 -O output from source compiled test
XPASS: stringconst output from bytecode->native test
XPASS: stringconst -O output from bytecode->native test
XPASS: stub compilation from source
XPASS: stub byte compilation
XPASS: stub compilation from bytecode
XPASS: stub -O compilation from source
XPASS: stub byte compilation
XPASS: stub -O compilation from bytecode
=== libjava Summary ===
# of expected passes 1612
# of unexpected successes 10
# of expected failures 14
# of untested testcases 80
=== libstdc++-v3 tests ===
Running target unix
FAIL: 21_strings/ctor_copy_dtor.cc execution test
FAIL: 21_strings/insert.cc execution test
=== libstdc++-v3 Summary ===
# of expected passes 243
# of unexpected failures 2
# of expected failures 8
Compiler version: 3.020010615(prerelease)
Platform: i686-pc-linux-gnu
configure flags: --host=i686-pc-linux-gnu --prefix=/usr/local
More information about the Gcc-testresults
mailing list