Results for 3.0 20010614 (prerelease) testsuite on powerpc-unknown-linux-gnu
Mark Mitchell
mmitchel@entropy.crashing.org
Thu Jun 14 23:15:00 GMT 2001
Native configuration is powerpc-unknown-linux-gnu
=== g++ tests ===
Running target unix
FAIL: g++.ext/instantiate1.C not instantiated (test for errors, line 20)
=== g++ Summary ===
# of expected passes 6464
# of unexpected failures 1
# of expected failures 102
# of untested testcases 20
/home/mmitchel/gcc_auto_build/gcc/powerpc-unknown-linux-gnu/gcc/testsuite/../g++ version 3.0 20010614 (prerelease)
=== g77 tests ===
Running target unix
=== g77 Summary ===
# of expected passes 933
# of unsupported tests 8
=== gcc tests ===
Running target unix
XPASS: gcc.c-torture/execute/20010114-2.c execution, -O0
XPASS: gcc.c-torture/execute/20010114-2.c execution, -O1
XPASS: gcc.c-torture/execute/20010114-2.c execution, -O2
XPASS: gcc.c-torture/execute/20010114-2.c execution, -O3 -fomit-frame-pointer
XPASS: gcc.c-torture/execute/20010114-2.c execution, -O3 -g
XPASS: gcc.c-torture/execute/20010114-2.c execution, -Os
FAIL: gcc.misc-tests/mg.c
=== gcc Summary ===
# of expected passes 15177
# of unexpected failures 1
# of unexpected successes 6
# of expected failures 75
# of unsupported tests 47
/home/mmitchel/gcc_auto_build/gcc/powerpc-unknown-linux-gnu/gcc/xgcc version 3.0 20010614 (prerelease)
=== objc tests ===
Running target unix
=== objc Summary ===
# of expected passes 149
# of expected failures 1
/home/mmitchel/gcc_auto_build/gcc/powerpc-unknown-linux-gnu/gcc/xgcc version 3.0 20010614 (prerelease)
=== libjava tests ===
Running target unix
XPASS: N19990310_4 output from source compiled test
XPASS: N19990310_4 -O output from source compiled test
FAIL: Primes output from source compiled test
FAIL: Primes output from bytecode->native test
FAIL: Primes -O output from source compiled test
FAIL: Primes -O output from bytecode->native test
XPASS: stringconst output from bytecode->native test
XPASS: stringconst -O output from bytecode->native test
XPASS: stub compilation from source
XPASS: stub byte compilation
XPASS: stub compilation from bytecode
XPASS: stub -O compilation from source
XPASS: stub byte compilation
XPASS: stub -O compilation from bytecode
=== libjava Summary ===
# of expected passes 1608
# of unexpected failures 4
# of unexpected successes 10
# of expected failures 14
# of untested testcases 80
=== libstdc++-v3 tests ===
Running target unix
FAIL: 22_locale/codecvt_unicode_char.cc execution test
FAIL: 22_locale/codecvt_unicode_wchar_t.cc execution test
=== libstdc++-v3 Summary ===
# of expected passes 243
# of unexpected failures 2
# of expected failures 8
Compiler version: 3.0 20010614 (prerelease)
Platform: powerpc-unknown-linux-gnu
configure flags: --host=powerpc-unknown-linux-gnu --prefix=/home/mmitchel/gcc_auto_build/install/powerpc-unknown-linux-gnu
More information about the Gcc-testresults
mailing list