gcc-20010612 sparc-sun-solaris2.8 [with binutils]
Benoît Sibaud
benoit.sibaud@rd.francetelecom.fr
Thu Jun 14 02:19:00 GMT 2001
gcc-20010612 from CodeSourcery on sparc-sun-solaris2.8 (with
binutils-20010611)
( ld/ bfd/ binutils/ gas/ gprof/ opcodes/ include/ directories from
binutils added in gcc)
../gcc/configure --prefix=/tmp/install_gcc2 --with-gnu-as
--enable-gnu-binutils --enable-threads=posix --enable-shared
--enable-languages=c++
Test Run By sibaudbe on Wed Jun 13 18:53:28 2001
Native configuration is sparc-sun-solaris2.8
=== gcc tests ===
Schedule of variations:
unix
XPASS: gcc.c-torture/execute/20010114-2.c execution, -O0
XPASS: gcc.c-torture/execute/20010114-2.c execution, -O1
XPASS: gcc.c-torture/execute/20010114-2.c execution, -O2
XPASS: gcc.c-torture/execute/20010114-2.c execution, -O3
-fomit-frame-pointer
XPASS: gcc.c-torture/execute/20010114-2.c execution, -O3 -g
XPASS: gcc.c-torture/execute/20010114-2.c execution, -Os
FAIL: gcc.c-torture/execute/990222-1.c execution, -O3
-fomit-frame-pointer -funroll-all-loops -finline-functions
FAIL: gcc.dg/20001013-1.c (test for excess errors)
WARNING: gcc.dg/20001013-1.c compilation failed to produce executable
=== gcc Summary ===
# of expected passes 15161
# of unexpected failures 2
# of unexpected successes 6
# of expected failures 77
# of unsupported tests 48
/appli/GCC/ourson2/build-gcc/gcc/xgcc version 3.0 20010612 (prerelease)
Test Run By sibaudbe on Wed Jun 13 22:01:28 2001
Native configuration is sparc-sun-solaris2.8
=== g++ tests ===
Schedule of variations:
unix
FAIL: g++.eh/badalloc1.C Execution test
FAIL: g++.ext/instantiate1.C not instantiated (test for errors, line 20)
XPASS: g++.other/crash27.C (test for excess errors)
=== g++ Summary ===
# of expected passes 6461
# of unexpected failures 2
# of unexpected successes 1
# of expected failures 102
# of untested testcases 18
/appli/GCC/ourson2/build-gcc/gcc/testsuite/../g++ version 3.0 20010612
(prerelease)
Test Run By sibaudbe on Wed Jun 13 17:59:14 2001
Native configuration is sparc-sun-solaris2.8
=== binutils tests ===
Schedule of variations:
unix
FAIL: readelf -wi
=== binutils Summary ===
# of expected passes 31
# of unexpected failures 1
--
Benoît Sibaud
R&D Engineer - France Telecom R&D
More information about the Gcc-testresults
mailing list