Results for 3.0 20010611 (prerelease) testsuite on alpha-unknown-freebsd5.0
Loren James Rittle
ljrittle@beast.freebsd.org
Tue Jun 12 03:48:00 GMT 2001
Native configuration is alpha-unknown-freebsd5.0
=== libstdc++-v3 tests ===
Running target unix
XPASS: 26_numerics/c99_classification_macros_c.cc (test for excess errors)
=== libstdc++-v3 Summary for unix ===
# of expected passes 245
# of unexpected successes 1
# of expected failures 7
Running target unix/-pthread -fpic
XPASS: 26_numerics/c99_classification_macros_c.cc (test for excess errors)
=== libstdc++-v3 Summary for unix/-pthread -fpic ===
# of expected passes 245
# of unexpected successes 1
# of expected failures 7
=== libstdc++-v3 Summary ===
# of expected passes 490
# of unexpected successes 2
# of expected failures 14
=== g77 tests ===
Running target unix
=== g77 Summary for unix ===
# of expected passes 933
# of unsupported tests 8
Running target unix/-pthread -fpic
FAIL: g77.f-torture/execute/u77-test.f execution, -O0
FAIL: g77.f-torture/execute/u77-test.f execution, -O1
FAIL: g77.f-torture/execute/u77-test.f execution, -O2
FAIL: g77.f-torture/execute/u77-test.f execution, -O3 -fomit-frame-pointer
FAIL: g77.f-torture/execute/u77-test.f execution, -O3 -fomit-frame-pointer -funroll-loops
FAIL: g77.f-torture/execute/u77-test.f execution, -O3 -fomit-frame-pointer -funroll-all-loops -finline-functions
FAIL: g77.f-torture/execute/u77-test.f execution, -O3 -g
FAIL: g77.f-torture/execute/u77-test.f execution, -Os
=== g77 Summary for unix/-pthread -fpic ===
# of expected passes 925
# of unexpected failures 8
# of unsupported tests 8
=== g77 Summary ===
# of expected passes 1858
# of unexpected failures 8
# of unsupported tests 16
=== gcc tests ===
Running target unix
FAIL: gcc.c-torture/compile/20001226-1.c, -O2
FAIL: gcc.c-torture/compile/20001226-1.c, -O3 -fomit-frame-pointer
FAIL: gcc.c-torture/compile/20001226-1.c, -O3 -g
FAIL: gcc.c-torture/compile/20001226-1.c, -Os
XPASS: gcc.c-torture/execute/20010114-2.c execution, -O0
XPASS: gcc.c-torture/execute/20010114-2.c execution, -O1
XPASS: gcc.c-torture/execute/20010114-2.c execution, -O2
XPASS: gcc.c-torture/execute/20010114-2.c execution, -O3 -fomit-frame-pointer
XPASS: gcc.c-torture/execute/20010114-2.c execution, -O3 -g
XPASS: gcc.c-torture/execute/20010114-2.c execution, -Os
=== objc tests ===
Running target unix
=== objc Summary for unix ===
# of expected passes 149
# of expected failures 1
Running target unix/-pthread -fpic
=== objc Summary for unix/-pthread -fpic ===
# of expected passes 149
# of expected failures 1
=== objc Summary ===
# of expected passes 298
# of expected failures 2
/j/ljrittle/gcc-build-beast-0611/gcc/xgcc version 3.0 20010611 (prerelease)
Compiler version: 3.0 20010611 (prerelease)
Platform: alpha-unknown-freebsd5.0
configure flags: --host=alpha-unknown-freebsd5.0 --enable-shared --enable-threads=posix --prefix=/home/ljrittle/tmp-beast/install-beast --with-gnu-as --with-as=/home/ljrittle/tmp-beast/install-beast/bin/as --with-gnu-ld --with-ld=/home/ljrittle/tmp-beast/install-beast/bin/ld
BOOT_CFLAGS=-g -O2
More information about the Gcc-testresults
mailing list