Results for 3.0 20010610 (prerelease) testsuite on alphaev6-unknown-linux-gnu
Richard Henderson
rth@cygnus.com
Sun Jun 10 18:49:00 GMT 2001
Native configuration is alphaev6-unknown-linux-gnu
=== libjava tests ===
Running target unix
XPASS: N19990310_4 output from source compiled test
XPASS: N19990310_4 -O output from source compiled test
XPASS: stringconst output from bytecode->native test
XPASS: stringconst -O output from bytecode->native test
XPASS: stub compilation from source
XPASS: stub byte compilation
XPASS: stub compilation from bytecode
XPASS: stub -O compilation from source
XPASS: stub byte compilation
XPASS: stub -O compilation from bytecode
=== libjava Summary ===
# of expected passes 1676
# of unexpected successes 10
# of expected failures 14
# of untested testcases 16
=== libstdc++-v3 tests ===
Running target unix
FAIL: 27_io/fpos.cc execution test
FAIL: 27_io/istream_seeks.cc execution test
=== libstdc++-v3 Summary ===
# of expected passes 241
# of unexpected failures 2
# of expected failures 8
=== g77 tests ===
Running target unix
=== g77 Summary ===
# of expected passes 933
# of unsupported tests 8
=== gcc tests ===
Running target unix
XPASS: gcc.c-torture/execute/20010114-2.c execution, -O0
XPASS: gcc.c-torture/execute/20010114-2.c execution, -O1
XPASS: gcc.c-torture/execute/20010114-2.c execution, -O2
XPASS: gcc.c-torture/execute/20010114-2.c execution, -O3 -fomit-frame-pointer
XPASS: gcc.c-torture/execute/20010114-2.c execution, -O3 -g
XPASS: gcc.c-torture/execute/20010114-2.c execution, -Os
FAIL: gcc.c-torture/execute/930614-2.c compilation, -O3 -fomit-frame-pointer -funroll-loops
FAIL: gcc.c-torture/execute/930614-2.c compilation, -O3 -fomit-frame-pointer -funroll-all-loops -finline-functions
FAIL: gcc.c-torture/execute/991023-1.c compilation, -O3 -fomit-frame-pointer -funroll-loops
FAIL: gcc.c-torture/execute/991023-1.c compilation, -O3 -fomit-frame-pointer -funroll-all-loops -finline-functions
FAIL: gcc.misc-tests/mg.c
=== gcc Summary ===
# of expected passes 15146
# of unexpected failures 5
# of unexpected successes 6
# of expected failures 79
# of unresolved testcases 4
# of unsupported tests 50
/castro/street/rth/gcc/build/3.0/gcc/xgcc version 3.0 20010610 (prerelease)
=== g++ tests ===
Running target unix
XPASS: g++.other/crash27.C (test for excess errors)
=== g++ Summary ===
# of expected passes 6460
# of unexpected successes 1
# of expected failures 102
# of untested testcases 19
/castro/street/rth/gcc/build/3.0/gcc/testsuite/../g++ version 3.0 20010610 (prerelease)
=== objc tests ===
Running target unix
=== objc Summary ===
# of expected passes 149
# of expected failures 1
/castro/street/rth/gcc/build/3.0/gcc/xgcc version 3.0 20010610 (prerelease)
Compiler version: 3.0 20010610 (prerelease)
Platform: alphaev6-unknown-linux-gnu
configure flags: --host=alphaev6-unknown-linux-gnu --prefix=/castro/street/H-alpha-linux --enable-threads=posix
More information about the Gcc-testresults
mailing list