Results for 3.020010608(Debianprerelease) testsuite on i386-pc-linux-gnu
Matthias Klose
doko@cs.tu-berlin.de
Fri Jun 8 16:54:00 GMT 2001
Native configuration is i386-pc-linux-gnu
=== g++ tests ===
Running target unix
FAIL: g++.ext/instantiate1.C not instantiated (test for errors, line 20)
XPASS: g++.other/crash27.C (test for excess errors)
=== g++ Summary ===
# of expected passes 6472
# of unexpected failures 1
# of unexpected successes 1
# of expected failures 102
# of untested testcases 9
/src/gcc/gcc-3.0-3.0.ds7/build/gcc/testsuite/../g++ version 3.0 20010608 (Debian prerelease)
=== g77 tests ===
Running target unix
XPASS: g77.f-torture/compile/20000629-1.f, -O3 -fomit-frame-pointer -funroll-loops
XPASS: g77.f-torture/compile/20000629-1.f, -O3 -fomit-frame-pointer -funroll-all-loops -finline-functions
=== g77 Summary ===
# of expected passes 931
# of unexpected successes 2
# of unsupported tests 8
=== gcc tests ===
Running target unix
XPASS: gcc.c-torture/execute/20010114-2.c execution, -O0
XPASS: gcc.c-torture/execute/20010114-2.c execution, -O3 -fomit-frame-pointer
XPASS: gcc.c-torture/execute/20010114-2.c execution, -O3 -g
FAIL: gcc.dg/format/attr-3.c format_arg ret unsigned char string (test for errors, line 78)
FAIL: gcc.dg/format/attr-3.c (test for excess errors)
FAIL: gcc.misc-tests/mg.c
=== gcc Summary ===
# of expected passes 15201
# of unexpected failures 3
# of unexpected successes 3
# of expected failures 85
# of unsupported tests 20
/src/gcc/gcc-3.0-3.0.ds7/build/gcc/xgcc version 3.0 20010608 (Debian prerelease)
=== objc tests ===
Running target unix
=== objc Summary ===
# of expected passes 145
# of expected failures 1
/src/gcc/gcc-3.0-3.0.ds7/build/gcc/xgcc version 3.0 20010608 (Debian prerelease)
=== libjava tests ===
Running target unix
XPASS: N19990310_4 output from source compiled test
XPASS: N19990310_4 -O output from source compiled test
XPASS: stringconst output from bytecode->native test
XPASS: stringconst -O output from bytecode->native test
XPASS: stub compilation from source
XPASS: stub byte compilation
XPASS: stub compilation from bytecode
XPASS: stub -O compilation from source
XPASS: stub byte compilation
XPASS: stub -O compilation from bytecode
=== libjava Summary ===
# of expected passes 1676
# of unexpected successes 10
# of expected failures 14
# of untested testcases 16
=== libstdc++-v3 tests ===
Running target unix
FAIL: 21_strings/ctor_copy_dtor.cc execution test
FAIL: 21_strings/insert.cc execution test
=== libstdc++-v3 Summary ===
# of expected passes 241
# of unexpected failures 2
# of expected failures 8
Compiler version: 3.020010608(Debianprerelease)
Platform: i386-pc-linux-gnu
configure flags: --host=i386-linux -v --enable-languages=c,c++,java,f77,proto,objc --prefix=/usr --infodir=/share/info --mandir=/share/man --enable-shared --with-gnu-as --with-gnu-ld --with-system-zlib --enable-long-long --enable-nls --without-x --without-included-gettext --disable-checking --enable-threads=posix --enable-java-gc=boehm --with-cpp-install-dir=bin --enable-objc-gc
More information about the Gcc-testresults
mailing list