Results for 3.0 20010604 (prerelease) testsuite on i686-pc-linux-gnu
Peter Schmid
schmid@snake.iap.physik.tu-darmstadt.de
Mon Jun 4 11:46:00 GMT 2001
Native configuration is i686-pc-linux-gnu
=== g++ tests ===
Running target unix
FAIL: g++.ext/instantiate1.C not instantiated (test for errors, line 20)
XPASS: g++.other/crash27.C (test for excess errors)
FAIL: g++.warn/impint.C (test for excess errors)
=== g++ Summary ===
# of expected passes 6456
# of unexpected failures 2
# of unexpected successes 1
# of expected failures 102
# of untested testcases 9
/mnt/egcs/build/gcc/testsuite/../g++ version 3.0 20010604 (prerelease)
=== g77 tests ===
Running target unix
XPASS: g77.f-torture/compile/20000629-1.f, -O3 -fomit-frame-pointer -funroll-loops
XPASS: g77.f-torture/compile/20000629-1.f, -O3 -fomit-frame-pointer -funroll-all-loops -finline-functions
=== g77 Summary ===
# of expected passes 947
# of unexpected successes 2
=== gcc tests ===
Running target unix
XPASS: gcc.c-torture/execute/20010114-2.c execution, -O0
XPASS: gcc.c-torture/execute/20010114-2.c execution, -O3 -fomit-frame-pointer
XPASS: gcc.c-torture/execute/20010114-2.c execution, -O3 -g
=== gcc Summary ===
# of expected passes 15161
# of unexpected successes 3
# of expected failures 85
# of unsupported tests 20
/mnt/egcs/build/gcc/xgcc version 3.0 20010604 (prerelease)
=== objc tests ===
Running target unix
=== objc Summary ===
# of expected passes 145
# of expected failures 1
/mnt/egcs/build/gcc/xgcc version 3.0 20010604 (prerelease)
=== libstdc++-v3 tests ===
Running target unix
=== libstdc++-v3 Summary ===
# of expected passes 239
# of expected failures 8
Compiler version: 3.0 20010604 (prerelease)
Platform: i686-pc-linux-gnu
configure flags: --host=i686-pc-linux-gnu --enable-shared --disable-nls --enable-threads=posix --enable-long-long --enable-languages=c,c++,f77,objc
More information about the Gcc-testresults
mailing list