Results for 3.0 20010531 (prerelease) testsuite on sparc-sun-solaris2.8
ro@TechFak.Uni-Bielefeld.DE
ro@TechFak.Uni-Bielefeld.DE
Fri Jun 1 14:13:00 GMT 2001
Native configuration is sparc-sun-solaris2.8
=== g++ tests ===
Running target unix/-m64
FAIL: g++.dg/mangle1.C scan-assembler
FAIL: g++.dg/special/conpr-1.C execution test
FAIL: g++.dg/special/conpr-2.C execution test
FAIL: g++.dg/special/conpr-3.C execution test
FAIL: g++.dg/special/conpr-3.C execution test
FAIL: g++.dg/special/conpr-1.C execution test
FAIL: g++.brendan/crash20.C caused compiler crash
FAIL: g++.ext/instantiate1.C not instantiated (test for errors, line 20)
FAIL: g++.ext/instantiate1.C not instantiated (test for errors, line 22)
FAIL: g++.ext/instantiate2.C not instantiated (test for errors, line 19)
FAIL: g++.ext/instantiate3.C not instantiated (test for errors, line 13)
FAIL: g++.ext/namedret1.C caused compiler crash
FAIL: g++.law/profile1.C (test for excess errors)
XPASS: g++.oliva/delete3.C Execution test
XPASS: g++.other/crash27.C (test for excess errors)
FAIL: g++.other/optimize3.C caused compiler crash
=== g++ Summary ===
# of expected passes 6426
# of unexpected failures 14
# of unexpected successes 2
# of expected failures 103
# of untested testcases 18
/amnt/figaro/volumes/obj-gcc/gcc/obj.sol2/gcc-3.0-20010531/8-gcc-dist-bi-arch/gcc/testsuite/../g++ version 3.0 20010531 (prerelease)
=== g77 tests ===
Running target unix/-m64
FAIL: g77.f-torture/compile/19990826-3.f, -O2
FAIL: g77.f-torture/compile/19990826-3.f, -O3 -fomit-frame-pointer
FAIL: g77.f-torture/compile/19990826-3.f, -O3 -fomit-frame-pointer -funroll-loops
FAIL: g77.f-torture/compile/19990826-3.f, -O3 -fomit-frame-pointer -funroll-all-loops -finline-functions
FAIL: g77.f-torture/compile/19990826-3.f, -O3 -g
FAIL: g77.f-torture/compile/19990826-3.f, -Os
FAIL: g77.f-torture/execute/19990826-2.f compilation, -O1
FAIL: g77.f-torture/execute/19990826-2.f compilation, -O2
FAIL: g77.f-torture/execute/19990826-2.f compilation, -O3 -fomit-frame-pointer
FAIL: g77.f-torture/execute/19990826-2.f compilation, -O3 -g
FAIL: g77.f-torture/execute/19990826-2.f compilation, -Os
FAIL: g77.f-torture/execute/20010116.f compilation, -O1
FAIL: g77.f-torture/execute/20010116.f compilation, -O2
FAIL: g77.f-torture/execute/20010116.f compilation, -O3 -fomit-frame-pointer
FAIL: g77.f-torture/execute/20010116.f compilation, -O3 -fomit-frame-pointer -funroll-loops
FAIL: g77.f-torture/execute/20010116.f compilation, -O3 -fomit-frame-pointer -funroll-all-loops -finline-functions
FAIL: g77.f-torture/execute/20010116.f compilation, -O3 -g
FAIL: g77.f-torture/execute/20010116.f compilation, -Os
=== g77 Summary ===
# of expected passes 903
# of unexpected failures 18
# of untested testcases 12
# of unsupported tests 8
=== gcc tests ===
Running target unix/-m64
XPASS: gcc.c-torture/execute/20010114-2.c execution, -O0
XPASS: gcc.c-torture/execute/20010114-2.c execution, -O1
XPASS: gcc.c-torture/execute/20010114-2.c execution, -O2
XPASS: gcc.c-torture/execute/20010114-2.c execution, -O3 -fomit-frame-pointer
XPASS: gcc.c-torture/execute/20010114-2.c execution, -O3 -g
XPASS: gcc.c-torture/execute/20010114-2.c execution, -Os
FAIL: gcc.c-torture/execute/20010122-1.c execution, -O0
FAIL: gcc.c-torture/execute/20010122-1.c execution, -O1
FAIL: gcc.c-torture/execute/20010122-1.c execution, -O2
FAIL: gcc.c-torture/execute/20010122-1.c execution, -O3 -fomit-frame-pointer
FAIL: gcc.c-torture/execute/20010122-1.c execution, -O3 -fomit-frame-pointer -funroll-loops
FAIL: gcc.c-torture/execute/20010122-1.c execution, -O3 -fomit-frame-pointer -funroll-all-loops -finline-functions
FAIL: gcc.c-torture/execute/20010122-1.c execution, -O3 -g
FAIL: gcc.c-torture/execute/20010122-1.c execution, -Os
FAIL: gcc.c-torture/execute/991014-1.c compilation, -O0
FAIL: gcc.c-torture/execute/991014-1.c compilation, -O1
FAIL: gcc.c-torture/execute/991014-1.c compilation, -O2
FAIL: gcc.c-torture/execute/991014-1.c compilation, -O3 -fomit-frame-pointer
FAIL: gcc.c-torture/execute/991014-1.c compilation, -O3 -g
FAIL: gcc.c-torture/execute/991014-1.c compilation, -Os
FAIL: gcc.c-torture/execute/built-in-setjmp.c execution, -O1
FAIL: gcc.c-torture/execute/built-in-setjmp.c execution, -O2
FAIL: gcc.c-torture/execute/built-in-setjmp.c execution, -O3 -fomit-frame-pointer
FAIL: gcc.c-torture/execute/built-in-setjmp.c execution, -O3 -fomit-frame-pointer -funroll-loops
FAIL: gcc.c-torture/execute/built-in-setjmp.c execution, -O3 -fomit-frame-pointer -funroll-all-loops -finline-functions
FAIL: gcc.c-torture/execute/built-in-setjmp.c execution, -O3 -g
XPASS: gcc.c-torture/execute/loop-2b.c execution, -O0
XPASS: gcc.c-torture/execute/loop-2b.c execution, -O1
XPASS: gcc.c-torture/execute/loop-2b.c execution, -O2
XPASS: gcc.c-torture/execute/loop-2b.c execution, -O3 -fomit-frame-pointer
XPASS: gcc.c-torture/execute/loop-2b.c execution, -O3 -fomit-frame-pointer -funroll-loops
XPASS: gcc.c-torture/execute/loop-2b.c execution, -O3 -fomit-frame-pointer -funroll-all-loops -finline-functions
XPASS: gcc.c-torture/execute/loop-2b.c execution, -O3 -g
XPASS: gcc.c-torture/execute/loop-2b.c execution, -Os
FAIL: gcc.c-torture/execute/regstack-1.c execution, -O0
FAIL: gcc.dg/20001013-1.c (test for excess errors)
FAIL: linkage.c
=== gcc Summary ===
# of expected passes 15076
# of unexpected failures 23
# of unexpected successes 14
# of expected failures 83
# of unresolved testcases 9
# of unsupported tests 49
/amnt/figaro/volumes/obj-gcc/gcc/obj.sol2/gcc-3.0-20010531/8-gcc-dist-bi-arch/gcc/xgcc version 3.0 20010531 (prerelease)
=== objc tests ===
Running target unix/-m64
FAIL: objc/execute/IMP.m execution, -O
FAIL: objc/execute/_cmd.m execution, -O
FAIL: objc/execute/accessing_ivars.m execution, -O
FAIL: objc/execute/bf-1.m execution, -O
FAIL: objc/execute/bf-10.m execution, -O
FAIL: objc/execute/bf-11.m execution, -O
FAIL: objc/execute/bf-12.m execution, -O
FAIL: objc/execute/bf-13.m execution, -O
FAIL: objc/execute/bf-14.m execution, -O
FAIL: objc/execute/bf-15.m execution, -O
FAIL: objc/execute/bf-16.m execution, -O
FAIL: objc/execute/bf-17.m execution, -O
FAIL: objc/execute/bf-18.m execution, -O
FAIL: objc/execute/bf-19.m execution, -O
FAIL: objc/execute/bf-2.m execution, -O
FAIL: objc/execute/bf-20.m execution, -O
FAIL: objc/execute/bf-3.m execution, -O
FAIL: objc/execute/bf-4.m execution, -O
FAIL: objc/execute/bf-5.m execution, -O
FAIL: objc/execute/bf-6.m execution, -O
FAIL: objc/execute/bf-7.m execution, -O
FAIL: objc/execute/bf-8.m execution, -O
FAIL: objc/execute/bf-9.m execution, -O
FAIL: objc/execute/bycopy-1.m execution, -O
FAIL: objc/execute/bycopy-2.m execution, -O
FAIL: objc/execute/bycopy-3.m execution, -O
FAIL: objc/execute/class-1.m execution, -O
FAIL: objc/execute/class-10.m execution, -O
FAIL: objc/execute/class-11.m execution, -O
FAIL: objc/execute/class-12.m execution, -O
FAIL: objc/execute/class-13.m execution, -O
FAIL: objc/execute/class-14.m execution, -O
FAIL: objc/execute/class-2.m execution, -O
FAIL: objc/execute/class-3.m execution, -O
FAIL: objc/execute/class-4.m execution, -O
FAIL: objc/execute/class-5.m execution, -O
FAIL: objc/execute/class-6.m execution, -O
FAIL: objc/execute/class-7.m execution, -O
FAIL: objc/execute/class-8.m execution, -O
FAIL: objc/execute/class-9.m execution, -O
FAIL: objc/execute/compatibility_alias.m execution, -O
FAIL: objc/execute/fdecl.m execution, -O
FAIL: objc/execute/formal_protocol-1.m execution, -O
FAIL: objc/execute/formal_protocol-2.m execution, -O
FAIL: objc/execute/formal_protocol-3.m execution, -O
FAIL: objc/execute/formal_protocol-4.m execution, -O
FAIL: objc/execute/formal_protocol-5.m execution, -O
FAIL: objc/execute/formal_protocol-7.m execution, -O
FAIL: objc/execute/initialize.m execution, -O
FAIL: objc/execute/load.m execution, -O
FAIL: objc/execute/many_args_method.m execution, -O
FAIL: objc/execute/nested-3.m execution, -O
FAIL: objc/execute/no_clash.m execution, -O
FAIL: objc/execute/np-1.m execution, -O
FAIL: objc/execute/np-2.m execution, -O
FAIL: objc/execute/private.m execution, -O
FAIL: objc/execute/protocol.m execution, -O
FAIL: objc/execute/redefining_self.m execution, -O
FAIL: objc/execute/root_methods.m execution, -O
FAIL: objc/execute/selector-1.m execution, -O
FAIL: objc/execute/static-1.m execution, -O
FAIL: objc/execute/static-2.m execution, -O
FAIL: objc/execute/string1.m execution, -O
FAIL: objc/execute/string2.m execution, -O
FAIL: objc/execute/string3.m execution, -O
FAIL: objc/execute/string4.m execution, -O
FAIL: objc/execute/va_method.m execution, -O
=== objc Summary ===
# of expected passes 78
# of unexpected failures 67
# of expected failures 1
/amnt/figaro/volumes/obj-gcc/gcc/obj.sol2/gcc-3.0-20010531/8-gcc-dist-bi-arch/gcc/xgcc version 3.0 20010531 (prerelease)
=== libstdc++-v3 tests ===
Running target unix
FAIL: 21_strings/append.cc execution test
FAIL: 21_strings/c_strings.cc execution test
FAIL: 21_strings/ctor_copy_dtor.cc execution test
FAIL: 21_strings/element_access.cc execution test
FAIL: 21_strings/insert.cc execution test
FAIL: 21_strings/substr.cc execution test
FAIL: 22_locale/codecvt_unicode_char.cc execution test
FAIL: 22_locale/codecvt_unicode_wchar_t.cc execution test
FAIL: 23_containers/vector_element_access.cc execution test
FAIL: 26_numerics/buggy_complex.cc (test for excess errors)
XPASS: 26_numerics/c99_classification_macros_c.cc (test for excess errors)
FAIL: 26_numerics/c_math.cc (test for excess errors)
FAIL: 26_numerics/complex_value.cc (test for excess errors)
=== libstdc++-v3 Summary ===
# of expected passes 224
# of unexpected failures 12
# of unexpected successes 1
# of expected failures 7
Compiler version: 3.0 20010531 (prerelease)
Platform: sparc-sun-solaris2.8
configure flags: --host=sparc-sun-solaris2.8 --prefix=/vol/gcc --with-local-prefix=/vol/gcc
More information about the Gcc-testresults
mailing list