Results for 3.1 20010722 (experimental) testsuite on i686-pc-linux-gnu
Neil Booth
neil@daikokuya.demon.co.uk
Sun Jul 22 10:54:00 GMT 2001
Native configuration is i686-pc-linux-gnu
=== g++ tests ===
Running target unix
FAIL: g++.ext/instantiate1.C not instantiated (test for errors, line 20)
FAIL: g++.other/enum5.C (test for excess errors)
XPASS: g++.robertl/eb17.C Execution test
=== g++ Summary ===
# of expected passes 6550
# of unexpected failures 2
# of unexpected successes 1
# of expected failures 85
# of untested testcases 9
/home/neil/src/gcc/build/gcc/testsuite/../g++ version 3.1 20010722 (experimental)
=== g77 tests ===
Running target unix
=== g77 Summary ===
# of expected passes 1057
=== gcc tests ===
Running target unix
=== gcc Summary ===
# of expected passes 15653
# of expected failures 72
# of unsupported tests 23
/home/neil/src/gcc/build/gcc/xgcc version 3.1 20010722 (experimental)
=== objc tests ===
Running target unix
FAIL: objc/execute/formal_protocol-6.m execution, -O
=== objc Summary ===
# of expected passes 185
# of unexpected failures 1
/home/neil/src/gcc/build/gcc/xgcc version 3.1 20010722 (experimental)
=== libstdc++-v3 tests ===
Running target unix
=== libstdc++-v3 Summary ===
# of expected passes 281
# of expected failures 10
Compiler version: 3.1 20010722 (experimental)
Platform: i686-pc-linux-gnu
configure flags: --host=i686-pc-linux-gnu --enable-shared --enable-threads=posix --enable-languages=c,objc,c++,f77
More information about the Gcc-testresults
mailing list