Results for 3.1 20010721 (experimental) testsuite on alphaev6-unknown-linux-gnu
Richard Henderson
rth@cygnus.com
Sun Jul 22 00:21:00 GMT 2001
Native configuration is alphaev6-unknown-linux-gnu
=== libjava tests ===
Running target unix
FAIL: G19990210_1 compilation from source
FAIL: G19990210_1 -O compilation from source
FAIL: G19990217_01 compilation from source
FAIL: G19990217_01 -O compilation from source
FAIL: calls.c compilation
FAIL: register run
XPASS: stringconst output from bytecode->native test
XPASS: stringconst -O output from bytecode->native test
=== libjava Summary ===
# of expected passes 1818
# of unexpected failures 6
# of unexpected successes 2
# of expected failures 16
# of untested testcases 17
=== libstdc++-v3 tests ===
Running target unix
FAIL: 27_io/ios_manip_basefield.cc execution test
FAIL: 27_io/ios_manip_fmtflags.cc execution test
=== libstdc++-v3 Summary ===
# of expected passes 279
# of unexpected failures 2
# of expected failures 10
=== g77 tests ===
Running target unix
FAIL: g77.f-torture/compile/20000629-1.f, -O3 -g
FAIL: g77.f-torture/execute/20010430.f execution, -O2
FAIL: g77.f-torture/execute/20010430.f execution, -O3 -fomit-frame-pointer
FAIL: g77.f-torture/execute/20010430.f execution, -O3 -fomit-frame-pointer -funroll-loops
FAIL: g77.f-torture/execute/20010430.f execution, -O3 -fomit-frame-pointer -funroll-all-loops -finline-functions
FAIL: g77.f-torture/execute/20010430.f execution, -O3 -g
=== g77 Summary ===
# of expected passes 1035
# of unexpected failures 6
# of unsupported tests 8
=== gcc tests ===
Running target unix
FAIL: gcc.c-torture/compile/991026-1.c, -O1
FAIL: gcc.c-torture/compile/991026-1.c, -O2
FAIL: gcc.c-torture/compile/991026-1.c, -O3 -fomit-frame-pointer
FAIL: gcc.c-torture/compile/991026-1.c, -O3 -g
FAIL: gcc.c-torture/compile/991026-1.c, -Os
FAIL: gcc.c-torture/execute/20010518-2.c execution, -O0
FAIL: gcc.c-torture/execute/20010518-2.c execution, -O1
FAIL: gcc.c-torture/execute/20010518-2.c execution, -O2
FAIL: gcc.c-torture/execute/20010518-2.c execution, -O3 -fomit-frame-pointer
FAIL: gcc.c-torture/execute/20010518-2.c execution, -O3 -g
FAIL: gcc.c-torture/execute/20010518-2.c execution, -Os
FAIL: gcc.dg/cpp/ucs.c (test for warnings, line 24)
FAIL: gcc.dg/cpp/ucs.c (test for excess errors)
=== gcc Summary ===
# of expected passes 15590
# of unexpected failures 13
# of expected failures 70
# of unsupported tests 53
/castro/street/rth/gcc/build/axp/gcc/xgcc version 3.1 20010721 (experimental)
=== g++ tests ===
Running target unix
FAIL: g++.dg/vtgc1.C (test for excess errors)
FAIL: g++.other/crash18.C (test for excess errors)
FAIL: g++.other/enum5.C (test for excess errors)
XPASS: g++.robertl/eb17.C Execution test
=== g++ Summary ===
# of expected passes 6520
# of unexpected failures 3
# of unexpected successes 1
# of expected failures 85
# of unresolved testcases 1
# of untested testcases 20
/castro/street/rth/gcc/build/axp/gcc/testsuite/../g++ version 3.1 20010721 (experimental)
=== objc tests ===
Running target unix
FAIL: objc/execute/formal_protocol-6.m execution, -O
=== objc Summary ===
# of expected passes 185
# of unexpected failures 1
/castro/street/rth/gcc/build/axp/gcc/xgcc version 3.1 20010721 (experimental)
Compiler version: 3.1 20010721 (experimental)
Platform: alphaev6-unknown-linux-gnu
configure flags: --host=alphaev6-unknown-linux-gnu --prefix=/castro/street/H-alpha-linux --enable-threads
More information about the Gcc-testresults
mailing list