Results for 3.1 20010721 (experimental) testsuite on i686-pc-linux-gnu
Gordon Sadler
gbsadler1@lcisp.com
Sat Jul 21 07:02:00 GMT 2001
Native configuration is i686-pc-linux-gnu
=== g++ tests ===
Running target unix
FAIL: g++.other/enum5.C (test for excess errors)
XPASS: g++.robertl/eb17.C Execution test
FAIL: g++.robertl/eb83.C Execution test
=== g++ Summary ===
# of expected passes 6550
# of unexpected failures 2
# of unexpected successes 1
# of expected failures 85
# of untested testcases 9
/usr/local/src/build/gcc/gcc/testsuite/../g++ version 3.1 20010721 (experimental)
=== g77 tests ===
Running target unix
FAIL: g77.f-torture/compile/20000511-2.f, -O3 -g
FAIL: g77.f-torture/compile/20000629-1.f, -O3 -g
FAIL: g77.f-torture/execute/19981119-0.f compilation, -O3 -g
=== g77 Summary ===
# of expected passes 1053
# of unexpected failures 3
# of untested testcases 1
=== gcc tests ===
Running target unix
FAIL: gcc.c-torture/execute/20010114-2.c execution, -O1
FAIL: gcc.c-torture/execute/20010114-2.c execution, -O2
FAIL: gcc.c-torture/execute/20010114-2.c execution, -Os
FAIL: gcc.c-torture/execute/920501-7.c compilation, -O3 -g
FAIL: gcc.c-torture/execute/comp-goto-2.c compilation, -O3 -g
FAIL: gcc.c-torture/execute/conversion.c execution, -O0
FAIL: gcc.c-torture/execute/conversion.c execution, -O1
FAIL: gcc.c-torture/execute/conversion.c execution, -O2
FAIL: gcc.c-torture/execute/conversion.c execution, -O3 -fomit-frame-pointer
FAIL: gcc.c-torture/execute/conversion.c execution, -O3 -g
FAIL: gcc.c-torture/execute/conversion.c execution, -Os
FAIL: gcc.c-torture/execute/ieee/rbug.c execution, -O0
FAIL: gcc.c-torture/execute/ieee/rbug.c execution, -O1
FAIL: gcc.c-torture/execute/ieee/rbug.c execution, -O2
FAIL: gcc.c-torture/execute/ieee/rbug.c execution, -O3 -fomit-frame-pointer
FAIL: gcc.c-torture/execute/ieee/rbug.c execution, -O3 -g
FAIL: gcc.c-torture/execute/ieee/rbug.c execution, -Os
FAIL: gcc.misc-tests/gcov-1.c execution test
FAIL: gcov-1.c:1:is 4:should be 11
FAIL: gcov-1.c:1:is 5:should be 10
FAIL: gcov-1.c:1:is 7:should be 1
FAIL: gcc.misc-tests/gcov-2.c execution test (PRMS 8294)
FAIL: gcc.misc-tests/gcov-3.c execution test (PRMS 8294)
FAIL: gcov-3.c:3:is 7:should be 1 (PRMS 8294)
FAIL: gcov-3.c:4:is 2:should be 1 (PRMS 8294)
=== gcc Summary ===
# of expected passes 15629
# of unexpected failures 25
# of expected failures 72
# of unresolved testcases 2
# of unsupported tests 23
/usr/local/src/build/gcc/gcc/xgcc version 3.1 20010721 (experimental)
=== objc tests ===
Running target unix
FAIL: objc/execute/formal_protocol-6.m execution, -O
=== objc Summary ===
# of expected passes 185
# of unexpected failures 1
/usr/local/src/build/gcc/gcc/xgcc version 3.1 20010721 (experimental)
=== libjava tests ===
Running target unix
FAIL: G19990210_1 compilation from source
FAIL: G19990210_1 -O compilation from source
FAIL: G19990217_01 compilation from source
FAIL: G19990217_01 -O compilation from source
FAIL: register run
FAIL: Divide_1 execution from source compiled test
FAIL: Divide_1 execution from bytecode->native test
FAIL: Divide_1 -O execution from source compiled test
FAIL: Divide_1 -O execution from bytecode->native test
FAIL: Shazam compilation from source
FAIL: pr83 compilation from source
XPASS: stringconst output from bytecode->native test
XPASS: stringconst -O output from bytecode->native test
=== libjava Summary ===
# of expected passes 1807
# of unexpected failures 11
# of unexpected successes 2
# of expected failures 16
# of untested testcases 25
=== libstdc++-v3 tests ===
Running target unix
=== libstdc++-v3 Summary ===
# of expected passes 281
# of expected failures 10
Compiler version: 3.1 20010721 (experimental)
Platform: i686-pc-linux-gnu
configure flags: --host=i686-pc-linux-gnu --verbose --enable-threads=posix --with-system-zlib --with-dwarf2 --enable-shared --disable-nls
BOOT_CFLAGS=-O2 -march=athlon
Counting all warnings,
there are 69 warnings in stage3 of this bootstrap.
Number of warnings per file:
23 gcc/combine.c
6 gcc/cse.c
6 gcc/cp/pt.c
5 gcc/cp/error.c
4 gcc/gcov.c
3 gcc/simplify-rtx.c
3 gcc/gcc.c
3 gcc/config/i386/i386.c
2 gcc/tlink.c
2 gcc/fold-const.c
2 gcc/emit-rtl.c
1 gcc/unwind-dw2.c
1 gcc/objc/lang-specs.h
1 gcc/java/jvspec.c
1 gcc/flow.c
1 gcc/final.c
1 gcc/f/lang-specs.h
1 gcc/expmed.c
1 gcc/cp/lang-specs.h
1 gcc/cp/errfn.c
1 gcc/cp/class.c
Number of warning types:
39 comparison between signed and unsigned
7 string length \`???' is greater than the length \`???' ISO C89 compilers are required to support
5 initialization from incompatible pointer type
4 traditional C rejects string concatenation
3 unused variable \`???'
2 variable \`???' might be clobbered by \`longjmp' or \`vfork'
2 passing arg ??? of \`???' discards qualifiers from pointer target type
2 \`???' might be used uninitialized in this function
1 unused parameter \`???'
1 signed and unsigned type in conditional expression
1 pointer targets in passing arg ??? of \`???' differ in signedness
1 function declaration isn't a prototype
1 argument \`???' might be clobbered by \`longjmp' or \`vfork'
More information about the Gcc-testresults
mailing list