Results for 3.0.1 20010716 (prerelease) testsuite on i686-pc-cygwin (Was: This was on an win2k/sp2 host with an up to date cygwin install.)
Christian Jönsson
chj@foi.se
Wed Jul 18 23:16:00 GMT 2001
Title: Results for 3.0.1 20010716 (prerelease) testsuite on i686-pc-cygwin (Was: This was on an win2k/sp2 host with an up to date cygwin install.)
Sorry for the strange subject line).
/ChJ
-----Original Message-----
From: Christian Jönsson
Sent: den 19 juli 2001 08:13
To: Gcc Testresults (E-mail)
Subject: This was on an win2k/sp2 host with an up to date cygwin
install.
This was on an win2k/sp2 host with an up to date cygwin install.
Root dir of cygwin install is C:\\cygwin.
binutils-20010425-2
cygwin-1.3.2-1
dejagnu-20010117-1
(patched as http://mail.gnu.org/pipermail/dejagnu/2001-April/000003.html )
expect-20010117-1
gcc-2.95.3-5
tcltk-20001125-1
/ChJ
Native configuration is i686-pc-cygwin
ÃÂ ÃÂ ÃÂ ÃÂ ÃÂ ÃÂ ÃÂ ÃÂ ÃÂ ÃÂ ÃÂ ÃÂ ÃÂ ÃÂ === g++ tests ===
Running target unix
FAIL: g++.dg/special/conpr-1.C execution test
FAIL: g++.dg/special/conpr-2.C execution test
FAIL: g++.dg/special/conpr-3.C execution test
FAIL: g++.dg/special/conpr-3.C execution test
FAIL: g++.dg/special/conpr-1.C execution test
FAIL: g++.brendan/crash20.C (test for excess errors)
FAIL: g++.eh/badalloc1.CÃÂ Execution test
FAIL: g++.ext/instantiate1.C not instantiated (test for errors, line 20)
FAIL: g++.ext/instantiate3.C not instantiated (test for errors, line 13)
XPASS: g++.ext/instantiate3.C (test for excess errors)
XPASS: g++.jason/template18.C (test for excess errors)
XPASS: g++.jason/template18.CÃÂ Execution test
FAIL: g++.law/code-gen5.C (test for excess errors)
FAIL: g++.law/ctors6.C (test for excess errors)
FAIL: g++.law/operators4.C (test for excess errors)
FAIL: g++.other/headers1.C (test for excess errors)
FAIL: g++.robertl/eb3.C (test for excess errors)
ÃÂ ÃÂ ÃÂ ÃÂ ÃÂ ÃÂ ÃÂ ÃÂ ÃÂ ÃÂ ÃÂ ÃÂ ÃÂ ÃÂ === g++ Summary ===
# of expected passesÃÂ ÃÂ ÃÂ ÃÂ ÃÂ ÃÂ ÃÂ ÃÂ ÃÂ ÃÂ 6465
# of unexpected failuresÃÂ ÃÂ ÃÂ ÃÂ ÃÂ ÃÂ ÃÂ 14
# of unexpected successesÃÂ ÃÂ ÃÂ ÃÂ ÃÂ ÃÂ 3
# of expected failuresÃÂ ÃÂ ÃÂ ÃÂ ÃÂ ÃÂ ÃÂ ÃÂ 101
# of untested testcases ÃÂ ÃÂ ÃÂ ÃÂ ÃÂ ÃÂ ÃÂ 15
/usr/local/src/objdir-gcc-20010716/gcc/testsuite/../g++ version 3.0.1 20010716 (prerelease)
ÃÂ ÃÂ ÃÂ ÃÂ ÃÂ ÃÂ ÃÂ ÃÂ ÃÂ ÃÂ ÃÂ ÃÂ ÃÂ ÃÂ === g77 tests ===
Running target unix
ÃÂ ÃÂ ÃÂ ÃÂ ÃÂ ÃÂ ÃÂ ÃÂ ÃÂ ÃÂ ÃÂ ÃÂ ÃÂ ÃÂ === g77 Summary ===
# of expected passesÃÂ ÃÂ ÃÂ ÃÂ ÃÂ ÃÂ ÃÂ ÃÂ ÃÂ ÃÂ 949
ÃÂ ÃÂ ÃÂ ÃÂ ÃÂ ÃÂ ÃÂ ÃÂ ÃÂ ÃÂ ÃÂ ÃÂ ÃÂ ÃÂ === gcc tests ===
Running target unix
XPASS: gcc.c-torture/execute/20010114-2.c execution,ÃÂ -O0
XPASS: gcc.c-torture/execute/20010114-2.c execution,ÃÂ -O3 -fomit-frame-pointer
XPASS: gcc.c-torture/execute/20010114-2.c execution,ÃÂ -O3 -g
FAIL: gcc.c-torture/execute/950503-1.c compilation,ÃÂ -O2
FAIL: gcc.dg/asm-fs-1.c scan-assembler-not \\*_bar
FAIL: gcc.dg/asm-fs-1.c scan-assembler-not \\*_baz
FAIL: gcc.dg/wint_t-1.c (test for excess errors)
ÃÂ ÃÂ ÃÂ ÃÂ ÃÂ ÃÂ ÃÂ ÃÂ ÃÂ ÃÂ ÃÂ ÃÂ ÃÂ ÃÂ === gcc Summary ===
# of expected passesÃÂ ÃÂ ÃÂ ÃÂ ÃÂ ÃÂ ÃÂ ÃÂ ÃÂ ÃÂ 15210
# of unexpected failuresÃÂ ÃÂ ÃÂ ÃÂ ÃÂ ÃÂ ÃÂ 4
# of unexpected successesÃÂ ÃÂ ÃÂ ÃÂ ÃÂ ÃÂ 3
# of expected failuresÃÂ ÃÂ ÃÂ ÃÂ ÃÂ ÃÂ ÃÂ ÃÂ 85
# of unresolved testcasesÃÂ ÃÂ ÃÂ ÃÂ ÃÂ ÃÂ 1
# of unsupported testsÃÂ ÃÂ ÃÂ ÃÂ ÃÂ ÃÂ ÃÂ ÃÂ 25
/usr/local/src/objdir-gcc-20010716/gcc/xgcc version 3.0.1 20010716 (prerelease)
ÃÂ ÃÂ ÃÂ ÃÂ ÃÂ ÃÂ ÃÂ ÃÂ ÃÂ ÃÂ ÃÂ ÃÂ ÃÂ ÃÂ === objc tests ===
Running target unix
ÃÂ ÃÂ ÃÂ ÃÂ ÃÂ ÃÂ ÃÂ ÃÂ ÃÂ ÃÂ ÃÂ ÃÂ ÃÂ ÃÂ === objc Summary ===
# of expected passesÃÂ ÃÂ ÃÂ ÃÂ ÃÂ ÃÂ ÃÂ ÃÂ ÃÂ ÃÂ 153
# of expected failuresÃÂ ÃÂ ÃÂ ÃÂ ÃÂ ÃÂ ÃÂ ÃÂ 1
/usr/local/src/objdir-gcc-20010716/gcc/xgcc version 3.0.1 20010716 (prerelease)
ÃÂ ÃÂ ÃÂ ÃÂ ÃÂ ÃÂ ÃÂ ÃÂ ÃÂ ÃÂ ÃÂ ÃÂ ÃÂ ÃÂ === libstdc++-v3 tests ===
Running target unix
ÃÂ ÃÂ ÃÂ ÃÂ ÃÂ ÃÂ ÃÂ ÃÂ ÃÂ ÃÂ ÃÂ ÃÂ ÃÂ ÃÂ === libstdc++-v3 Summary ===
Compiler version: 3.0.1 20010716 (prerelease)
Platform: i686-pc-cygwin
configure flags: --host=i686-pc-cygwin --enable-threads=posix --enable-sjlj-exceptions --disable-shared
Counting all warnings,
there are 121 warnings in stage3 of this bootstrap.
Number of warnings per file:
ÃÂ ÃÂ ÃÂ ÃÂ 28 gcc/combine.c
ÃÂ ÃÂ ÃÂ ÃÂ 13 gcc/gcc.c
ÃÂ ÃÂ ÃÂ ÃÂ 10 gcc/reg-stack.c
ÃÂ ÃÂ ÃÂ ÃÂ ÃÂ 6 gcc/cp/pt.c
ÃÂ ÃÂ ÃÂ ÃÂ ÃÂ 5 gcc/cse.c
ÃÂ ÃÂ ÃÂ ÃÂ ÃÂ 5 gcc/cp/error.c
ÃÂ ÃÂ ÃÂ ÃÂ ÃÂ 5 gcc/cp/call.c
ÃÂ ÃÂ ÃÂ ÃÂ ÃÂ 4 gcc/dwarf2out.c
ÃÂ ÃÂ ÃÂ ÃÂ ÃÂ 3 insn-emit.c
ÃÂ ÃÂ ÃÂ ÃÂ ÃÂ 3 gcc/unwind-sjlj.c
ÃÂ ÃÂ ÃÂ ÃÂ ÃÂ 3 gcc/reload1.c
ÃÂ ÃÂ ÃÂ ÃÂ ÃÂ 3 gcc/except.c
ÃÂ ÃÂ ÃÂ ÃÂ ÃÂ 3 gcc/cp/lang-specs.h
ÃÂ ÃÂ ÃÂ ÃÂ ÃÂ 3 gcc/config/i386/i386.md
ÃÂ ÃÂ ÃÂ ÃÂ ÃÂ 3 gcc/config/i386/i386.c
ÃÂ ÃÂ ÃÂ ÃÂ ÃÂ 2 gcc/reload.c
ÃÂ ÃÂ ÃÂ ÃÂ ÃÂ 2 gcc/function.c
ÃÂ ÃÂ ÃÂ ÃÂ ÃÂ 2 gcc/fold-const.c
ÃÂ ÃÂ ÃÂ ÃÂ ÃÂ 2 gcc/expr.c
ÃÂ ÃÂ ÃÂ ÃÂ ÃÂ 2 gcc/cp/class.c
ÃÂ ÃÂ ÃÂ ÃÂ ÃÂ 2 gcc/alias.c
ÃÂ ÃÂ ÃÂ ÃÂ ÃÂ 1 gcc/unwind-pe.h
ÃÂ ÃÂ ÃÂ ÃÂ ÃÂ 1 gcc/sdbout.c
ÃÂ ÃÂ ÃÂ ÃÂ ÃÂ 1 gcc/sched-deps.c
ÃÂ ÃÂ ÃÂ ÃÂ ÃÂ 1 gcc/regmove.c
ÃÂ ÃÂ ÃÂ ÃÂ ÃÂ 1 gcc/objc/lang-specs.h
ÃÂ ÃÂ ÃÂ ÃÂ ÃÂ 1 gcc/java/jvspec.c
ÃÂ ÃÂ ÃÂ ÃÂ ÃÂ 1 gcc/flow.c
ÃÂ ÃÂ ÃÂ ÃÂ ÃÂ 1 gcc/final.c
ÃÂ ÃÂ ÃÂ ÃÂ ÃÂ 1 gcc/f/lang-specs.h
ÃÂ ÃÂ ÃÂ ÃÂ ÃÂ 1 gcc/expmed.c
ÃÂ ÃÂ ÃÂ ÃÂ ÃÂ 1 gcc/cp/typeck2.c
ÃÂ ÃÂ ÃÂ ÃÂ ÃÂ 1 gcc/cp/errfn.c
Number of warning types:
ÃÂ ÃÂ ÃÂ ÃÂ 57 comparison between signed and unsigned
ÃÂ ÃÂ ÃÂ ÃÂ 12 \`???' might be used uninitialized in this function
ÃÂ ÃÂ ÃÂ ÃÂ ÃÂ 9 string length \`???' is greater than the length \`???' ISO C89 compilers are required to support
ÃÂ ÃÂ ÃÂ ÃÂ ÃÂ 7 signed and unsigned type in conditional expression
ÃÂ ÃÂ ÃÂ ÃÂ ÃÂ 5 initialization from incompatible pointer type
ÃÂ ÃÂ ÃÂ ÃÂ ÃÂ 4 unused parameter \`???'
ÃÂ ÃÂ ÃÂ ÃÂ ÃÂ 4 traditional C rejects string concatenation
ÃÂ ÃÂ ÃÂ ÃÂ ÃÂ 4 ??? format, ??? arg (arg ???)
ÃÂ ÃÂ ÃÂ ÃÂ ÃÂ 3 unused variable \`???'
ÃÂ ÃÂ ÃÂ ÃÂ ÃÂ 3 function declaration isn't a prototype
ÃÂ ÃÂ ÃÂ ÃÂ ÃÂ 2 suggest parentheses around assignment used as truth value
ÃÂ ÃÂ ÃÂ ÃÂ ÃÂ 2 passing arg ??? of \`???' from incompatible pointer type
ÃÂ ÃÂ ÃÂ ÃÂ ÃÂ 2 destination missing a mode?
ÃÂ ÃÂ ÃÂ ÃÂ ÃÂ 2 assignment of read-only location
ÃÂ ÃÂ ÃÂ ÃÂ ÃÂ 2 \`???' defined but not used
ÃÂ ÃÂ ÃÂ ÃÂ ÃÂ 1 pointer targets in passing arg ??? of \`???' differ in signedness
ÃÂ ÃÂ ÃÂ ÃÂ ÃÂ 1 operand 0 missing mode?
ÃÂ ÃÂ ÃÂ ÃÂ ÃÂ 1 assignment discards qualifiers from pointer target type
More information about the Gcc-testresults
mailing list