Results for 3.1 20010715 (experimental) testsuite on alphaev56-unknown-linux-gnu
Richard Henderson
rth@cygnus.com
Mon Jul 16 10:40:00 GMT 2001
Native configuration is alphaev56-unknown-linux-gnu
=== libjava tests ===
Running target unix
FAIL: calls.c compilation
FAIL: register run
XPASS: stringconst output from bytecode->native test
XPASS: stringconst -O output from bytecode->native test
=== libjava Summary ===
# of expected passes 1812
# of unexpected failures 2
# of unexpected successes 2
# of expected failures 12
# of untested testcases 17
=== libstdc++-v3 tests ===
Running target unix
=== libstdc++-v3 Summary ===
=== g77 tests ===
Running target unix
FAIL: g77.f-torture/compile/980310-3.f, -Os
FAIL: g77.f-torture/compile/20000629-1.f, -O3 -g
FAIL: g77.f-torture/execute/20010430.f execution, -O2
FAIL: g77.f-torture/execute/20010430.f execution, -O3 -fomit-frame-pointer
FAIL: g77.f-torture/execute/20010430.f execution, -O3 -fomit-frame-pointer -funroll-loops
FAIL: g77.f-torture/execute/20010430.f execution, -O3 -fomit-frame-pointer -funroll-all-loops -finline-functions
FAIL: g77.f-torture/execute/20010430.f execution, -O3 -g
=== g77 Summary ===
# of expected passes 1012
# of unexpected failures 7
# of unsupported tests 8
=== gcc tests ===
Running target unix
FAIL: gcc.c-torture/compile/20001226-1.c, -O2
FAIL: gcc.c-torture/compile/20001226-1.c, -O3 -fomit-frame-pointer
FAIL: gcc.c-torture/compile/20001226-1.c, -O3 -g
FAIL: gcc.c-torture/compile/20001226-1.c, -Os
FAIL: gcc.c-torture/execute/20010518-2.c execution, -O0
FAIL: gcc.c-torture/execute/20010518-2.c execution, -O1
FAIL: gcc.c-torture/execute/20010518-2.c execution, -O2
FAIL: gcc.c-torture/execute/20010518-2.c execution, -O3 -fomit-frame-pointer
FAIL: gcc.c-torture/execute/20010518-2.c execution, -O3 -g
FAIL: gcc.c-torture/execute/20010518-2.c execution, -Os
FAIL: gcc.dg/cpp/ucs.c (test for warnings, line 24)
FAIL: gcc.dg/cpp/ucs.c (test for excess errors)
=== gcc Summary ===
# of expected passes 15561
# of unexpected failures 12
# of expected failures 70
# of unresolved testcases 1
# of unsupported tests 52
/dot/slash/rth/gcc/build/axp/gcc/xgcc version 3.1 20010715 (experimental)
=== g++ tests ===
Running target unix
FAIL: g++.other/crash18.C (test for excess errors)
FAIL: g++.other/enum5.C (test for excess errors)
FAIL: g++.robertl/eb130.C (test for excess errors)
XPASS: g++.robertl/eb17.C Execution test
=== g++ Summary ===
# of expected passes 6519
# of unexpected failures 3
# of unexpected successes 1
# of expected failures 86
# of unresolved testcases 1
# of untested testcases 20
/dot/slash/rth/gcc/build/axp/gcc/testsuite/../g++ version 3.1 20010715 (experimental)
=== objc tests ===
Running target unix
FAIL: objc/execute/formal_protocol-6.m execution, -O
=== objc Summary ===
# of expected passes 181
# of unexpected failures 1
/dot/slash/rth/gcc/build/axp/gcc/xgcc version 3.1 20010715 (experimental)
Compiler version: 3.1 20010715 (experimental)
Platform: alphaev56-unknown-linux-gnu
configure flags: --host=alphaev56-unknown-linux-gnu --prefix=/dot/bang/H-alpha-linux-gnu --enable-threads
More information about the Gcc-testresults
mailing list