Results for 3.1 20010714 (experimental) testsuite on i686-pc-linux-gnu
Gordon Sadler
gbsadler1@lcisp.com
Sat Jul 14 15:30:00 GMT 2001
Native configuration is i686-pc-linux-gnu
=== g++ tests ===
Running target unix
XPASS: g++.dg/vtgc1.C (test for excess errors)
XPASS: g++.dg/vtgc1.C scan-assembler .vtable_inherit[ ]*vtable for Multivv3, 0
XPASS: g++.dg/vtgc1.C scan-assembler .vtable_inherit[ ]*VTT for Multivv3, 0
XPASS: g++.dg/vtgc1.C scan-assembler .vtable_inherit[ ]*vtable for Multiss2, vtable for Base2
XPASS: g++.dg/vtgc1.C scan-assembler .vtable_inherit[ ]*vtable for Multivs1, vtable for Base2
XPASS: g++.dg/vtgc1.C scan-assembler .vtable_inherit[ ]*VTT for Multivs1, vtable for Base2
XPASS: g++.dg/vtgc1.C scan-assembler .vtable_inherit[ ]*vtable for Multisv0, vtable for Side0
XPASS: g++.dg/vtgc1.C scan-assembler .vtable_inherit[ ]*VTT for Multisv0, vtable for Side0
XPASS: g++.dg/vtgc1.C scan-assembler .vtable_inherit[ ]*vtable for Side0, 0
XPASS: g++.dg/vtgc1.C scan-assembler .vtable_inherit[ ]*vtable for VbasedA, 0
XPASS: g++.dg/vtgc1.C scan-assembler .vtable_inherit[ ]*VTT for VbasedA, 0
XPASS: g++.dg/vtgc1.C scan-assembler .vtable_inherit[ ]*vtable for Base2, vtable for Base1
XPASS: g++.dg/vtgc1.C scan-assembler .vtable_inherit[ ]*vtable for Base1, vtable for Base0
XPASS: g++.dg/vtgc1.C scan-assembler .vtable_inherit[ ]*vtable for Base0, 0
FAIL: g++.other/enum5.C (test for excess errors)
FAIL: g++.robertl/eb130.C (test for excess errors)
XPASS: g++.robertl/eb17.C Execution test
FAIL: g++.robertl/eb83.C Execution test
=== g++ Summary ===
# of expected passes 6535
# of unexpected failures 3
# of unexpected successes 15
# of expected failures 85
# of untested testcases 9
/usr/local/src/build/gcc/gcc/testsuite/../g++ version 3.1 20010714 (experimental)
=== g77 tests ===
Running target unix
FAIL: g77.f-torture/compile/20000511-2.f, -O3 -g
FAIL: g77.f-torture/compile/20000629-1.f, -O3 -g
FAIL: g77.f-torture/execute/19981119-0.f compilation, -O3 -g
=== g77 Summary ===
# of expected passes 1007
# of unexpected failures 3
# of untested testcases 1
=== gcc tests ===
Running target unix
FAIL: gcc.c-torture/execute/20010114-2.c execution, -O1
FAIL: gcc.c-torture/execute/20010114-2.c execution, -O2
FAIL: gcc.c-torture/execute/20010114-2.c execution, -Os
FAIL: gcc.c-torture/execute/920501-7.c compilation, -O3 -g
FAIL: gcc.c-torture/execute/comp-goto-2.c compilation, -O3 -g
FAIL: gcc.c-torture/execute/conversion.c execution, -O0
FAIL: gcc.c-torture/execute/conversion.c execution, -O1
FAIL: gcc.c-torture/execute/conversion.c execution, -O2
FAIL: gcc.c-torture/execute/conversion.c execution, -O3 -fomit-frame-pointer
FAIL: gcc.c-torture/execute/conversion.c execution, -O3 -g
FAIL: gcc.c-torture/execute/conversion.c execution, -Os
FAIL: gcc.c-torture/execute/ieee/rbug.c execution, -O0
FAIL: gcc.c-torture/execute/ieee/rbug.c execution, -O1
FAIL: gcc.c-torture/execute/ieee/rbug.c execution, -O2
FAIL: gcc.c-torture/execute/ieee/rbug.c execution, -O3 -fomit-frame-pointer
FAIL: gcc.c-torture/execute/ieee/rbug.c execution, -O3 -g
FAIL: gcc.c-torture/execute/ieee/rbug.c execution, -Os
FAIL: gcc.misc-tests/gcov-1.c execution test
FAIL: gcov-1.c:1:is 4:should be 11
FAIL: gcov-1.c:1:is 5:should be 10
FAIL: gcov-1.c:1:is 7:should be 1
FAIL: gcc.misc-tests/gcov-2.c execution test (PRMS 8294)
FAIL: gcc.misc-tests/gcov-3.c execution test (PRMS 8294)
FAIL: gcov-3.c:3:is 7:should be 1 (PRMS 8294)
FAIL: gcov-3.c:4:is 2:should be 1 (PRMS 8294)
=== gcc Summary ===
# of expected passes 15599
# of unexpected failures 25
# of expected failures 72
# of unresolved testcases 2
# of unsupported tests 22
/usr/local/src/build/gcc/gcc/xgcc version 3.1 20010714 (experimental)
=== objc tests ===
Running target unix
FAIL: objc/execute/formal_protocol-6.m execution, -O
=== objc Summary ===
# of expected passes 181
# of unexpected failures 1
/usr/local/src/build/gcc/gcc/xgcc version 3.1 20010714 (experimental)
=== libjava tests ===
Running target unix
FAIL: register run
FAIL: Divide_1 execution from source compiled test
FAIL: Divide_1 execution from bytecode->native test
FAIL: Divide_1 -O execution from source compiled test
FAIL: Divide_1 -O execution from bytecode->native test
XPASS: stringconst output from bytecode->native test
XPASS: stringconst -O output from bytecode->native test
FAIL: TLtest compilation from bytecode
FAIL: TLtest -O compilation from bytecode
=== libjava Summary ===
# of expected passes 1801
# of unexpected failures 7
# of unexpected successes 2
# of expected failures 12
# of untested testcases 25
=== libstdc++-v3 tests ===
Running target unix
FAIL: 22_locale/members.cc execution test
FAIL: 22_locale/numpunct_char_members.cc execution test
=== libstdc++-v3 Summary ===
# of expected passes 265
# of unexpected failures 2
# of expected failures 8
Compiler version: 3.1 20010714 (experimental)
Platform: i686-pc-linux-gnu
configure flags: --host=i686-pc-linux-gnu --verbose --enable-threads=posix --with-system-zlib --with-dwarf2 --enable-shared --disable-nls
BOOT_CFLAGS=-O2 -march=athlon
Counting all warnings,
there are 179 warnings in stage3 of this bootstrap.
Number of warnings per file:
110 cc1
24 gcc/combine.c
6 gcc/cp/pt.c
5 gcc/cse.c
5 gcc/cp/error.c
4 gcc/gcov.c
3 gcc/gcc.c
3 gcc/config/i386/i386.c
2 gcc/tlink.c
2 gcc/fold-const.c
2 gcc/flow.c
2 gcc/emit-rtl.c
1 gcc/unwind-dw2.c
1 gcc/objc/lang-specs.h
1 gcc/libgcc2.c
1 gcc/java/jvspec.c
1 gcc/final.c
1 gcc/f/lang-specs.h
1 gcc/f/com.c
1 gcc/expmed.c
1 gcc/cp/method.c
1 gcc/cp/lang-specs.h
1 gcc/cp/errfn.c
Number of warning types:
55 changing search order for system directory \`include'
55 as it is the same as system directory \`/usr/local/src/build/gcc/gcc/include'
39 comparison between signed and unsigned
7 string length \`???' is greater than the length \`???' ISO C89 compilers are required to support
5 unused variable \`???'
5 initialization from incompatible pointer type
5 ??? format, ??? arg (arg ???)
2 passing arg ??? of \`???' discards qualifiers from pointer target type
1 unused parameter \`???'
1 unknown conversion type character \`???' in format
1 signed and unsigned type in conditional expression
1 pointer targets in passing arg ??? of \`???' differ in signedness
1 function declaration isn't a prototype
1 \`???' might be used uninitialized in this function
More information about the Gcc-testresults
mailing list