Results for 3.1 20010712 (experimental) testsuite on sparc-sun-solaris2.8
lucier@math.purdue.edu
lucier@math.purdue.edu
Thu Jul 12 04:08:00 GMT 2001
Native configuration is sparc-sun-solaris2.8
=== g++ tests ===
Running target unix
XPASS: g++.dg/vtgc1.C (test for excess errors)
XPASS: g++.dg/vtgc1.C scan-assembler .vtable_inherit[ ]*vtable for Multivv3, 0
XPASS: g++.dg/vtgc1.C scan-assembler .vtable_inherit[ ]*VTT for Multivv3, 0
XPASS: g++.dg/vtgc1.C scan-assembler .vtable_inherit[ ]*vtable for Multiss2, vtable for Base2
XPASS: g++.dg/vtgc1.C scan-assembler .vtable_inherit[ ]*vtable for Multivs1, vtable for Base2
XPASS: g++.dg/vtgc1.C scan-assembler .vtable_inherit[ ]*VTT for Multivs1, vtable for Base2
XPASS: g++.dg/vtgc1.C scan-assembler .vtable_inherit[ ]*vtable for Multisv0, vtable for Side0
XPASS: g++.dg/vtgc1.C scan-assembler .vtable_inherit[ ]*VTT for Multisv0, vtable for Side0
XPASS: g++.dg/vtgc1.C scan-assembler .vtable_inherit[ ]*vtable for Side0, 0
XPASS: g++.dg/vtgc1.C scan-assembler .vtable_inherit[ ]*vtable for VbasedA, 0
XPASS: g++.dg/vtgc1.C scan-assembler .vtable_inherit[ ]*VTT for VbasedA, 0
XPASS: g++.dg/vtgc1.C scan-assembler .vtable_inherit[ ]*vtable for Base2, vtable for Base1
XPASS: g++.dg/vtgc1.C scan-assembler .vtable_inherit[ ]*vtable for Base1, vtable for Base0
XPASS: g++.dg/vtgc1.C scan-assembler .vtable_inherit[ ]*vtable for Base0, 0
FAIL: g++.dg/special/conpr-1.C execution test
FAIL: g++.dg/special/conpr-2.C execution test
FAIL: g++.dg/special/conpr-3.C execution test
FAIL: g++.dg/special/conpr-3.C execution test
FAIL: g++.dg/special/conpr-1.C execution test
FAIL: g++.eh/badalloc1.C Execution test
FAIL: g++.ext/instantiate1.C not instantiated (test for errors, line 20)
FAIL: g++.ext/instantiate1.C not instantiated (test for errors, line 22)
FAIL: g++.ext/instantiate2.C not instantiated (test for errors, line 19)
FAIL: g++.ext/instantiate3.C not instantiated (test for errors, line 13)
FAIL: g++.other/crash18.C (test for excess errors)
FAIL: g++.other/enum5.C (test for excess errors)
FAIL: g++.pt/instantiate4.C (test for excess errors)
FAIL: g++.pt/instantiate6.C (test for excess errors)
FAIL: g++.pt/repo1.C (test for excess errors)
FAIL: g++.pt/repo2.C (test for excess errors)
FAIL: g++.pt/repo3.C (test for excess errors)
FAIL: g++.pt/repo4.C (test for excess errors)
XPASS: g++.robertl/eb17.C Execution test
=== g++ Summary ===
# of expected passes 6505
# of unexpected failures 18
# of unexpected successes 15
# of expected failures 85
# of untested testcases 19
/export/home/lucier/gcc/gcc-3.1/objdir/gcc/testsuite/../g++ version 3.1 20010712 (experimental)
=== g77 tests ===
Running target unix
FAIL: g77.f-torture/execute/20010430.f execution, -O2
FAIL: g77.f-torture/execute/20010430.f execution, -O3 -fomit-frame-pointer
FAIL: g77.f-torture/execute/20010430.f execution, -O3 -fomit-frame-pointer -funroll-loops
FAIL: g77.f-torture/execute/20010430.f execution, -O3 -fomit-frame-pointer -funroll-all-loops -finline-functions
FAIL: g77.f-torture/execute/20010430.f execution, -O3 -g
FAIL: g77.f-torture/execute/io0.f execution, -O0
FAIL: g77.f-torture/execute/io0.f execution, -O1
FAIL: g77.f-torture/execute/io0.f execution, -O2
FAIL: g77.f-torture/execute/io0.f execution, -O3 -fomit-frame-pointer
FAIL: g77.f-torture/execute/io0.f execution, -O3 -g
FAIL: g77.f-torture/execute/io0.f execution, -Os
FAIL: g77.f-torture/execute/io1.f execution, -O0
FAIL: g77.f-torture/execute/io1.f execution, -O1
FAIL: g77.f-torture/execute/io1.f execution, -O2
FAIL: g77.f-torture/execute/io1.f execution, -O3 -fomit-frame-pointer
FAIL: g77.f-torture/execute/io1.f execution, -O3 -g
FAIL: g77.f-torture/execute/io1.f execution, -Os
=== g77 Summary ===
# of expected passes 978
# of unexpected failures 17
# of unsupported tests 8
=== gcc tests ===
Running target unix
FAIL: gcc.c-torture/execute/920501-7.c compilation, -O2
FAIL: gcc.c-torture/execute/920501-7.c compilation, -O3 -fomit-frame-pointer
FAIL: gcc.c-torture/execute/920501-7.c compilation, -O3 -g
FAIL: gcc.c-torture/execute/920501-7.c compilation, -Os
FAIL: gcc.c-torture/execute/comp-goto-2.c compilation, -O2
FAIL: gcc.c-torture/execute/comp-goto-2.c compilation, -O3 -fomit-frame-pointer
FAIL: gcc.c-torture/execute/comp-goto-2.c compilation, -O3 -g
FAIL: gcc.c-torture/execute/comp-goto-2.c compilation, -Os
FAIL: gcc.dg/cpp/charconst.c (test for excess errors)
FAIL: gcc.dg/cpp/ucs.c bad U1234abcd evaluation (test for bogus messages, line 14)
FAIL: gcc.dg/cpp/ucs.c (test for warnings, line 24)
FAIL: gcc.dg/cpp/ucs.c (test for excess errors)
FAIL: gcc.dg/20001013-1.c (test for excess errors)
FAIL: gcc.dg/c99-float-1.c (test for excess errors)
=== gcc Summary ===
# of expected passes 15546
# of unexpected failures 14
# of expected failures 66
# of unresolved testcases 11
# of unsupported tests 51
/export/home/lucier/gcc/gcc-3.1/objdir/gcc/xgcc version 3.1 20010712 (experimental)
=== objc tests ===
Running target unix
FAIL: objc/execute/class-3.m execution, -O
FAIL: objc/execute/formal_protocol-6.m execution, -O
=== objc Summary ===
# of expected passes 180
# of unexpected failures 2
/export/home/lucier/gcc/gcc-3.1/objdir/gcc/xgcc version 3.1 20010712 (experimental)
=== libstdc++-v3 tests ===
Running target unix
FAIL: 21_strings/c_strings.cc execution test
FAIL: 22_locale/members.cc execution test
FAIL: 22_locale/numpunct_char_members.cc execution test
XPASS: 26_numerics/c99_classification_macros_c.cc (test for excess errors)
FAIL: 27_io/ios_members.cc execution test
=== libstdc++-v3 Summary ===
# of expected passes 263
# of unexpected failures 4
# of unexpected successes 1
# of expected failures 7
Compiler version: 3.1 20010712 (experimental)
Platform: sparc-sun-solaris2.8
configure flags: --host=sparc-sun-solaris2.8 --prefix=/pkgs/gcc-2.96
Counting all warnings,
there are 318 warnings in stage3 of this bootstrap.
Number of warnings per file:
175 cc1
22 gcc/config/sparc/sparc.md
19 gcc/config/sparc/sparc.c
10 gcc/gcc.c
8 gcc/unwind-dw2.c
7 gcc/cp/decl.c
6 gcc/except.c
6 gcc/cp/pt.c
6 cpp0
6 cc1cc1
5 gcc/cp/tree.c
5 gcc/cp/error.c
4 gcc/gcov.c
4 gcc/combine.c
4 gcc/calls.c
3 gcc/libgcc2.c
3 gcc/flow.c
3 gcc/expr.c
3
2 gcc/tlink.c
2 gcc/reload1.c
2 gcc/objc/objc-act.c
2 cc1cc1cc1cc1
1 warning
1 gcc/varasm.c
1 gcc/objc/lang-specs.h
1 gcc/java/jvspec.c
1 gcc/fold-const.c
1 gcc/final.c
1 gcc/f/lang-specs.h
1 gcc/f/com.c
1 gcc/cp/lang-specs.h
1 gcc/cp/errfn.c
1 gcc/cp/class.c
Number of warning types:
95 as it has already been specified as a system directory
88 changing search order for system directory \`include'
24 ??? format, ??? arg (arg ???)
22 constraints not supported in define_split
20 cast from pointer to integer of different size
13 comparison between signed and unsigned
12 string length \`???' is greater than the length \`???' ISO C89 compilers are required to support
5 unused parameter \`???'
5 signed and unsigned type in conditional expression
5 initialization from incompatible pointer type
4 implicit declaration of function \`???'
2 unused variable \`???'
2 traditional C rejects string concatenation
2 passing arg ??? of \`???' discards qualifiers from pointer target type
2 missing braces around initializer
2 changing search order for system directory \`changing search order for system directory 'includeinclude\`'
2 \`???' might be used uninitialized in this function
2 (near initialization for \`???')
1 pointer targets in passing arg ??? of \`???' differ in signedness
1 integer constant larger than the maximum value of an unsigned long int
1 includechanging search order for system directory \`'include
1 function declaration isn't a prototype
1 changing search order for system directory \`changing search order for system directory 'changing search order for system directory \`changing search order for system directory 'includeincludeincludeinclude\`'\`'
1 changing search order for system directory \`cc1include'
1 changing search order for system directory \`/usr/include'
1 cc1changing search order for system directory \`include'
1 : changing search order for system directory \`include'
1 as it has already been specified as a system directory as it has already been specified as a system directory as it has already been specified as a system directory as it has already been specified as a system directory
1 as it has already been specified as a system directory as it has already been specified as a system directory
More information about the Gcc-testresults
mailing list