Results for 3.0.1 20010709 (prerelease) testsuite on i386-unknown-freebsd3.0
Alexandre Oliva
oliva@moab.cs.utah.edu
Tue Jul 10 18:36:00 GMT 2001
Native configuration is i386-unknown-freebsd3.0
=== binutils tests ===
Running target unix
=== binutils Summary ===
# of expected passes 26
=== g++ tests ===
Running target unix
=== g++ Summary ===
# of expected passes 6479
# of expected failures 102
# of untested testcases 15
/foo/z/oliva/egcs/gcc/testsuite/../g++ version 3.0.1 20010709 (prerelease)
=== g77 tests ===
Running target unix
=== g77 Summary ===
# of expected passes 933
# of unsupported tests 8
=== gas tests ===
Running target unix
=== gas Summary ===
# of expected passes 72
=== gcc tests ===
Running target unix
XPASS: gcc.c-torture/execute/20010114-2.c execution, -O0
XPASS: gcc.c-torture/execute/20010114-2.c execution, -O3 -fomit-frame-pointer
XPASS: gcc.c-torture/execute/20010114-2.c execution, -O3 -g
XPASS: gcc.c-torture/execute/ieee/mzero2.c execution, -O0
XPASS: gcc.c-torture/execute/ieee/mzero2.c execution, -O1
XPASS: gcc.c-torture/execute/ieee/mzero2.c execution, -O2
XPASS: gcc.c-torture/execute/ieee/mzero2.c execution, -O3 -fomit-frame-pointer
XPASS: gcc.c-torture/execute/ieee/mzero2.c execution, -O3 -g
XPASS: gcc.c-torture/execute/ieee/mzero2.c execution, -Os
XPASS: gcc.c-torture/execute/ieee/rbug.c execution, -O3 -fomit-frame-pointer
XPASS: gcc.c-torture/execute/ieee/rbug.c execution, -O3 -g
FAIL: gcc.dg/wchar_t-1.c (test for excess errors)
FAIL: gcc.dg/wint_t-1.c (test for excess errors)
FAIL: gcc.dg/special/gcsec-1.c execution test
=== gcc Summary ===
# of expected passes 15193
# of unexpected failures 3
# of unexpected successes 11
# of expected failures 89
# of unsupported tests 24
/foo/z/oliva/egcs/gcc/xgcc version 3.0.1 20010709 (prerelease)
=== ld tests ===
Running target unix
FAIL: bootstrap
FAIL: bootstrap with strip
FAIL: bootstrap with --static
FAIL: bootstrap with --traditional-format
FAIL: bootstrap with --no-keep-memory
FAIL: cdtest
FAIL: cdtest with -Ur
FAIL: selective4
XPASS: selective6
FAIL: S-records with constructors
XPASS: undefined line
=== ld Summary ===
# of expected passes 15
# of unexpected failures 9
# of unexpected successes 2
=== libstdc++-v3 tests ===
Running target unix
=== libstdc++-v3 Summary ===
=== objc tests ===
Running target unix
=== objc Summary ===
# of expected passes 149
# of expected failures 1
/foo/z/oliva/egcs/gcc/xgcc version 3.0.1 20010709 (prerelease)
Compiler version: 3.0.1 20010709 (prerelease)
Platform: i386-unknown-freebsd3.0
BOOT_CFLAGS: -g -O9 -W -Wall
Counting all warnings,
there are 114 warnings in stage3 of this bootstrap.
Number of warnings per file:
96 libiberty/md5.c
7 fastjar/compress.c
4 libiberty/getopt.c
2 libsupc++/eh_personality.cc
2 fastjar/pushback.c
2 fastjar/jartool.c
1 configure
Number of warning types:
32 function-like macro `FI' must be used with arguments in traditional C
32 function-like macro `FH' must be used with arguments in traditional C
32 function-like macro `FG' must be used with arguments in traditional C
9 comparison between signed and unsigned
4 unused parameter `???'
1 wchar_t support disabled.
1 unsigned value < 0 is always 0
1 new
1 function declaration isn't a prototype
1 ambiguates
More information about the Gcc-testresults
mailing list