Results for 3.0.1 20010709 (prerelease) testsuite on i386-unknown-linux-gnu
Automatic Build System
build@netwinder.org
Tue Jul 10 02:51:00 GMT 2001
Native configuration is i386-unknown-linux-gnu
=== g++ tests ===
Running target unix
FAIL: g++.ext/instantiate1.C not instantiated (test for errors, line 20)
=== g++ Summary ===
# of expected passes 6487
# of unexpected failures 1
# of expected failures 102
# of untested testcases 9
/home/build-rpm/BUILD/obj-gcc-20010710/gcc/testsuite/../g++ version 3.0.1 20010709 (prerelease)
=== g77 tests ===
Running target unix
=== g77 Summary ===
# of expected passes 933
# of unsupported tests 8
=== gcc tests ===
Running target unix
XPASS: gcc.c-torture/execute/20010114-2.c execution, -O0
XPASS: gcc.c-torture/execute/20010114-2.c execution, -O3 -fomit-frame-pointer
XPASS: gcc.c-torture/execute/20010114-2.c execution, -O3 -g
FAIL: gcc.dg/format/c99-scanf-1.c %hhu sign (test for warnings, line 144)
FAIL: gcc.dg/format/c99-scanf-1.c (test for excess errors)
FAIL: gcc.dg/format/c99-scanf-1.c %hhu sign (test for warnings, line 144)
FAIL: gcc.dg/format/c99-scanf-1.c (test for excess errors)
=== gcc Summary ===
# of expected passes 15215
# of unexpected failures 4
# of unexpected successes 3
# of expected failures 85
# of unsupported tests 20
/home/build-rpm/BUILD/obj-gcc-20010710/gcc/xgcc version 3.0.1 20010709 (prerelease)
=== objc tests ===
Running target unix
=== objc Summary ===
# of expected passes 149
# of expected failures 1
/home/build-rpm/BUILD/obj-gcc-20010710/gcc/xgcc version 3.0.1 20010709 (prerelease)
=== libstdc++-v3 tests ===
Running target unix
=== libstdc++-v3 Summary ===
# of expected passes 245
# of expected failures 8
Compiler version: 3.0.1 20010709 (prerelease)
Platform: i386-unknown-linux-gnu
configure flags: --host=i386-unknown-linux-gnu --enable-languages=c,c++,objc,f77 --prefix=/usr/local --enable-shared --enable-threads --without-cvs
More information about the Gcc-testresults
mailing list