Results for gcc testsuite on i386-unknown-freebsd4.3
Mark Mitchell (admin)
mitchell@dbai.tuwien.ac.at
Tue Jul 3 23:38:00 GMT 2001
Native configuration is i386-unknown-freebsd4.3
=== gcc tests ===
Running target unix
XPASS: gcc.c-torture/execute/20010114-2.c execution, -O0
XPASS: gcc.c-torture/execute/20010114-2.c execution, -O3 -fomit-frame-pointer
XPASS: gcc.c-torture/execute/20010114-2.c execution, -O3 -g
FAIL: gcc.c-torture/execute/960830-1.c compilation, -O1
XPASS: gcc.c-torture/execute/ieee/rbug.c execution, -O3 -fomit-frame-pointer
XPASS: gcc.c-torture/execute/ieee/rbug.c execution, -O3 -g
=== libstdc++-v3 tests ===
Running target unix
=== libstdc++-v3 Summary ===
Compiler version: gcc
Platform: i386-unknown-freebsd4.3
configure flags: --host=i386-unknown-freebsd4.3 --prefix=/files/mitchell/gcc_auto_build/install/i386-unknown-freebsd4.3
More information about the Gcc-testresults
mailing list