Results for 2.97 20010130 (experimental) testsuite on armv3l-unknown-linux-gnu

Automatic Build System build@netwinder.org
Wed Jan 31 14:02:00 GMT 2001


Native configuration is armv3l-unknown-linux-gnu

		=== gcc tests ===


Running target unix
FAIL: gcc.c-torture/compile/20001226-1.c,  -O2  
FAIL: gcc.c-torture/compile/20001226-1.c,  -O3 -fomit-frame-pointer  
FAIL: gcc.c-torture/compile/20001226-1.c,  -O3 -g  
FAIL: gcc.c-torture/compile/20001226-1.c,  -Os  
FAIL: gcc.c-torture/compile/20010113-1.c,  -O0  
FAIL: gcc.c-torture/compile/20010113-1.c,  -O1  
FAIL: gcc.c-torture/compile/20010113-1.c,  -O2  
FAIL: gcc.c-torture/compile/20010113-1.c,  -O3 -fomit-frame-pointer  
FAIL: gcc.c-torture/compile/20010113-1.c,  -O3 -g  
FAIL: gcc.c-torture/compile/20010113-1.c,  -Os  
FAIL: gcc.c-torture/execute/20010123-1.c execution,  -O0 
FAIL: gcc.c-torture/execute/20010123-1.c execution,  -O1 
FAIL: gcc.c-torture/execute/20010123-1.c execution,  -O2 
FAIL: gcc.c-torture/execute/20010123-1.c execution,  -O3 -fomit-frame-pointer 
FAIL: gcc.c-torture/execute/20010123-1.c execution,  -O3 -fomit-frame-pointer -funroll-loops 
FAIL: gcc.c-torture/execute/20010123-1.c execution,  -O3 -fomit-frame-pointer -funroll-all-loops -finline-functions 
FAIL: gcc.c-torture/execute/20010123-1.c execution,  -O3 -g 
FAIL: gcc.c-torture/execute/20010123-1.c execution,  -Os 
FAIL: gcc.c-torture/execute/20010124-1.c execution,  -O0 
FAIL: gcc.c-torture/execute/20010124-1.c execution,  -O1 
FAIL: gcc.c-torture/execute/20010124-1.c execution,  -O2 
FAIL: gcc.c-torture/execute/20010124-1.c execution,  -O3 -fomit-frame-pointer 
FAIL: gcc.c-torture/execute/20010124-1.c execution,  -O3 -g 
FAIL: gcc.c-torture/execute/20010124-1.c execution,  -Os 
FAIL: gcc.c-torture/execute/961122-1.c compilation,  -O3 -fomit-frame-pointer 
FAIL: gcc.c-torture/execute/961122-1.c compilation,  -O3 -g 
FAIL: gcc.c-torture/execute/980709-1.c execution,  -O0 
FAIL: gcc.c-torture/execute/990208-1.c execution,  -O3 -fomit-frame-pointer 
FAIL: gcc.c-torture/execute/990208-1.c execution,  -O3 -g 
FAIL: gcc.c-torture/execute/991216-1.c compilation,  -O3 -g 
FAIL: gcc.c-torture/execute/nest-stdar-1.c compilation,  -O0 
XPASS: gcc.c-torture/execute/memcheck/blkarg.c execution,  -O0 
XPASS: gcc.c-torture/execute/memcheck/blkarg.c execution,  -O1 
XPASS: gcc.c-torture/execute/memcheck/blkarg.c execution,  -O2 
XPASS: gcc.c-torture/execute/memcheck/blkarg.c execution,  -Os 
FAIL: gcc.dg/asm-fs-1.c scan-assembler-not \\*_bar
FAIL: gcc.dg/asm-fs-1.c scan-assembler-not \\*_baz
FAIL: gcc.dg/asm-names.c (test for excess errors)
FAIL: gcc.dg/c99-float-1.c (test for excess errors)
FAIL: gcc.dg/pack-test-1.c (test for excess errors)
FAIL: gcc.dg/pack-test-2.c  (test for errors, line 7)
FAIL: gcc.dg/pack-test-2.c  (test for errors, line 14)
FAIL: gcc.dg/pack-test-2.c  (test for errors, line 19)
FAIL: gcc.dg/pack-test-2.c (test for excess errors)
FAIL: gcc.dg/sequence-pt-1.c sequence point warning (test for warnings, line 59)

		=== gcc Summary ===

# of expected passes		14854
# of unexpected failures	41
# of unexpected successes	4
# of expected failures		68
# of unresolved testcases	4
# of unsupported tests		50
/home/build-rpm/BUILD/obj-gcc-20010131/gcc/xgcc version 2.97 20010130 (experimental)

		=== g++ tests ===


Running target unix
FAIL: g++.dg/vtgc1.C scan-assembler .vtable_inherit[ 	]*Multivv3 virtual table, 0
FAIL: g++.dg/vtgc1.C scan-assembler .vtable_inherit[ 	]*Multivv3::Side0 virtual table, Side0 virtual table
FAIL: g++.dg/vtgc1.C scan-assembler .vtable_inherit[ 	]*Multivv3::Base2 virtual table, Base2 virtual table
FAIL: g++.dg/vtgc1.C scan-assembler .vtable_inherit[ 	]*Multiss2 virtual table, Base2 virtual table
FAIL: g++.dg/vtgc1.C scan-assembler .vtable_inherit[ 	]*Multiss2::Side0 virtual table, Side0 virtual table
FAIL: g++.dg/vtgc1.C scan-assembler .vtable_inherit[ 	]*Multivs1 virtual table, Base2 virtual table
FAIL: g++.dg/vtgc1.C scan-assembler .vtable_inherit[ 	]*Multivs1::Side0 virtual table, Side0 virtual table
FAIL: g++.dg/vtgc1.C scan-assembler .vtable_inherit[ 	]*Multisv0 virtual table, Side0 virtual table
FAIL: g++.dg/vtgc1.C scan-assembler .vtable_inherit[ 	]*Multisv0::Base2 virtual table, Base2 virtual table
FAIL: g++.dg/vtgc1.C scan-assembler .vtable_inherit[ 	]*Side0 virtual table, 0
FAIL: g++.dg/vtgc1.C scan-assembler .vtable_inherit[ 	]*VbasedA virtual table, 0
FAIL: g++.dg/vtgc1.C scan-assembler .vtable_inherit[ 	]*VbasedA::Base2 virtual table, Base2 virtual table
FAIL: g++.dg/vtgc1.C scan-assembler .vtable_inherit[ 	]*Base2 virtual table, Base1 virtual table
FAIL: g++.dg/vtgc1.C scan-assembler .vtable_inherit[ 	]*Base1 virtual table, Base0 virtual table
FAIL: g++.dg/vtgc1.C scan-assembler .vtable_inherit[ 	]*Base0 virtual table, 0
FAIL: g++.abi/cxa_vec.C  Execution test
FAIL: g++.eh/spec2.C  Execution test
FAIL: g++.eh/spec3.C  Execution test
FAIL: g++.ext/instantiate1.C not instantiated (test for errors, line 18)
FAIL: g++.ext/instantiate1.C not instantiated (test for errors, line 20)
FAIL: g++.ext/instantiate2.C not instantiated (test for errors, line 16)
FAIL: g++.jason/2371.C (test for excess errors)
FAIL: g++.law/profile1.C caused compiler crash
FAIL: g++.mike/eh33.C  Execution test
FAIL: g++.mike/eh50.C  Execution test
FAIL: g++.mike/eh51.C  Execution test
FAIL: g++.other/crash32.C (test for excess errors)
FAIL: g++.other/loop2.C caused compiler crash

		=== g++ Summary ===

# of expected passes		6259
# of unexpected failures	28
# of expected failures		91
# of untested testcases		19
/home/build-rpm/BUILD/obj-gcc-20010131/gcc/testsuite/../g++ version 2.97 20010130 (experimental)

		=== g77 tests ===


Running target unix

		=== g77 Summary ===

# of expected passes		919
		=== objc tests ===


Running target unix
FAIL: objc/execute/fdecl.m compilation,  -O 
FAIL: objc/execute/np-1.m compilation,  -O 
FAIL: objc/execute/np-2.m compilation,  -O 
FAIL: objc/execute/protocol.m compilation,  -O 

		=== objc Summary ===

# of expected passes		46
# of unexpected failures	4
# of untested testcases		4
/home/build-rpm/BUILD/obj-gcc-20010131/gcc/xgcc version 2.97 20010130 (experimental)


Compiler version: 2.97 20010130 (experimental) 
Platform: armv3l-unknown-linux-gnu
configure flags: --host=armv3l-unknown-linux-gnu --enable-languages=c,c++,objc,f77 --prefix=/usr/local --enable-shared --enable-threads --without-cvs


More information about the Gcc-testresults mailing list