Results for 2.97 20010122 (experimental) testsuite on i686-pc-linux-gnu
Theodore Papadopoulo
Theodore.Papadopoulo@sophia.inria.fr
Tue Jan 23 13:27:00 GMT 2001
Native configuration is i686-pc-linux-gnu
=== libjava tests ===
Running target unix
=== libjava Summary ===
=== gcc tests ===
Running target unix
FAIL: gcc.c-torture/compile/20001212-1.c, -O1
FAIL: gcc.c-torture/compile/20001212-1.c, -O2
FAIL: gcc.c-torture/compile/20001212-1.c, -O3 -fomit-frame-pointer
FAIL: gcc.c-torture/compile/20001212-1.c, -O3 -g
FAIL: gcc.c-torture/compile/20001212-1.c, -Os
FAIL: gcc.c-torture/compile/20010113-1.c, -O0
FAIL: gcc.c-torture/compile/20010113-1.c, -O1
FAIL: gcc.c-torture/compile/20010113-1.c, -O2
FAIL: gcc.c-torture/compile/20010113-1.c, -O3 -fomit-frame-pointer
FAIL: gcc.c-torture/compile/20010113-1.c, -O3 -g
FAIL: gcc.c-torture/compile/20010113-1.c, -Os
FAIL: gcc.c-torture/execute/20001009-1.c execution, -O1
FAIL: gcc.c-torture/execute/20001009-1.c execution, -O2
FAIL: gcc.c-torture/execute/20001009-1.c execution, -O3 -fomit-frame-pointer
FAIL: gcc.c-torture/execute/20001009-1.c execution, -O3 -g
FAIL: gcc.c-torture/execute/20001009-1.c execution, -Os
FAIL: gcc.c-torture/execute/20010114-2.c execution, -O1
FAIL: gcc.c-torture/execute/20010114-2.c execution, -O2
FAIL: gcc.c-torture/execute/20010114-2.c execution, -Os
FAIL: gcc.c-torture/execute/20010119-1.c compilation, -O1
FAIL: gcc.c-torture/execute/20010119-1.c compilation, -O2
FAIL: gcc.c-torture/execute/20010119-1.c compilation, -O3 -fomit-frame-pointer
FAIL: gcc.c-torture/execute/20010119-1.c compilation, -O3 -fomit-frame-pointer -funroll-loops
FAIL: gcc.c-torture/execute/20010119-1.c compilation, -O3 -fomit-frame-pointer -funroll-all-loops -finline-functions
FAIL: gcc.c-torture/execute/20010119-1.c compilation, -O3 -g
FAIL: gcc.c-torture/execute/20010119-1.c compilation, -Os
FAIL: gcc.c-torture/execute/960608-1.c execution, -O3 -fomit-frame-pointer
FAIL: gcc.c-torture/execute/960608-1.c execution, -O3 -g
FAIL: gcc.c-torture/execute/991118-1.c execution, -O3 -fomit-frame-pointer
FAIL: gcc.c-torture/execute/991118-1.c execution, -O3 -g
FAIL: gcc.c-torture/execute/bf64-1.c execution, -O3 -fomit-frame-pointer
FAIL: gcc.c-torture/execute/bf64-1.c execution, -O3 -g
FAIL: gcc.c-torture/execute/loop-2b.c execution, -O2
FAIL: gcc.dg/20000724-1.c execution test
FAIL: gcc.dg/20001117-1.c (test for excess errors)
FAIL: gcc.dg/sequence-pt-1.c sequence point warning (test for warnings, line 59)
FAIL: gcc.dg/special/gcsec-1.c execution test
=== gcc Summary ===
# of expected passes 14830
# of unexpected failures 37
# of expected failures 78
# of unresolved testcases 7
# of unsupported tests 21
/auto/atlantis/u/atlantis/1/egcs/gcc-linux/gcc/xgcc version 2.97 20010122 (experimental)
=== g++ tests ===
Running target unix
FAIL: g++.ext/instantiate1.C not instantiated (test for errors, line 18)
FAIL: g++.ext/instantiate1.C not instantiated (test for errors, line 20)
FAIL: g++.jason/2371.C (test for excess errors)
FAIL: g++.other/crash32.C (test for excess errors)
FAIL: g++.other/loop2.C caused compiler crash
=== g++ Summary ===
# of expected passes 6273
# of unexpected failures 5
# of expected failures 92
# of untested testcases 9
/auto/atlantis/u/atlantis/1/egcs/gcc-linux/gcc/testsuite/../g++ version 2.97 20010122 (experimental)
=== g77 tests ===
Running target unix
FAIL: g77.f-torture/execute/20001111.f execution, -O3 -g
XPASS: g77.f-torture/execute/20010116.f execution, -O0
XPASS: g77.f-torture/execute/20010116.f execution, -O1
FAIL: g77.f-torture/execute/short.f execution, -Os
FAIL: g77.f-torture/execute/u77-test.f execution, -O3 -g
=== g77 Summary ===
# of expected passes 908
# of unexpected failures 3
# of unexpected successes 2
# of expected failures 6
=== objc tests ===
Running target unix
FAIL: objc/execute/fdecl.m compilation, -O
FAIL: objc/execute/np-1.m compilation, -O
FAIL: objc/execute/np-2.m compilation, -O
FAIL: objc/execute/protocol.m compilation, -O
=== objc Summary ===
# of expected passes 46
# of unexpected failures 4
# of untested testcases 4
/auto/atlantis/u/atlantis/1/egcs/gcc-linux/gcc/xgcc version 2.97 20010122 (experimental)
Compiler version: 2.97 20010122 (experimental)
Platform: i686-pc-linux-gnu
configure flags: --host=i686-pc-linux-gnu --srcdir=../gcc --prefix=/net/home/robotvis/gnu/gcc.new --enable-threads=posix --with-gnu-as --with-gnu-ld --with-as=/net/home/robotvis/gnu/binutils/bin/as --with-ld=/net/home/robotvis/gnu/binutils/bin/ld
Counting all warnings,
there are 108 warnings in stage3 of this bootstrap.
Number of warnings per file:
28 gcc/combine.c
10 gcc/reg-stack.c
6 gcc/loop.c
6 gcc/cp/pt.c
5 gcc/cse.c
5 gcc/cp/error.c
3 gcc/reload1.c
3 gcc/gcc.c
3 gcc/config/i386/i386.c
2 insn-emit.c
2 hashtab.c
2 gcc/reload.c
2 gcc/real.c
2 gcc/java/verify.c
2 gcc/java/jcf-io.c
2 gcc/function.c
2 gcc/fold-const.c
2 gcc/expr.c
2 gcc/cp/call.c
2 gcc/config/i386/i386.md
2 gcc/alias.c
1 gcc/sched-deps.c
1 gcc/regmove.c
1 gcc/objc/lang-specs.h
1 gcc/java/mangle.c
1 gcc/java/jvspec.c
1 gcc/java/jcf-parse.c
1 gcc/final.c
1 gcc/f/lang-specs.h
1 gcc/expmed.c
1 gcc/dwarfout.c
1 gcc/dwarf2out.c
1 gcc/cp/lang-specs.h
1 gcc/cp/init.c
1 gcc/cp/errfn.c
1 gcc/c-lex.c
Number of warning types:
62 comparison between signed and unsigned
12 \`???' might be used uninitialized in this function
7 string length \`???' is greater than the minimum length \`???' ISO C89 is required to support
5 initialization from incompatible pointer type
4 signed and unsigned type in conditional expression
3 unused variable \`???'
3 passing arg ??? of \`???' from incompatible pointer type
3 \`???' defined but not used
2 function declaration isn't a prototype
2 destination missing a mode?
1 pointer targets in passing arg ??? of \`???' differ in signedness
1 passing arg ??? of \`???' discards qualifiers from pointer target type
1 integer constant is unsigned in ISO C, signed with -traditional
1 function-like macro \`strcmp' must be used with arguments in traditional C
1 decimal constant is so large that it is unsigned
More information about the Gcc-testresults
mailing list