Results for 2.97 20010122 (experimental) testsuite on i686-pc-cygwin

Billinghurst, David (CRTS) David.Billinghurst@riotinto.com
Mon Jan 22 14:24:00 GMT 2001


Native configuration is i686-pc-cygwin
		=== g++ tests ===

Running target unix
FAIL: conpr-1.C
FAIL: conpr-2a.o
FAIL: conpr-3a.o
FAIL: g++.abi/cxa_vec.C  Execution test
FAIL: g++.brendan/crash20.C (test for excess errors)
FAIL: g++.eh/rethrow1.C  Execution test
FAIL: g++.eh/rethrow2.C  Execution test
FAIL: g++.eh/rethrow4.C  Execution test
FAIL: g++.eh/rethrow6.C  Execution test
FAIL: g++.eh/spec2.C  Execution test
FAIL: g++.eh/spec3.C  Execution test
FAIL: g++.ext/initp1.C caused compiler crash
FAIL: g++.ext/instantiate1.C not instantiated (test for errors, line 18)
FAIL: g++.ext/instantiate1.C not instantiated (test for errors, line 20)
FAIL: g++.ext/instantiate2.C not instantiated (test for errors, line 16)
FAIL: g++.ext/instantiate3.C not instantiated (test for errors, line 13)
XPASS: g++.ext/instantiate3.C (test for excess errors)
FAIL: g++.jason/2371.C (test for excess errors)
XPASS: g++.jason/template18.C (test for excess errors)
XPASS: g++.jason/template18.C  Execution test
FAIL: g++.jason/thunk2.C (test for excess errors)
FAIL: g++.law/ctors6.C (test for excess errors)
FAIL: g++.law/operators4.C (test for excess errors)
FAIL: g++.mike/eh30.C (test for excess errors)
FAIL: g++.mike/eh33.C  Execution test
FAIL: g++.mike/eh50.C  Execution test
FAIL: g++.mike/eh51.C  Execution test
FAIL: g++.mike/p4750.C (test for excess errors)
FAIL: g++.other/crash18.C (test for excess errors)
FAIL: g++.other/crash32.C (test for excess errors)
FAIL: g++.other/headers1.C (test for excess errors)
FAIL: g++.robertl/eb106.C (test for excess errors)
FAIL: g++.robertl/eb3.C (test for excess errors)

		=== g++ Summary ===
# of expected passes		6232
# of unexpected failures	30
# of unexpected successes	3
# of expected failures		90
# of untested testcases		15
c:/usr/local/obj/gcc/gcc/testsuite/../g++ version 2.97 20010122
(experimental)
		=== g77 tests ===

Running target unix
XPASS: g77.f-torture/execute/20010116.f execution,  -O0 
XPASS: g77.f-torture/execute/20010116.f execution,  -O1 
FAIL: g77.f-torture/execute/short.f execution,  -Os 
XPASS: g77.f-torture/execute/20010116.f execution,  -O0 
XPASS: g77.f-torture/execute/20010116.f execution,  -O1 
FAIL: g77.f-torture/execute/short.f execution,  -Os 

		=== g77 Summary ===
# of expected passes		1819
# of unexpected failures	2
# of unexpected successes	4
# of expected failures		12
		=== gcc tests ===

Running target unix
FAIL: gcc.c-torture/compile/20001212-1.c,  -O1  
FAIL: gcc.c-torture/compile/20001212-1.c,  -O2  
FAIL: gcc.c-torture/compile/20001212-1.c,  -O3 -fomit-frame-pointer  
FAIL: gcc.c-torture/compile/20001212-1.c,  -O3 -g  
FAIL: gcc.c-torture/compile/20001212-1.c,  -Os  
FAIL: gcc.c-torture/compile/20001226-1.c,  -Os  
FAIL: gcc.c-torture/compile/20010113-1.c,  -O0  
FAIL: gcc.c-torture/compile/20010113-1.c,  -O1  
FAIL: gcc.c-torture/compile/20010113-1.c,  -O2  
FAIL: gcc.c-torture/compile/20010113-1.c,  -O3 -fomit-frame-pointer  
FAIL: gcc.c-torture/compile/20010113-1.c,  -O3 -g  
FAIL: gcc.c-torture/compile/20010113-1.c,  -Os  
FAIL: gcc.c-torture/execute/20001009-1.c execution,  -O1 
FAIL: gcc.c-torture/execute/20001009-1.c execution,  -O2 
FAIL: gcc.c-torture/execute/20001009-1.c execution,  -O3
-fomit-frame-pointer 
FAIL: gcc.c-torture/execute/20001009-1.c execution,  -O3 -g 
FAIL: gcc.c-torture/execute/20001009-1.c execution,  -Os 
FAIL: gcc.c-torture/execute/20010114-2.c execution,  -O1 
FAIL: gcc.c-torture/execute/20010114-2.c execution,  -O2 
FAIL: gcc.c-torture/execute/20010114-2.c execution,  -Os 
FAIL: gcc.c-torture/execute/20010119-1.c compilation,  -O1 
FAIL: gcc.c-torture/execute/20010119-1.c compilation,  -O2 
FAIL: gcc.c-torture/execute/20010119-1.c compilation,  -O3
-fomit-frame-pointer 
FAIL: gcc.c-torture/execute/20010119-1.c compilation,  -O3
-fomit-frame-pointer -funroll-loops 
FAIL: gcc.c-torture/execute/20010119-1.c compilation,  -O3
-fomit-frame-pointer -funroll-all-loops -finline-functions 
FAIL: gcc.c-torture/execute/20010119-1.c compilation,  -O3 -g 
FAIL: gcc.c-torture/execute/20010119-1.c compilation,  -Os 
FAIL: gcc.c-torture/execute/960608-1.c execution,  -O3 -fomit-frame-pointer 
FAIL: gcc.c-torture/execute/960608-1.c execution,  -O3 -g 
FAIL: gcc.c-torture/execute/991118-1.c execution,  -O3 -fomit-frame-pointer 
FAIL: gcc.c-torture/execute/991118-1.c execution,  -O3 -g 
FAIL: gcc.c-torture/execute/bf64-1.c execution,  -O3 -fomit-frame-pointer 
FAIL: gcc.c-torture/execute/bf64-1.c execution,  -O3 -g 
FAIL: gcc.c-torture/execute/loop-2b.c execution,  -O2 
FAIL: gcc.dg/20000807-1.c (test for excess errors)
FAIL: gcc.dg/20000904-1.c (test for excess errors)
FAIL: gcc.dg/20001009-1.c (test for excess errors)
FAIL: gcc.dg/20001117-1.c (test for excess errors)
FAIL: gcc.dg/990213-2.c (test for excess errors)
FAIL: gcc.dg/990214-1.c (test for excess errors)
FAIL: gcc.dg/asm-fs-1.c scan-assembler-not \\*_bar
FAIL: gcc.dg/asm-fs-1.c scan-assembler-not \\*_baz
FAIL: gcc.dg/sequence-pt-1.c sequence point warning (test for warnings, line
59)

		=== gcc Summary ===
# of expected passes		14819
# of unexpected failures	43
# of expected failures		78
# of unresolved testcases	7
# of unsupported tests		26
c:/usr/local/obj/gcc/gcc/xgcc version 2.97 20010122 (experimental)
		=== objc tests ===

Running target unix
FAIL: objc/execute/fdecl.m compilation,  -O 
FAIL: objc/execute/np-1.m compilation,  -O 
FAIL: objc/execute/np-2.m compilation,  -O 
FAIL: objc/execute/protocol.m compilation,  -O 

		=== objc Summary ===
# of expected passes		46
# of unexpected failures	4
# of untested testcases		4
c:/usr/local/obj/gcc/gcc/xgcc version 2.97 20010122 (experimental)

Compiler version: 2.97 20010122 (experimental)
 
Platform: i686-pc-cygwin
configure flags: --host=i686-pc-cygwin --with-included-gettext
Counting all warnings,
there are 215 warnings in stage3 of this bootstrap.

Number of warnings per file:
     29	gcc/gcc.c
     28	gcc/combine.c
     27	gcc/config/i386/winnt.c
     20	gcc/cppinit.c
     16	gcc/varasm.c
     10	gcc/reg-stack.c
      6	gcc/loop.c
      6	gcc/cp/pt.c
      5	gcc/java/jcf-path.c
      5	gcc/cse.c
      5	gcc/cp/error.c
      4	gcc/java/lex.c
      4	gcc/dwarf2out.c
      4	gcc/collect2.c
      3	gcc/reload1.c
      3	gcc/config/i386/i386.c
      2	insn-emit.c
      2	hashtab.c
      2	gcc/reload.c
      2	gcc/real.c
      2	gcc/prefix.c
      2	gcc/java/verify.c
      2	gcc/java/jcf-io.c
      2	gcc/function.c
      2	gcc/fold-const.c
      2	gcc/expr.c
      2	gcc/cp/call.c
      2	gcc/config/i386/i386.md
      2	gcc/alias.c
      1	gcc/toplev.c
      1	gcc/sdbout.c
      1	gcc/sched-deps.c
      1	gcc/regmove.c
      1	gcc/objc/lang-specs.h
      1	gcc/java/mangle.c
      1	gcc/java/jvspec.c
      1	gcc/java/jcf-parse.c
      1	gcc/final.c
      1	gcc/f/lang-specs.h
      1	gcc/expmed.c
      1	gcc/cp/lang-specs.h
      1	gcc/cp/init.c
      1	gcc/cp/errfn.c

Number of warning types:
     61	comparison between signed and unsigned
     29	function \`???' was previously declared within a block
     22	implicit declaration of function \`???'
     17	function declaration isn't a prototype
     16	unused variable \`???'
     12	\`???' might be used uninitialized in this function
      8	string length \`???' is greater than the minimum length \`???' ISO
C89 is required to support
      8	assignment discards qualifiers from pointer target type
      7	\`???' defined but not used
      5	passing arg ??? of \`???' discards qualifiers from pointer target
type
      5	initialization from incompatible pointer type
      4	signed and unsigned type in conditional expression
      4	??? format, ??? arg (arg ???)
      3	pointer targets in passing arg ??? of \`???' differ in signedness
      3	passing arg ??? of \`???' from incompatible pointer type
      2	suggest parentheses around assignment used as truth value
      2	initialization discards qualifiers from pointer target type
      2	destination missing a mode?
      2	assignment of read-only location
      1	return discards qualifiers from pointer target type
      1	integer constant is unsigned in ISO C, signed with -traditional
      1	decimal constant is so large that it is unsigned



More information about the Gcc-testresults mailing list