Results for gcc testsuite on alpha-unknown-linux-gnu
Alexandre Oliva
oliva@aviao.lsd.ic.unicamp.br
Thu Jan 18 08:03:00 GMT 2001
Native configuration is alpha-unknown-linux-gnu
=== binutils tests ===
Running target unix
FAIL: strip
=== binutils Summary ===
# of expected passes 24
# of unexpected failures 1
# of expected failures 1
=== gas tests ===
Running target unix
=== gas Summary ===
# of expected passes 61
=== gcc tests ===
Running target unix
FAIL: gcc.c-torture/compile/20001116-1.c, -O0
FAIL: gcc.c-torture/compile/20001116-1.c, -O1
FAIL: gcc.c-torture/compile/20001116-1.c, -O2
FAIL: gcc.c-torture/compile/20001116-1.c, -O3 -fomit-frame-pointer
FAIL: gcc.c-torture/compile/20001116-1.c, -O3 -g
FAIL: gcc.c-torture/compile/20001116-1.c, -Os
FAIL: gcc.c-torture/compile/20001226-1.c, -O0
FAIL: gcc.c-torture/compile/20001226-1.c, -O2
FAIL: gcc.c-torture/compile/20001226-1.c, -O3 -fomit-frame-pointer
FAIL: gcc.c-torture/compile/20001226-1.c, -O3 -g
FAIL: gcc.c-torture/compile/20001226-1.c, -Os
FAIL: gcc.c-torture/compile/20010113-1.c, -O0
FAIL: gcc.c-torture/compile/20010113-1.c, -O1
FAIL: gcc.c-torture/compile/20010113-1.c, -O2
FAIL: gcc.c-torture/compile/20010113-1.c, -O3 -fomit-frame-pointer
FAIL: gcc.c-torture/compile/20010113-1.c, -O3 -g
FAIL: gcc.c-torture/compile/20010113-1.c, -Os
FAIL: gcc.c-torture/compile/20010114-2.c, -O0
FAIL: gcc.c-torture/compile/20010114-2.c, -O1
FAIL: gcc.c-torture/compile/20010114-2.c, -O2
FAIL: gcc.c-torture/compile/20010114-2.c, -O3 -fomit-frame-pointer
FAIL: gcc.c-torture/compile/20010114-2.c, -O3 -g
FAIL: gcc.c-torture/compile/20010114-2.c, -Os
FAIL: gcc.c-torture/execute/20001130-2.c execution, -O2
FAIL: gcc.c-torture/execute/20001130-2.c execution, -Os
FAIL: gcc.c-torture/execute/990128-1.c compilation, -O1
FAIL: gcc.c-torture/execute/arith-rand.c compilation, -Os
FAIL: gcc.c-torture/execute/bcp-1.c compilation, -O1
FAIL: gcc.c-torture/execute/bcp-1.c compilation, -O2
FAIL: gcc.c-torture/execute/bcp-1.c compilation, -O3 -fomit-frame-pointer
FAIL: gcc.c-torture/execute/bcp-1.c compilation, -O3 -fomit-frame-pointer -funroll-loops
FAIL: gcc.c-torture/execute/bcp-1.c compilation, -O3 -fomit-frame-pointer -funroll-all-loops -finline-functions
FAIL: gcc.c-torture/execute/bcp-1.c compilation, -O3 -g
FAIL: gcc.c-torture/execute/bcp-1.c compilation, -Os
FAIL: gcc.c-torture/execute/bf-layout-1.c compilation, -O0
FAIL: gcc.c-torture/execute/bf-layout-1.c compilation, -O1
FAIL: gcc.c-torture/execute/bf-layout-1.c compilation, -O2
FAIL: gcc.c-torture/execute/bf-layout-1.c compilation, -O3 -fomit-frame-pointer
FAIL: gcc.c-torture/execute/bf-layout-1.c compilation, -O3 -g
FAIL: gcc.c-torture/execute/bf-layout-1.c compilation, -Os
FAIL: gcc.c-torture/execute/bf-pack-1.c compilation, -O0
FAIL: gcc.c-torture/execute/bf-pack-1.c compilation, -O1
FAIL: gcc.c-torture/execute/bf-pack-1.c compilation, -O2
FAIL: gcc.c-torture/execute/bf-pack-1.c compilation, -O3 -fomit-frame-pointer
FAIL: gcc.c-torture/execute/bf-pack-1.c compilation, -O3 -g
FAIL: gcc.c-torture/execute/bf-pack-1.c compilation, -Os
FAIL: gcc.c-torture/execute/bf-sign-1.c compilation, -O0
FAIL: gcc.c-torture/execute/bf-sign-1.c compilation, -O1
FAIL: gcc.c-torture/execute/bf-sign-1.c compilation, -O2
FAIL: gcc.c-torture/execute/bf-sign-1.c compilation, -O3 -fomit-frame-pointer
FAIL: gcc.c-torture/execute/bf-sign-1.c compilation, -O3 -g
FAIL: gcc.c-torture/execute/bf-sign-1.c compilation, -Os
FAIL: gcc.c-torture/execute/bf-sign-2.c compilation, -O0
FAIL: gcc.c-torture/execute/bf-sign-2.c compilation, -O1
FAIL: gcc.c-torture/execute/bf-sign-2.c compilation, -O2
FAIL: gcc.c-torture/execute/bf-sign-2.c compilation, -O3 -fomit-frame-pointer
FAIL: gcc.c-torture/execute/bf-sign-2.c compilation, -O3 -g
FAIL: gcc.c-torture/execute/bf-sign-2.c compilation, -Os
FAIL: gcc.c-torture/execute/bf64-1.c compilation, -O0
FAIL: gcc.c-torture/execute/bf64-1.c compilation, -O1
FAIL: gcc.c-torture/execute/bf64-1.c compilation, -O2
FAIL: gcc.c-torture/execute/bf64-1.c compilation, -O3 -fomit-frame-pointer
FAIL: gcc.c-torture/execute/bf64-1.c compilation, -O3 -g
FAIL: gcc.c-torture/execute/bf64-1.c compilation, -Os
FAIL: gcc.c-torture/execute/built-in-setjmp.c compilation, -O0
FAIL: gcc.c-torture/execute/built-in-setjmp.c compilation, -O1
FAIL: gcc.c-torture/execute/built-in-setjmp.c compilation, -O2
FAIL: gcc.c-torture/execute/built-in-setjmp.c compilation, -O3 -fomit-frame-pointer
FAIL: gcc.c-torture/execute/built-in-setjmp.c compilation, -O3 -fomit-frame-pointer -funroll-loops
FAIL: gcc.c-torture/execute/built-in-setjmp.c compilation, -O3 -fomit-frame-pointer -funroll-all-loops -finline-functions
FAIL: gcc.c-torture/execute/built-in-setjmp.c compilation, -O3 -g
FAIL: gcc.c-torture/execute/built-in-setjmp.c compilation, -Os
FAIL: gcc.c-torture/execute/builtin-abs-1.c compilation, -O0
FAIL: gcc.c-torture/execute/builtin-abs-1.c compilation, -O1
FAIL: gcc.c-torture/execute/builtin-abs-1.c compilation, -O2
FAIL: gcc.c-torture/execute/builtin-abs-1.c compilation, -O3 -fomit-frame-pointer
FAIL: gcc.c-torture/execute/builtin-abs-1.c compilation, -O3 -g
FAIL: gcc.c-torture/execute/builtin-abs-1.c compilation, -Os
FAIL: gcc.c-torture/execute/builtin-abs-2.c compilation, -O0
FAIL: gcc.c-torture/execute/builtin-abs-2.c compilation, -O1
FAIL: gcc.c-torture/execute/builtin-abs-2.c compilation, -O2
FAIL: gcc.c-torture/execute/builtin-abs-2.c compilation, -O3 -fomit-frame-pointer
FAIL: gcc.c-torture/execute/builtin-abs-2.c compilation, -O3 -g
FAIL: gcc.c-torture/execute/builtin-abs-2.c compilation, -Os
FAIL: gcc.c-torture/execute/builtin-complex-1.c compilation, -O0
FAIL: gcc.c-torture/execute/builtin-complex-1.c compilation, -O1
FAIL: gcc.c-torture/execute/builtin-complex-1.c compilation, -O2
FAIL: gcc.c-torture/execute/builtin-complex-1.c compilation, -O3 -fomit-frame-pointer
FAIL: gcc.c-torture/execute/builtin-complex-1.c compilation, -O3 -g
FAIL: gcc.c-torture/execute/builtin-complex-1.c compilation, -Os
FAIL: gcc.c-torture/execute/builtin-noret-1.c compilation, -O0
FAIL: gcc.c-torture/execute/builtin-noret-1.c compilation, -O1
FAIL: gcc.c-torture/execute/builtin-noret-1.c compilation, -O2
FAIL: gcc.c-torture/execute/builtin-noret-1.c compilation, -O3 -fomit-frame-pointer
FAIL: gcc.c-torture/execute/builtin-noret-1.c compilation, -O3 -g
FAIL: gcc.c-torture/execute/builtin-noret-1.c compilation, -Os
FAIL: gcc.c-torture/execute/cbrt.c compilation, -O0
FAIL: gcc.c-torture/execute/cbrt.c compilation, -O1
FAIL: gcc.c-torture/execute/cbrt.c compilation, -O2
FAIL: gcc.c-torture/execute/cbrt.c compilation, -O3 -fomit-frame-pointer
FAIL: gcc.c-torture/execute/cbrt.c compilation, -O3 -g
FAIL: gcc.c-torture/execute/cbrt.c compilation, -Os
FAIL: gcc.c-torture/execute/cmpdi-1.c compilation, -O0
FAIL: gcc.c-torture/execute/cmpdi-1.c compilation, -O1
FAIL: gcc.c-torture/execute/cmpdi-1.c compilation, -O2
FAIL: gcc.c-torture/execute/cmpdi-1.c compilation, -O3 -fomit-frame-pointer
FAIL: gcc.c-torture/execute/cmpdi-1.c compilation, -O3 -fomit-frame-pointer -funroll-loops
FAIL: gcc.c-torture/execute/cmpdi-1.c compilation, -O3 -fomit-frame-point
=== ld tests ===
Running target unix
FAIL: cdtest
FAIL: cdtest with -Ur
FAIL: visibility (hidden) (non PIC)
FAIL: visibility (hidden) (non PIC, load offset)
FAIL: visibility (hidden)
FAIL: visibility (hidden) (PIC main, non PIC so)
FAIL: visibility (hidden) (PIC main)
FAIL: visibility (hidden_undef) (non PIC)
FAIL: visibility (hidden_undef) (non PIC, load offset)
FAIL: visibility (hidden_undef)
FAIL: visibility (hidden_undef) (PIC main, non PIC so)
FAIL: visibility (hidden_undef) (PIC main)
FAIL: visibility (hidden_undef_def) (non PIC)
FAIL: visibility (hidden_undef_def) (non PIC, load offset)
FAIL: visibility (hidden_undef_def)
FAIL: visibility (hidden_undef_def) (PIC main, non PIC so)
FAIL: visibility (hidden_undef_def) (PIC main)
FAIL: visibility (protected_undef) (non PIC)
FAIL: visibility (protected_undef) (non PIC, load offset)
FAIL: visibility (protected_undef)
FAIL: visibility (protected_undef) (PIC main, non PIC so)
FAIL: visibility (protected_undef) (PIC main)
FAIL: selective1
FAIL: selective2
FAIL: undefined line
=== ld Summary ===
# of expected passes 76
# of unexpected failures 25
# of expected failures 2
# of unresolved testcases 1
Compiler version: gcc
Platform: alpha-unknown-linux-gnu
BOOT_CFLAGS: -g -O9 -W -Wall
Counting all warnings,
there are 582 warnings in stage3 of this bootstrap.
Number of warnings per file:
153 gcc/genattrtab.c
88 gcc/genemit.c
53 gcc/genpeep.c
43 gcc/genoutput.c
43 gcc/genattr.c
33 gcc/genextract.c
31 gcc/toplev.c
19 gcc/genrecog.c
17 gcc/genopinit.c
9 gcc/genflags.c
9 gcc/genconfig.c
8 gcc/tradcpp.c
6 gcc/gcc.c
6 gcc/cp/pt.c
5 gcc/loop.c
5 gcc/gencodes.c
5 gcc/cp/error.c
4 gcc/java/lex.c
4 gcc/gengenrtl.c
3 gcc/reload1.c
3 gcc/dependence.c
3 gcc/config/alpha/alpha.c
2 gcc/reload.c
2 gcc/objc/objc-act.c
2 gcc/java/verify.c
2 gcc/expr.c
2 gcc/cp/call.c
1 gcc/ssa.c
1 gcc/sdbout.c
1 gcc/sched-deps.c
1 gcc/regmove.c
1 gcc/objc/lang-specs.h
1 gcc/jump.c
1 gcc/java/mangle.c
1 gcc/java/jvspec.c
1 gcc/java/jcf-write.c
1 gcc/ggc-page.c
1 gcc/gencheck.c
1 gcc/fold-const.c
1 gcc/final.c
1 gcc/f/lang-specs.h
1 gcc/dwarf2out.c
1 gcc/cppexp.c
1 gcc/cp/lang-specs.h
1 gcc/cp/init.c
1 gcc/cp/errfn.c
1 gcc/combine.c
1 gcc/c-lex.c
1 gcc/builtins.c
Number of warning types:
526 ISO C99 requires rest arguments to be used
21 comparison between signed and unsigned
12 `???' might be used uninitialized in this function
6 string length `???' is greater than the minimum length `???' ISO C89 is required to support
5 initialization from incompatible pointer type
4 passing arg ??? of `???' from incompatible pointer type
2 function declaration isn't a prototype
1 unused variable `???'
1 traditional C rejects string concatenation
1 pointer targets in passing arg ??? of `???' differ in signedness
1 function-like macro `strcmp' must be used with arguments in traditional C
1 assignment discards qualifiers from pointer target type
1 `long' switch expression not converted to `int' in ISO C
More information about the Gcc-testresults
mailing list