Results for 2.97 20010115 (experimental) testsuite on i686-pc-cygwin

kelley.cook@gm.com kelley.cook@gm.com
Thu Jan 18 06:48:00 GMT 2001


Native configuration is i686-pc-cygwin
          === g++ tests ===

Running target unix
FAIL: conpr-1.C
FAIL: conpr-2a.o
FAIL: conpr-3a.o
FAIL: g++.abi/cxa_vec.C  Execution test
FAIL: g++.brendan/crash20.C (test for excess errors)
FAIL: g++.eh/rethrow1.C  Execution test
FAIL: g++.eh/rethrow2.C  Execution test
FAIL: g++.eh/rethrow4.C  Execution test
FAIL: g++.eh/rethrow6.C  Execution test
FAIL: g++.eh/spec2.C  Execution test
FAIL: g++.eh/spec3.C  Execution test
FAIL: g++.ext/initp1.C caused compiler crash
FAIL: g++.ext/instantiate1.C not instantiated (test for errors, line 18)
FAIL: g++.ext/instantiate1.C not instantiated (test for errors, line 20)
FAIL: g++.ext/instantiate2.C not instantiated (test for errors, line 16)
FAIL: g++.ext/instantiate3.C not instantiated (test for errors, line 13)
XPASS: g++.ext/instantiate3.C (test for excess errors)
FAIL: g++.jason/2371.C (test for excess errors)
XPASS: g++.jason/template18.C (test for excess errors)
XPASS: g++.jason/template18.C  Execution test
FAIL: g++.jason/thunk2.C (test for excess errors)
FAIL: g++.law/ctors6.C (test for excess errors)
FAIL: g++.law/operators4.C (test for excess errors)
FAIL: g++.mike/eh30.C (test for excess errors)
FAIL: g++.mike/eh33.C  Execution test
FAIL: g++.mike/eh50.C  Execution test
FAIL: g++.mike/eh51.C  Execution test

          === g++ Summary ===
# of expected passes          3080
# of unexpected failures 24
# of unexpected successes     3
# of expected failures        24
# of untested testcases       6
/obj/gcc3/gcc/testsuite/../g++ version 2.97 20010115 (experimental)
          === g77 tests ===

Running target unix
FAIL: g77.f-torture/execute/19981119-0.f compilation,  -O0
FAIL: g77.f-torture/execute/19981119-0.f compilation,  -O1
FAIL: g77.f-torture/execute/19981119-0.f compilation,  -O2
FAIL: g77.f-torture/execute/19981119-0.f compilation,  -O2 -fomit-frame-pointer
-finline-functions
FAIL: g77.f-torture/execute/19981119-0.f compilation,  -O3 -g
FAIL: g77.f-torture/execute/19981119-0.f compilation,  -Os
FAIL: g77.f-torture/execute/19990313-0.f compilation,  -O0
FAIL: g77.f-torture/execute/19990313-0.f compilation,  -O1
FAIL: g77.f-torture/execute/19990313-0.f compilation,  -O2
FAIL: g77.f-torture/execute/19990313-0.f compilation,  -O2 -fomit-frame-pointer
-finline-functions
FAIL: g77.f-torture/execute/19990313-0.f compilation,  -O3 -g
FAIL: g77.f-torture/execute/19990313-0.f compilation,  -Os
FAIL: g77.f-torture/execute/19990313-1.f compilation,  -O0
FAIL: g77.f-torture/execute/19990313-1.f compilation,  -O1
FAIL: g77.f-torture/execute/19990313-1.f compilation,  -O2
FAIL: g77.f-torture/execute/19990313-1.f compilation,  -O2 -fomit-frame-pointer
-finline-functions
FAIL: g77.f-torture/execute/19990313-1.f compilation,  -O3 -g
FAIL: g77.f-torture/execute/19990313-1.f compilation,  -Os
FAIL: g77.f-torture/execute/19990313-2.f compilation,  -O0
FAIL: g77.f-torture/execute/19990313-2.f compilation,  -O1
FAIL: g77.f-torture/execute/19990313-2.f compilation,  -O2
FAIL: g77.f-torture/execute/19990313-2.f compilation,  -O2 -fomit-frame-pointer
-finline-functions
FAIL: g77.f-torture/execute/19990313-2.f compilation,  -O3 -g
FAIL: g77.f-torture/execute/19990313-2.f compilation,  -Os
FAIL: g77.f-torture/execute/19990313-3.f compilation,  -O0
FAIL: g77.f-torture/execute/19990313-3.f compilation,  -O1
FAIL: g77.f-torture/execute/19990313-3.f compilation,  -O2
FAIL: g77.f-torture/execute/19990313-3.f compilation,  -O2 -fomit-frame-pointer
-finline-functions
FAIL: g77.f-torture/execute/19990313-3.f compilation,  -O3 -g
FAIL: g77.f-torture/execute/19990313-3.f compilation,  -Os
FAIL: g77.f-torture/execute/19990325-0.f compilation,  -O0
FAIL: g77.f-torture/execute/19990325-0.f compilation,  -O1
FAIL: g77.f-torture/execute/19990325-0.f compilation,  -O2
FAIL: g77.f-torture/execute/19990325-0.f compilation,  -O2 -fomit-frame-pointer
-finline-functions
FAIL: g77.f-torture/execute/19990325-0.f compilation,  -O3 -g
FAIL: g77.f-torture/execute/19990325-0.f compilation,  -Os
FAIL: g77.f-torture/execute/19990325-1.f compilation,  -O0
FAIL: g77.f-torture/execute/19990325-1.f compilation,  -O1
FAIL: g77.f-torture/execute/19990325-1.f compilation,  -O2
FAIL: g77.f-torture/execute/19990325-1.f compilation,  -O2 -fomit-frame-pointer
-finline-functions
FAIL: g77.f-torture/execute/19990325-1.f compilation,  -O3 -g
FAIL: g77.f-torture/execute/19990325-1.f compilation,  -Os
FAIL: g77.f-torture/execute/19990419-1.f compilation,  -O0
FAIL: g77.f-torture/execute/19990419-1.f compilation,  -O1
FAIL: g77.f-torture/execute/19990419-1.f compilation,  -O2
FAIL: g77.f-torture/execute/19990419-1.f compilation,  -O2 -fomit-frame-pointer
-finline-functions
FAIL: g77.f-torture/execute/19990419-1.f compilation,  -O2 -fomit-frame-pointer
-finline-functions -funroll-loops
FAIL: g77.f-torture/execute/19990419-1.f compilation,  -O2 -fomit-frame-pointer
-finline-functions -funroll-all-loops
FAIL: g77.f-torture/execute/19990419-1.f compilation,  -O3 -g
FAIL: g77.f-torture/execute/19990419-1.f compilation,  -Os
FAIL: g77.f-torture/execute/19990826-0.f compilation,  -O0
FAIL: g77.f-torture/execute/19990826-0.f compilation,  -O1
FAIL: g77.f-torture/execute/19990826-0.f compilation,  -O2
FAIL: g77.f-torture/execute/19990826-0.f compilation,  -O2 -fomit-frame-pointer
-finline-functions
FAIL: g77.f-torture/execute/19990826-0.f compilation,  -O3 -g
FAIL: g77.f-torture/execute/19990826-0.f compilation,  -Os
FAIL: g77.f-torture/execute/19990826-2.f compilation,  -O0
FAIL: g77.f-torture/execute/19990826-2.f compilation,  -O1
FAIL: g77.f-torture/execute/19990826-2.f compilation,  -O2
FAIL: g77.f-torture/execute/19990826-2.f compilation,  -O2 -fomit-frame-pointer
-finline-functions
FAIL: g77.f-torture/execute/19990826-2.f compilation,  -O3 -g
FAIL: g77.f-torture/execute/19990826-2.f compilation,  -Os
FAIL: g77.f-torture/execute/20000503-1.f compilation,  -O0
FAIL: g77.f-torture/execute/20000503-1.f compilation,  -O1
FAIL: g77.f-torture/execute/20000503-1.f compilation,  -O2
FAIL: g77.f-torture/execute/20000503-1.f compilation,  -O2 -fomit-frame-pointer
-finline-functions
FAIL: g77.f-torture/execute/20000503-1.f compilation,  -O2 -fomit-frame-pointer
-finline-functions -funroll-loops
FAIL: g77.f-torture/execute/20000503-1.f compilation,  -O2 -fomit-frame-pointer
-finline-functions -funroll-all-loops
FAIL: g77.f-torture/execute/20000503-1.f compilation,  -O3 -g
FAIL: g77.f-torture/execute/20000503-1.f compilation,  -Os
FAIL: g77.f-torture/execute/20001111.f compilation,  -O0
FAIL: g77.f-torture/execute/20001111.f compilation,  -O1
FAIL: g77.f-torture/execute/20001111.f compilation,  -O2
FAIL: g77.f-torture/execute/20001111.f compilation,  -O2 -fomit-frame-pointer
-finline-functions
FAIL: g77.f-torture/execute/20001111.f compilation,  -O2 -fomit-frame-pointer
-finline-functions -funroll-loops
FAIL: g77.f-torture/execute/20001111.f compilation,  -O2 -fomit-frame-pointer
-finline-functions -funroll-all-loops
FAIL: g77.f-torture/execute/20001111.f compilation,  -O3 -g
FAIL: g77.f-torture/execute/20001111.f compilation,  -Os
FAIL: g77.f-torture/execute/20001201.f compilation,  -O0
FAIL: g77.f-torture/execute/20001201.f compilation,  -O1
FAIL: g77.f-torture/execute/20001201.f compilation,  -O2
FAIL: g77.f-torture/execute/20001201.f compilation,  -O2 -fomit-frame-pointer
-finline-functions
FAIL: g77.f-torture/execute/20001201.f compilation,  -O3 -g
FAIL: g77.f-torture/execute/20001201.f compilation,  -Os
FAIL: g77.f-torture/execute/20010116.f compilation,  -O0
FAIL: g77.f-torture/execute/20010116.f compilation,  -O1
FAIL: g77.f-torture/execute/20010116.f compilation,  -O2
FAIL: g77.f-torture/execute/20010116.f compilation,  -O2 -fomit-frame-pointer
-finline-functions
FAIL: g77.f-torture/execute/20010116.f compilation,  -O2 -fomit-frame-pointer
-finline-functions -funroll-loops
FAIL: g77.f-torture/execute/20010116.f compilation,  -O2 -fomit-frame-pointer
-finline-functions -funroll-all-loops
FAIL: g77.f-torture/execute/20010116.f compilation,  -O3 -g
FAIL: g77.f-torture/execute/20010116.f compilation,  -Os
FAIL: g77.f-torture/execute/970625-2.f compilation,  -O0
FAIL: g77.f-torture/execute/970625-2.f compilation,  -O1
FAIL: g77.f-torture/execute/970625-2.f compilation,  -O2
FAIL: g77.f-torture/execute/970625-2.f compilation,  -O2 -fomit-frame-pointer
-finline-functions
FAIL: g77.f-torture/execute/970625-2.f compilation,  -O2 -fomit-frame-pointer
-finline-functions -funroll-loops
FAIL: g77.f-torture/execute/970625-2.f compilation,  -O2 -fomit-frame-pointer
-finline-functions -funroll-all-loops
FAIL: g77.f-torture/execute/970625-2.f compilation,  -O3 -g
FAIL: g77.f-torture/execute/970625-2.f compilation,  -Os
FAIL: g77.f-torture/execute/970816-3.f compilation,  -O0
FAIL: g77.f-torture/execute/970816-3.f compilation,  -O1
FAIL: g77.f-torture/execute/970816-3.f compilation,  -O2
FAIL: g77.f-torture/execute/970816-3.f compilation,  -O2 -fomit-frame-pointer
-finline-functions
FAIL: g77.f-torture/execute/970816-3.f compilation,  -O3 -g
FAIL: g77.f-torture/execute/970816-3.f compilation,  -Os
FAIL: g77.f-torture/execute/971102-1.f compilation,  -O0
FAIL: g77.f-torture/execute/971102-1.f compilation,  -O1
FAIL: g77.f-torture/execute/971102-1.f compilation,  -O2
FAIL: g77.f-torture/execute/971102-1.f compilation,  -O2 -fomit-frame-pointer
-finline-functions
FAIL: g77.f-torture/execute/971102-1.f compilation,  -O2 -fomit-frame-pointer
-finline-functions -funroll-loops
FAIL: g77.f-torture/execute/971102-1.f compilation,  -O2 -fomit-frame-pointer
-finline-functions -funroll-all-loops
FAIL: g77.f-torture/execute/971102-1.f compilation,  -O3 -g
FAIL: g77.f-torture/execute/971102-1.f compilation,  -Os
FAIL: g77.f-torture/execute/980520-1.f compilation,  -O0
FAIL: g77.f-torture/execute/980520-1.f compilation,  -O1
FAIL: g77.f-torture/execute/980520-1.f compilation,  -O2
FAIL: g77.f-torture/execute/980520-1.f compilation,  -O2 -fomit-frame-pointer
-finline-functions
FAIL: g77.f-torture/execute/980520-1.f compilation,  -O3 -g
FAIL: g77.f-torture/execute/980520-1.f compilation,  -Os
FAIL: g77.f-torture/execute/980628-0.f compilation,  -O0
FAIL: g77.f-torture/execute/980628-0.f compilation,  -O1
FAIL: g77.f-torture/execute/980628-0.f compilation,  -O2
FAIL: g77.f-torture/execute/980628-0.f compilation,  -O2 -fomit-frame-pointer
-finline-functions
FAIL: g77.f-torture/execute/980628-0.f compilation,  -O3 -g
FAIL: g77.f-torture/execute/980628-0.f compilation,  -Os
FAIL: g77.f-torture/execute/980628-1.f compilation,  -O0
FAIL: g77.f-torture/execute/980628-1.f compilation,  -O1
FAIL: g77.f-torture/execute/980628-1.f compilation,  -O2
FAIL: g77.f-torture/execute/980628-1.f compilation,  -O2 -fomit-frame-pointer
-finline-functions
FAIL: g77.f-torture/execute/980628-1.f compilation,  -O3 -g
FAIL: g77.f-torture/execute/980628-1.f compilation,  -Os
FAIL: g77.f-torture/execute/980628-10.f compilation,  -O0
FAIL: g77.f-torture/execute/980628-10.f compilation,  -O1
FAIL: g77.f-torture/execute/980628-10.f compilation,  -O2
FAIL: g77.f-torture/execute/980628-10.f compilation,  -O2 -fomit-frame-pointer
-finline-functions
FAIL: g77.f-torture/execute/980628-10.f compilation,  -O3 -g
FAIL: g77.f-torture/execute/980628-10.f compilation,  -Os
FAIL: g77.f-torture/execute/980628-2.f compilation,  -O0
FAIL: g77.f-torture/execute/980628-2.f compilation,  -O1
FAIL: g77.f-torture/execute/980628-2.f compilation,  -O2
FAIL: g77.f-torture/execute/980628-2.f compilation,  -O2 -fomit-frame-pointer
-finline-functions
FAIL: g77.f-torture/execute/980628-2.f compilation,  -O3 -g
FAIL: g77.f-torture/execute/980628-2.f compilation,  -Os
FAIL: g77.f-torture/execute/980628-3.f compilation,  -O0
FAIL: g77.f-torture/execute/980628-3.f compilation,  -O1
FAIL: g77.f-torture/execute/980628-3.f compilation,  -O2
FAIL: g77.f-torture/execute/980628-3.f compilation,  -O2 -fomit-frame-pointer
-finline-functions
FAIL: g77.f-torture/execute/980628-3.f compilation,  -O3 -g
FAIL: g77.f-torture/execute/980628-3.f compilation,  -Os
FAIL: g77.f-torture/execute/980628-4.f compilation,  -O0
FAIL: g77.f-torture/execute/980628-4.f compilation,  -O1
FAIL: g77.f-torture/execute/980628-4.f compilation,  -O2
FAIL: g77.f-torture/execute/980628-4.f compilation,  -O2 -fomit-frame-pointer
-finline-functions
FAIL: g77.f-torture/execute/980628-4.f compilation,  -O3 -g
FAIL: g77.f-torture/execute/980628-4.f compilation,  -Os
FAIL: g77.f-torture/execute/980628-5.f compilation,  -O0
FAIL: g77.f-torture/execute/980628-5.f compilation,  -O1
FAIL: g77.f-torture/execute/980628-5.f compilation,  -O2
FAIL: g77.f-torture/execute/980628-5.f compilation,  -O2 -fomit-frame-pointer
-finline-functions
FAIL: g77.f-torture/execute/980628-5.f compilation,  -O3 -g
FAIL: g77.f-torture/execute/980628-5.f compilation,  -Os
FAIL: g77.f-torture/execute/980628-6.f compilation,  -O0
FAIL: g77.f-torture/execute/980628-6.f compilation,  -O1
FAIL: g77.f-torture/execute/980628-6.f compilation,  -O2
FAIL: g77.f-torture/execute/980628-6.f compilation,  -O2 -fomit-frame-pointer
-finline-functions
FAIL: g77.f-torture/execute/980628-6.f compilation,  -O3 -g
FAIL: g77.f-torture/execute/980628-6.f compilation,  -Os
FAIL: g77.f-torture/execute/980628-7.f compilation,  -O0
FAIL: g77.f-torture/execute/980628-7.f compilation,  -O1
FAIL: g77.f-torture/execute/980628-7.f compilation,  -O2
FAIL: g77.f-torture/execute/980628-7.f compilation,  -O2 -fomit-frame-pointer
-finline-functions
FAIL: g77.f-torture/execute/980628-7.f compilation,  -O3 -g
FAIL: g77.f-torture/execute/980628-7.f compilation,  -Os
FAIL: g77.f-torture/execute/980628-8.f compilation,  -O0
FAIL: g77.f-torture/execute/980628-8.f compilation,  -O1
FAIL: g77.f-torture/execute/980628-8.f compilation,  -O2
FAIL: g77.f-torture/execute/980628-8.f compilation,  -O2 -fomit-frame-pointer
-finline-functions
FAIL: g77.f-torture/execute/980628-8.f compilation,  -O3 -g
FAIL: g77.f-torture/execute/980628-8.f compilation,  -Os
FAIL: g77.f-torture/execute/980628-9.f compilation,  -O0
FAIL: g77.f-torture/execute/980628-9.f compilation,  -O1
FAIL: g77.f-torture/execute/980628-9.f compilation,  -O2
FAIL: g77.f-torture/execute/980628-9.f compilation,  -O2 -fomit-frame-pointer
-finline-functions
FAIL: g77.f-torture/execute/980628-9.f compilation,  -O3 -g
FAIL: g77.f-torture/execute/980628-9.f compilation,  -Os
FAIL: g77.f-torture/execute/980701-0.f compilation,  -O0
FAIL: g77.f-torture/execute/980701-0.f compilation,  -O1
FAIL: g77.f-torture/execute/980701-0.f compilation,  -O2
FAIL: g77.f-torture/execute/980701-0.f compilation,  -O2 -fomit-frame-pointer
-finline-functions
FAIL: g77.f-torture/execute/980701-0.f compilation,  -O3 -g
FAIL: g77.f-torture/execute/980701-0.f compilation,  -Os
FAIL: g77.f-torture/execute/980701-1.f compilation,  -O0
FAIL: g77.f-torture/execute/980701-1.f compilation,  -O1
FAIL: g77.f-torture/execute/980701-1.f compilation,  -O2
FAIL: g77.f-torture/execute/980701-1.f compilation,  -O2 -fomit-frame-pointer
-finline-functions
FAIL: g77.f-torture/execute/980701-1.f compilation,  -O3 -g
FAIL: g77.f-torture/execute/980701-1.f compilation,  -Os
FAIL: g77.f-torture/execute/alpha2.f compilation,  -O0
FAIL: g77.f-torture/execute/alpha2.f compilation,  -O1
FAIL: g77.f-torture/execute/alpha2.f compilation,  -O2
FAIL: g77.f-torture/execute/alpha2.f compilation,  -O2 -fomit-frame-pointer
-finline-functions
FAIL: g77.f-torture/execute/alpha2.f compilation,  -O3 -g
FAIL: g77.f-torture/execute/alpha2.f compilation,  -Os
FAIL: g77.f-torture/execute/auto0.f compilation,  -O0
FAIL: g77.f-torture/execute/auto0.f compilation,  -O1
FAIL: g77.f-torture/execute/auto0.f compilation,  -O2
FAIL: g77.f-torture/execute/auto0.f compilation,  -O2 -fomit-frame-pointer
-finline-functions
FAIL: g77.f-torture/execute/auto0.f compilation,  -O2 -fomit-frame-pointer
-finline-functions -funroll-loops
FAIL: g77.f-torture/execute/auto0.f compilation,  -O2 -fomit-frame-pointer
-finline-functions -funroll-all-loops
FAIL: g77.f-torture/execute/auto0.f compilation,  -O3 -g
FAIL: g77.f-torture/execute/auto0.f compilation,  -Os
FAIL: g77.f-torture/execute/auto1.f compilation,  -O0
FAIL: g77.f-torture/execute/auto1.f compilation,  -O1
FAIL: g77.f-torture/execute/auto1.f compilation,  -O2
FAIL: g77.f-torture/execute/auto1.f compilation,  -O2 -fomit-frame-pointer
-finline-functions
FAIL: g77.f-torture/execute/auto1.f compilation,  -O2 -fomit-frame-pointer
-finline-functions -funroll-loops
FAIL: g77.f-torture/execute/auto1.f compilation,  -O2 -fomit-frame-pointer
-finline-functions -funroll-all-loops
FAIL: g77.f-torture/execute/auto1.f compilation,  -O3 -g
FAIL: g77.f-torture/execute/auto1.f compilation,  -Os
FAIL: g77.f-torture/execute/cabs.f compilation,  -O0
FAIL: g77.f-torture/execute/cabs.f compilation,  -O1
FAIL: g77.f-torture/execute/cabs.f compilation,  -O2
FAIL: g77.f-torture/execute/cabs.f compilation,  -O2 -fomit-frame-pointer
-finline-functions
FAIL: g77.f-torture/execute/cabs.f compilation,  -O3 -g
FAIL: g77.f-torture/execute/cabs.f compilation,  -Os
FAIL: g77.f-torture/execute/claus.f compilation,  -O0
FAIL: g77.f-torture/execute/claus.f compilation,  -O1
FAIL: g77.f-torture/execute/claus.f compilation,  -O2
FAIL: g77.f-torture/execute/claus.f compilation,  -O2 -fomit-frame-pointer
-finline-functions
FAIL: g77.f-torture/execute/claus.f compilation,  -O2 -fomit-frame-pointer
-finline-functions -funroll-loops
FAIL: g77.f-torture/execute/claus.f compilation,  -O2 -fomit-frame-pointer
-finline-functions -funroll-all-loops
FAIL: g77.f-torture/execute/claus.f compilation,  -O3 -g
FAIL: g77.f-torture/execute/claus.f compilation,  -Os
FAIL: g77.f-torture/execute/complex_1.f compilation,  -O0
FAIL: g77.f-torture/execute/complex_1.f compilation,  -O1
FAIL: g77.f-torture/execute/complex_1.f compilation,  -O2
FAIL: g77.f-torture/execute/complex_1.f compilation,  -O2 -fomit-frame-pointer
-finline-functions
FAIL: g77.f-torture/execute/complex_1.f compilation,  -O3 -g
FAIL: g77.f-torture/execute/complex_1.f compilation,  -Os
FAIL: g77.f-torture/execute/dcomplex.f compilation,  -O0
FAIL: g77.f-torture/execute/dcomplex.f compilation,  -O1
FAIL: g77.f-torture/execute/dcomplex.f compilation,  -O2
FAIL: g77.f-torture/execute/dcomplex.f compilation,  -O2 -fomit-frame-pointer
-finline-functions
FAIL: g77.f-torture/execute/dcomplex.f compilation,  -O3 -g
FAIL: g77.f-torture/execute/dcomplex.f compilation,  -Os
FAIL: g77.f-torture/execute/dnrm2.f compilation,  -O0
FAIL: g77.f-torture/execute/dnrm2.f compilation,  -O1
FAIL: g77.f-torture/execute/dnrm2.f compilation,  -O2
FAIL: g77.f-torture/execute/dnrm2.f compilation,  -O2 -fomit-frame-pointer
-finline-functions
FAIL: g77.f-torture/execute/dnrm2.f compilation,  -O2 -fomit-frame-pointer
-finline-functions -funroll-loops
FAIL: g77.f-torture/execute/dnrm2.f compilation,  -O2 -fomit-frame-pointer
-finline-functions -funroll-all-loops
FAIL: g77.f-torture/execute/dnrm2.f compilation,  -O3 -g
FAIL: g77.f-torture/execute/dnrm2.f compilation,  -Os
FAIL: g77.f-torture/execute/erfc.f compilation,  -O0
FAIL: g77.f-torture/execute/erfc.f compilation,  -O1
FAIL: g77.f-torture/execute/erfc.f compilation,  -O2
FAIL: g77.f-torture/execute/erfc.f compilation,  -O2 -fomit-frame-pointer
-finline-functions
FAIL: g77.f-torture/execute/erfc.f compilation,  -O3 -g
FAIL: g77.f-torture/execute/erfc.f compilation,  -Os
FAIL: g77.f-torture/execute/exp.f compilation,  -O0
FAIL: g77.f-torture/execute/exp.f compilation,  -O1
FAIL: g77.f-torture/execute/exp.f compilation,  -O2
FAIL: g77.f-torture/execute/exp.f compilation,  -O2 -fomit-frame-pointer
-finline-functions
FAIL: g77.f-torture/execute/exp.f compilation,  -O3 -g
FAIL: g77.f-torture/execute/exp.f compilation,  -Os
FAIL: g77.f-torture/execute/io0.f compilation,  -O0
FAIL: g77.f-torture/execute/io0.f compilation,  -O1
FAIL: g77.f-torture/execute/io0.f compilation,  -O2
FAIL: g77.f-torture/execute/io0.f compilation,  -O2 -fomit-frame-pointer
-finline-functions
FAIL: g77.f-torture/execute/io0.f compilation,  -O3 -g
FAIL: g77.f-torture/execute/io0.f compilation,  -Os
FAIL: g77.f-torture/execute/io1.f compilation,  -O0
FAIL: g77.f-torture/execute/io1.f compilation,  -O1
FAIL: g77.f-torture/execute/io1.f compilation,  -O2
FAIL: g77.f-torture/execute/io1.f compilation,  -O2 -fomit-frame-pointer
-finline-functions
FAIL: g77.f-torture/execute/io1.f compilation,  -O3 -g
FAIL: g77.f-torture/execute/io1.f compilation,  -Os
FAIL: g77.f-torture/execute/labug1.f compilation,  -O0
FAIL: g77.f-torture/execute/labug1.f compilation,  -O1
FAIL: g77.f-torture/execute/labug1.f compilation,  -O2
FAIL: g77.f-torture/execute/labug1.f compilation,  -O2 -fomit-frame-pointer
-finline-functions
FAIL: g77.f-torture/execute/labug1.f compilation,  -O2 -fomit-frame-pointer
-finline-functions -funroll-loops
FAIL: g77.f-torture/execute/labug1.f compilation,  -O2 -fomit-frame-pointer
-finline-functions -funroll-all-loops
FAIL: g77.f-torture/execute/labug1.f compilation,  -O3 -g
FAIL: g77.f-torture/execute/labug1.f compilation,  -Os
FAIL: g77.f-torture/execute/large_vec.f compilation,  -O0
FAIL: g77.f-torture/execute/large_vec.f compilation,  -O1
FAIL: g77.f-torture/execute/large_vec.f compilation,  -O2
FAIL: g77.f-torture/execute/large_vec.f compilation,  -O2 -fomit-frame-pointer
-finline-functions
FAIL: g77.f-torture/execute/large_vec.f compilation,  -O3 -g
FAIL: g77.f-torture/execute/large_vec.f compilation,  -Os
FAIL: g77.f-torture/execute/le.f compilation,  -O0
FAIL: g77.f-torture/execute/le.f compilation,  -O1
FAIL: g77.f-torture/execute/le.f compilation,  -O2
FAIL: g77.f-torture/execute/le.f compilation,  -O2 -fomit-frame-pointer
-finline-functions
FAIL: g77.f-torture/execute/le.f compilation,  -O3 -g
FAIL: g77.f-torture/execute/le.f compilation,  -Os
FAIL: g77.f-torture/execute/short.f compilation,  -O0
FAIL: g77.f-torture/execute/short.f compilation,  -O1
FAIL: g77.f-torture/execute/short.f compilation,  -O2
FAIL: g77.f-torture/execute/short.f compilation,  -O2 -fomit-frame-pointer
-finline-functions
FAIL: g77.f-torture/execute/short.f compilation,  -O2 -fomit-frame-pointer
-finline-functions -funroll-loops
FAIL: g77.f-torture/execute/short.f compilation,  -O2 -fomit-frame-pointer
-finline-functions -funroll-all-loops
FAIL: g77.f-torture/execute/short.f compilation,  -O3 -g
FAIL: g77.f-torture/execute/short.f compilation,  -Os
FAIL: g77.f-torture/execute/u77-test.f compilation,  -O0
FAIL: g77.f-torture/execute/u77-test.f compilation,  -O1
FAIL: g77.f-torture/execute/u77-test.f compilation,  -O2
FAIL: g77.f-torture/execute/u77-test.f compilation,  -O2 -fomit-frame-pointer
-finline-functions
FAIL: g77.f-torture/execute/u77-test.f compilation,  -O2 -fomit-frame-pointer
-finline-functions -funroll-loops
FAIL: g77.f-torture/execute/u77-test.f compilation,  -O2 -fomit-frame-pointer
-finline-functions -funroll-all-loops
FAIL: g77.f-torture/execute/u77-test.f compilation,  -O3 -g
FAIL: g77.f-torture/execute/u77-test.f compilation,  -Os
FAIL: g77.f-torture/execute/cpp.F compilation,  -O0
FAIL: g77.f-torture/execute/cpp.F compilation,  -O1
FAIL: g77.f-torture/execute/cpp.F compilation,  -O2
FAIL: g77.f-torture/execute/cpp.F compilation,  -O2 -fomit-frame-pointer
-finline-functions
FAIL: g77.f-torture/execute/cpp.F compilation,  -O3 -g
FAIL: g77.f-torture/execute/cpp.F compilation,  -Os
FAIL: g77.f-torture/execute/cpp2.F compilation,  -O0
FAIL: g77.f-torture/execute/cpp2.F compilation,  -O1
FAIL: g77.f-torture/execute/cpp2.F compilation,  -O2
FAIL: g77.f-torture/execute/cpp2.F compilation,  -O2 -fomit-frame-pointer
-finline-functions
FAIL: g77.f-torture/execute/cpp2.F compilation,  -O3 -g
FAIL: g77.f-torture/execute/cpp2.F compilation,  -Os

          === g77 Summary ===
# of expected passes          259
# of unexpected failures 326
# of untested testcases       326
          === gcc tests ===

Running target unix
FAIL: gcc.c-torture/compile/20001212-1.c,  -O1
FAIL: gcc.c-torture/compile/20001212-1.c,  -O2
FAIL: gcc.c-torture/compile/20001212-1.c,  -O3 -fomit-frame-pointer
FAIL: gcc.c-torture/compile/20001212-1.c,  -O3 -g
FAIL: gcc.c-torture/compile/20001212-1.c,  -Os
FAIL: gcc.c-torture/compile/20001226-1.c,  -Os
FAIL: gcc.c-torture/compile/20010113-1.c,  -O0
FAIL: gcc.c-torture/compile/20010113-1.c,  -O1
FAIL: gcc.c-torture/compile/20010113-1.c,  -O2
FAIL: gcc.c-torture/compile/20010113-1.c,  -O3 -fomit-frame-pointer
FAIL: gcc.c-torture/compile/20010113-1.c,  -O3 -g
FAIL: gcc.c-torture/compile/20010113-1.c,  -Os
FAIL: gcc.c-torture/compile/20010114-2.c,  -O0
FAIL: gcc.c-torture/compile/20010114-2.c,  -O1
FAIL: gcc.c-torture/compile/20010114-2.c,  -O2
FAIL: gcc.c-torture/compile/20010114-2.c,  -O3 -fomit-frame-pointer
FAIL: gcc.c-torture/compile/20010114-2.c,  -O3 -g
FAIL: gcc.c-torture/compile/20010114-2.c,  -Os
FAIL: gcc.c-torture/execute/20001009-1.c execution,  -O1
FAIL: gcc.c-torture/execute/20001009-1.c execution,  -O2
FAIL: gcc.c-torture/execute/20001009-1.c execution,  -O3 -fomit-frame-pointer
FAIL: gcc.c-torture/execute/20001009-1.c execution,  -O3 -g
FAIL: gcc.c-torture/execute/20001009-1.c execution,  -Os
FAIL: gcc.c-torture/execute/20010114-2.c execution,  -O1
FAIL: gcc.c-torture/execute/20010114-2.c execution,  -O2
FAIL: gcc.c-torture/execute/20010114-2.c execution,  -Os
FAIL: gcc.c-torture/execute/960608-1.c execution,  -O3 -fomit-frame-pointer
FAIL: gcc.c-torture/execute/960608-1.c execution,  -O3 -g
FAIL: gcc.c-torture/execute/991118-1.c execution,  -O3 -fomit-frame-pointer
FAIL: gcc.c-torture/execute/991118-1.c execution,  -O3 -g
FAIL: gcc.c-torture/execute/bf64-1.c execution,  -O3 -fomit-frame-pointer
FAIL: gcc.c-torture/execute/bf64-1.c execution,  -O3 -g
FAIL: gcc.c-torture/execute/loop-2b.c execution,  -O2
FAIL: gcc.c-torture/execute/memcpy-bi.c execution,  -O3 -fomit-frame-pointer
FAIL: gcc.c-torture/execute/memcpy-bi.c execution,  -O3 -g
FAIL: gcc.dg/20000807-1.c (test for excess errors)
FAIL: gcc.dg/20000904-1.c (test for excess errors)
FAIL: gcc.dg/20001009-1.c (test for excess errors)
FAIL: gcc.dg/20001117-1.c (test for excess errors)
FAIL: gcc.dg/990213-2.c (test for excess errors)
FAIL: gcc.dg/990214-1.c (test for excess errors)
FAIL: gcc.dg/asm-fs-1.c scan-assembler-not \\*_bar
FAIL: gcc.dg/asm-fs-1.c scan-assembler-not \\*_baz
FAIL: gcc.dg/sequence-pt-1.c sequence point warning (test for warnings, line 59)

          === gcc Summary ===
# of expected passes          14763
# of unexpected failures 44
# of expected failures        78
# of unsupported tests        26
/obj/gcc3/gcc/xgcc version 2.97 20010115 (experimental)
          === objc tests ===

Running target unix
FAIL: objc/execute/fdecl.m compilation,  -O
FAIL: objc/execute/np-1.m compilation,  -O
FAIL: objc/execute/np-2.m compilation,  -O
FAIL: objc/execute/protocol.m compilation,  -O

          === objc Summary ===
# of expected passes          46
# of unexpected failures 4
# of untested testcases       4
/obj/gcc3/gcc/xgcc version 2.97 20010115 (experimental)

Compiler version: 2.97 20010115 (experimental)
Platform: i686-pc-cygwin
configure flags: --host=i686-pc-cygwin --with-included-gettext




More information about the Gcc-testresults mailing list