Results for 2.97 20010115 (experimental) testsuite on alphaev6-unknown-linux-gnu

Alexandre Oliva oliva@tatu.lad.dcc.unicamp.br
Wed Jan 17 03:27:00 GMT 2001


Native configuration is alphaev6-unknown-linux-gnu

		=== binutils tests ===


Running target unix
FAIL: strip

		=== binutils Summary ===

# of expected passes		24
# of unexpected failures	1
# of expected failures		1
		=== g++ tests ===


Running target unix
FAIL: g++.dg/vtgc1.C (test for excess errors)
FAIL: conpr-1.C
FAIL: g++.eh/badalloc1.C  Execution test
FAIL: g++.eh/ptr1.C (test for excess errors)
FAIL: g++.ext/instantiate1.C not instantiated (test for errors, line 18)
FAIL: g++.ext/instantiate1.C not instantiated (test for errors, line 20)
FAIL: g++.ext/instantiate2.C not instantiated (test for errors, line 16)
FAIL: g++.ext/instantiate3.C not instantiated (test for errors, line 13)
FAIL: g++.jason/2371.C (test for excess errors)
FAIL: g++.other/call1.C  Execution test
FAIL: g++.other/crash18.C (test for excess errors)
FAIL: g++.other/crash32.C (test for excess errors)
FAIL: g++.other/eh3.C  Execution test
FAIL: g++.other/loop2.C caused compiler crash

		=== g++ Summary ===

# of expected passes		6213
# of unexpected failures	14
# of expected failures		91
# of unresolved testcases	1
# of untested testcases		18
/tmp/egcs/gcc/testsuite/../g++ version 2.97 20010115 (experimental)

		=== g77 tests ===


Running target unix

		=== g77 Summary ===

# of expected passes		911
		=== gas tests ===


Running target unix

		=== gas Summary ===

# of expected passes		61
		=== gcc tests ===


Running target unix
FAIL: gcc.c-torture/compile/20000405-3.c,  -O3 -g  
FAIL: gcc.c-torture/compile/20001116-1.c,  -O0  
FAIL: gcc.c-torture/compile/20001116-1.c,  -O1  
FAIL: gcc.c-torture/compile/20001116-1.c,  -O2  
FAIL: gcc.c-torture/compile/20001116-1.c,  -O3 -fomit-frame-pointer  
FAIL: gcc.c-torture/compile/20001116-1.c,  -O3 -g  
FAIL: gcc.c-torture/compile/20001116-1.c,  -Os  
FAIL: gcc.c-torture/compile/20010113-1.c,  -O0  
FAIL: gcc.c-torture/compile/20010113-1.c,  -O1  
FAIL: gcc.c-torture/compile/20010113-1.c,  -O2  
FAIL: gcc.c-torture/compile/20010113-1.c,  -O3 -fomit-frame-pointer  
FAIL: gcc.c-torture/compile/20010113-1.c,  -O3 -g  
FAIL: gcc.c-torture/compile/20010113-1.c,  -Os  
FAIL: gcc.c-torture/compile/20010114-2.c,  -O0  
FAIL: gcc.c-torture/compile/20010114-2.c,  -O1  
FAIL: gcc.c-torture/compile/20010114-2.c,  -O2  
FAIL: gcc.c-torture/compile/20010114-2.c,  -O3 -fomit-frame-pointer  
FAIL: gcc.c-torture/compile/20010114-2.c,  -O3 -g  
FAIL: gcc.c-torture/compile/20010114-2.c,  -Os  
FAIL: gcc.c-torture/execute/20001130-2.c execution,  -O2 
FAIL: gcc.c-torture/execute/20001130-2.c execution,  -Os 
FAIL: gcc.c-torture/execute/built-in-setjmp.c execution,  -O3 -fomit-frame-pointer 
FAIL: gcc.c-torture/execute/built-in-setjmp.c execution,  -O3 -fomit-frame-pointer -funroll-loops 
FAIL: gcc.c-torture/execute/built-in-setjmp.c execution,  -O3 -fomit-frame-pointer -funroll-all-loops -finline-functions 
FAIL: gcc.c-torture/execute/built-in-setjmp.c execution,  -O3 -g 
FAIL: gcc.c-torture/execute/ieee/20000320-1.c execution,  -O0 
FAIL: gcc.c-torture/execute/ieee/20000320-1.c execution,  -O1 
FAIL: gcc.c-torture/execute/ieee/20000320-1.c execution,  -O2 
FAIL: gcc.c-torture/execute/ieee/20000320-1.c execution,  -O3 -fomit-frame-pointer 
FAIL: gcc.c-torture/execute/ieee/20000320-1.c execution,  -O3 -g 
FAIL: gcc.c-torture/execute/ieee/20000320-1.c execution,  -Os 
FAIL: gcc.c-torture/execute/ieee/fp-cmp-2.c execution,  -O0 
FAIL: gcc.c-torture/execute/ieee/fp-cmp-2.c execution,  -O1 
FAIL: gcc.c-torture/execute/ieee/fp-cmp-2.c execution,  -O2 
FAIL: gcc.c-torture/execute/ieee/fp-cmp-2.c execution,  -O3 -fomit-frame-pointer 
FAIL: gcc.c-torture/execute/ieee/fp-cmp-2.c execution,  -O3 -fomit-frame-pointer -funroll-loops 
FAIL: gcc.c-torture/execute/ieee/fp-cmp-2.c execution,  -O3 -fomit-frame-pointer -funroll-all-loops -finline-functions 
FAIL: gcc.c-torture/execute/ieee/fp-cmp-2.c execution,  -O3 -g 
FAIL: gcc.c-torture/execute/ieee/fp-cmp-2.c execution,  -Os 
FAIL: gcc.c-torture/execute/ieee/fp-cmp-4.c execution,  -O0 
FAIL: gcc.c-torture/execute/ieee/fp-cmp-4.c execution,  -O1 
FAIL: gcc.c-torture/execute/ieee/fp-cmp-4.c execution,  -O2 
FAIL: gcc.c-torture/execute/ieee/fp-cmp-4.c execution,  -O3 -fomit-frame-pointer 
FAIL: gcc.c-torture/execute/ieee/fp-cmp-4.c execution,  -O3 -fomit-frame-pointer -funroll-loops 
FAIL: gcc.c-torture/execute/ieee/fp-cmp-4.c execution,  -O3 -fomit-frame-pointer -funroll-all-loops -finline-functions 
FAIL: gcc.c-torture/execute/ieee/fp-cmp-4.c execution,  -O3 -g 
FAIL: gcc.c-torture/execute/ieee/fp-cmp-4.c execution,  -Os 
FAIL: gcc.c-torture/execute/ieee/hugeval.c execution,  -O0 
FAIL: gcc.c-torture/execute/ieee/mzero2.c execution,  -O0 
FAIL: gcc.c-torture/execute/ieee/mzero2.c execution,  -O1 
FAIL: gcc.c-torture/execute/ieee/mzero2.c execution,  -O2 
FAIL: gcc.c-torture/execute/ieee/mzero2.c execution,  -O3 -fomit-frame-pointer 
FAIL: gcc.c-torture/execute/ieee/mzero2.c execution,  -O3 -g 
FAIL: gcc.c-torture/execute/ieee/mzero2.c execution,  -Os 
XPASS: gcc.c-torture/execute/memcheck/blkarg.c execution,  -O0 
XPASS: gcc.c-torture/execute/memcheck/blkarg.c execution,  -O1 
XPASS: gcc.c-torture/execute/memcheck/blkarg.c execution,  -O2 
XPASS: gcc.c-torture/execute/memcheck/blkarg.c execution,  -Os 
FAIL: gcc.c-torture/unsorted/loop386.c,  -O3 -g  
FAIL: gcc.dg/c99-float-1.c (test for excess errors)
FAIL: gcc.dg/sequence-pt-1.c sequence point warning (test for warnings, line 59)

		=== gcc Summary ===

# of expected passes		14709
# of unexpected failures	57
# of unexpected successes	4
# of expected failures		72
# of unsupported tests		48
/tmp/egcs/gcc/xgcc version 2.97 20010115 (experimental)

		=== ld tests ===


Running target unix
FAIL: cdtest
FAIL: cdtest with -Ur
FAIL: visibility (hidden) (non PIC)
FAIL: visibility (hidden) (non PIC, load offset)
FAIL: visibility (hidden)
FAIL: visibility (hidden) (PIC main, non PIC so)
FAIL: visibility (hidden) (PIC main)
FAIL: visibility (hidden_undef) (non PIC)
FAIL: visibility (hidden_undef) (non PIC, load offset)
FAIL: visibility (hidden_undef)
FAIL: visibility (hidden_undef) (PIC main, non PIC so)
FAIL: visibility (hidden_undef) (PIC main)
FAIL: visibility (hidden_undef_def) (non PIC)
FAIL: visibility (hidden_undef_def) (non PIC, load offset)
FAIL: visibility (hidden_undef_def)
FAIL: visibility (hidden_undef_def) (PIC main, non PIC so)
FAIL: visibility (hidden_undef_def) (PIC main)
FAIL: visibility (protected_undef) (non PIC)
FAIL: visibility (protected_undef) (non PIC, load offset)
FAIL: visibility (protected_undef)
FAIL: visibility (protected_undef) (PIC main, non PIC so)
FAIL: visibility (protected_undef) (PIC main)
FAIL: selective1
FAIL: selective2
FAIL: undefined line

		=== ld Summary ===

# of expected passes		76
# of unexpected failures	25
# of expected failures		2
# of unresolved testcases	1
		=== objc tests ===


Running target unix
FAIL: objc/execute/fdecl.m compilation,  -O 
FAIL: objc/execute/np-1.m compilation,  -O 
FAIL: objc/execute/np-2.m compilation,  -O 
FAIL: objc/execute/protocol.m compilation,  -O 

		=== objc Summary ===

# of expected passes		46
# of unexpected failures	4
# of untested testcases		4
/tmp/egcs/gcc/xgcc version 2.97 20010115 (experimental)


Compiler version: 2.97 20010115 (experimental) 
Platform: alphaev6-unknown-linux-gnu

BOOT_CFLAGS: -g -O9 -W -Wall

Counting all warnings,
there are 55 warnings in stage3 of this bootstrap.

Number of warnings per file:
      6	gcc/cp/pt.c
      5	gcc/loop.c
      5	gcc/cp/error.c
      4	gcc/java/lex.c
      3	gcc/reload1.c
      3	gcc/gcc.c
      3	gcc/config/alpha/alpha.c
      2	gcc/reload.c
      2	gcc/java/verify.c
      2	gcc/expr.c
      2	gcc/cp/call.c
      1	gcc/sdbout.c
      1	gcc/sched-deps.c
      1	gcc/regmove.c
      1	gcc/objc/lang-specs.h
      1	gcc/jump.c
      1	gcc/java/mangle.c
      1	gcc/java/jvspec.c
      1	gcc/java/jcf-write.c
      1	gcc/fold-const.c
      1	gcc/final.c
      1	gcc/f/lang-specs.h
      1	gcc/dwarf2out.c
      1	gcc/cppexp.c
      1	gcc/cp/lang-specs.h
      1	gcc/cp/errfn.c
      1	gcc/combine.c
      1	gcc/c-lex.c
      1	gcc/builtins.c

Number of warning types:
     21	comparison between signed and unsigned
     11	`???' might be used uninitialized in this function
      6	string length `???' is greater than the minimum length `???' ISO C89 is required to support
      5	initialization from incompatible pointer type
      4	passing arg ??? of `???' from incompatible pointer type
      2	function declaration isn't a prototype
      1	unused variable `???'
      1	traditional C rejects string concatenation
      1	pointer targets in passing arg ??? of `???' differ in signedness
      1	function-like macro `strcmp' must be used with arguments in traditional C
      1	assignment discards qualifiers from pointer target type
      1	`long' switch expression not converted to `int' in ISO C


More information about the Gcc-testresults mailing list