Results for 2.97 20010115 (experimental) testsuite on i386-unknown-freebsd4.2

Loren James Rittle rittle@latour.rsch.comm.mot.com
Tue Jan 16 18:30:00 GMT 2001


Native configuration is i386-unknown-freebsd4.2

		=== gcc tests ===


Running target unix
FAIL: gcc.c-torture/compile/20001212-1.c,  -O1  
FAIL: gcc.c-torture/compile/20001212-1.c,  -O2  
FAIL: gcc.c-torture/compile/20001212-1.c,  -O3 -fomit-frame-pointer  
FAIL: gcc.c-torture/compile/20001212-1.c,  -O3 -g  
FAIL: gcc.c-torture/compile/20001212-1.c,  -Os  
FAIL: gcc.c-torture/compile/20010113-1.c,  -O0  
FAIL: gcc.c-torture/compile/20010113-1.c,  -O1  
FAIL: gcc.c-torture/compile/20010113-1.c,  -O2  
FAIL: gcc.c-torture/compile/20010113-1.c,  -O3 -fomit-frame-pointer  
FAIL: gcc.c-torture/compile/20010113-1.c,  -O3 -g  
FAIL: gcc.c-torture/compile/20010113-1.c,  -Os  
FAIL: gcc.c-torture/compile/20010114-2.c,  -O0  
FAIL: gcc.c-torture/compile/20010114-2.c,  -O1  
FAIL: gcc.c-torture/compile/20010114-2.c,  -O2  
FAIL: gcc.c-torture/compile/20010114-2.c,  -O3 -fomit-frame-pointer  
FAIL: gcc.c-torture/compile/20010114-2.c,  -O3 -g  
FAIL: gcc.c-torture/compile/20010114-2.c,  -Os  
FAIL: gcc.c-torture/execute/20001009-1.c execution,  -O1 
FAIL: gcc.c-torture/execute/20001009-1.c execution,  -O2 
FAIL: gcc.c-torture/execute/20001009-1.c execution,  -O3 -fomit-frame-pointer 
FAIL: gcc.c-torture/execute/20001009-1.c execution,  -O3 -g 
FAIL: gcc.c-torture/execute/20001009-1.c execution,  -Os 
FAIL: gcc.c-torture/execute/20010114-2.c execution,  -O1 
FAIL: gcc.c-torture/execute/20010114-2.c execution,  -O2 
FAIL: gcc.c-torture/execute/20010114-2.c execution,  -Os 
FAIL: gcc.c-torture/execute/960608-1.c execution,  -O3 -fomit-frame-pointer 
FAIL: gcc.c-torture/execute/960608-1.c execution,  -O3 -g 
FAIL: gcc.c-torture/execute/991118-1.c execution,  -O3 -fomit-frame-pointer 
FAIL: gcc.c-torture/execute/991118-1.c execution,  -O3 -g 
FAIL: gcc.c-torture/execute/bf64-1.c execution,  -O3 -fomit-frame-pointer 
FAIL: gcc.c-torture/execute/bf64-1.c execution,  -O3 -g 
FAIL: gcc.c-torture/execute/loop-2b.c execution,  -O2 
FAIL: gcc.c-torture/execute/memcpy-bi.c execution,  -O3 -fomit-frame-pointer 
FAIL: gcc.c-torture/execute/memcpy-bi.c execution,  -O3 -g 
FAIL: gcc.c-torture/execute/ieee/rbug.c execution,  -O0 
FAIL: gcc.c-torture/execute/ieee/rbug.c execution,  -O1 
FAIL: gcc.c-torture/execute/ieee/rbug.c execution,  -O2 
FAIL: gcc.c-torture/execute/ieee/rbug.c execution,  -Os 
FAIL: gcc.dg/20001117-1.c (test for excess errors)
FAIL: gcc.dg/c99-float-1.c (test for excess errors)
FAIL: gcc.dg/sequence-pt-1.c sequence point warning (test for warnings, line 59)

		=== gcc Summary for unix ===

# of expected passes		14761
# of unexpected failures	41
# of expected failures		78
# of unsupported tests		24

Running target unix/-pthread -fpic
FAIL: gcc.c-torture/compile/20000804-1.c,  -O0  
FAIL: gcc.c-torture/compile/20001212-1.c,  -O1  
FAIL: gcc.c-torture/compile/20001212-1.c,  -O2  
FAIL: gcc.c-torture/compile/20001212-1.c,  -O3 -fomit-frame-pointer  
FAIL: gcc.c-torture/compile/20001212-1.c,  -O3 -g  
FAIL: gcc.c-torture/compile/20001212-1.c,  -Os  
FAIL: gcc.c-torture/compile/20010113-1.c,  -O0  
FAIL: gcc.c-torture/compile/20010113-1.c,  -O1  
FAIL: gcc.c-torture/compile/20010113-1.c,  -O2  
FAIL: gcc.c-torture/compile/20010113-1.c,  -O3 -fomit-frame-pointer  
FAIL: gcc.c-torture/compile/20010113-1.c,  -O3 -g  
FAIL: gcc.c-torture/compile/20010113-1.c,  -Os  
FAIL: gcc.c-torture/compile/20010114-2.c,  -O0  
FAIL: gcc.c-torture/compile/20010114-2.c,  -O1  
FAIL: gcc.c-torture/compile/20010114-2.c,  -O2  
FAIL: gcc.c-torture/compile/20010114-2.c,  -O3 -fomit-frame-pointer  
FAIL: gcc.c-torture/compile/20010114-2.c,  -O3 -g  
FAIL: gcc.c-torture/compile/20010114-2.c,  -Os  
FAIL: gcc.c-torture/execute/20001009-1.c execution,  -O1 
FAIL: gcc.c-torture/execute/20001009-1.c execution,  -O2 
FAIL: gcc.c-torture/execute/20001009-1.c execution,  -O3 -fomit-frame-pointer 
FAIL: gcc.c-torture/execute/20001009-1.c execution,  -O3 -g 
FAIL: gcc.c-torture/execute/20001009-1.c execution,  -Os 
FAIL: gcc.c-torture/execute/20010114-2.c execution,  -O1 
FAIL: gcc.c-torture/execute/20010114-2.c execution,  -O2 
FAIL: gcc.c-torture/execute/20010114-2.c execution,  -O3 -fomit-frame-pointer 
FAIL: gcc.c-torture/execute/20010114-2.c execution,  -O3 -g 
FAIL: gcc.c-torture/execute/20010114-2.c execution,  -Os 
FAIL: gcc.c-torture/execute/960608-1.c execution,  -O3 -fomit-frame-pointer 
FAIL: gcc.c-torture/execute/960608-1.c execution,  -O3 -g 
FAIL: gcc.c-torture/execute/991118-1.c execution,  -O3 -fomit-frame-pointer 
FAIL: gcc.c-torture/execute/991118-1.c execution,  -O3 -g 
FAIL: gcc.c-torture/execute/bf64-1.c execution,  -O3 -fomit-frame-pointer 
FAIL: gcc.c-torture/execute/bf64-1.c execution,  -O3 -g 
FAIL: gcc.c-torture/execute/conversion.c execution,  -O3 -fomit-frame-pointer 
FAIL: gcc.c-torture/execute/conversion.c execution,  -O3 -g 
FAIL: gcc.c-torture/execute/memcpy-bi.c execution,  -O3 -fomit-frame-pointer 
FAIL: gcc.c-torture/execute/memcpy-bi.c execution,  -O3 -g 
FAIL: gcc.c-torture/execute/ieee/rbug.c execution,  -O0 
FAIL: gcc.c-torture/execute/ieee/rbug.c execution,  -O1 
FAIL: gcc.c-torture/execute/ieee/rbug.c execution,  -O2 
FAIL: gcc.c-torture/execute/ieee/rbug.c execution,  -O3 -fomit-frame-pointer 
FAIL: gcc.c-torture/execute/ieee/rbug.c execution,  -O3 -g 
FAIL: gcc.c-torture/execute/ieee/rbug.c execution,  -Os 
FAIL: gcc.dg/20001117-1.c (test for excess errors)
FAIL: gcc.dg/asm-names.c (test for excess errors)
FAIL: gcc.dg/c99-float-1.c (test for excess errors)
FAIL: gcc.dg/sequence-pt-1.c sequence point warning (test for warnings, line 59)

		=== gcc Summary for unix/-pthread -fpic ===

# of expected passes		14754
# of unexpected failures	48
# of expected failures		78
# of unsupported tests		24

		=== gcc Summary ===

# of expected passes		29515
# of unexpected failures	89
# of expected failures		156
# of unsupported tests		48
/d/home/ljrittle/tmp/gcc-build-ref4-0116/gcc/xgcc version 2.97 20010115 (experimental)

		=== g++ tests ===


Running target unix
FAIL: g++.ext/instantiate1.C not instantiated (test for errors, line 18)
FAIL: g++.ext/instantiate1.C not instantiated (test for errors, line 20)
FAIL: g++.jason/2371.C (test for excess errors)
FAIL: g++.other/crash32.C (test for excess errors)
FAIL: g++.other/loop2.C caused compiler crash

		=== g++ Summary for unix ===

# of expected passes		6242
# of unexpected failures	5
# of expected failures		91
# of untested testcases		15

Running target unix/-pthread -fpic
FAIL: g++.dg/vtgc1.C (test for excess errors)
FAIL: g++.eh/badalloc1.C  Execution test
FAIL: g++.ext/instantiate1.C not instantiated (test for errors, line 18)
FAIL: g++.ext/instantiate1.C not instantiated (test for errors, line 20)
FAIL: g++.jason/2371.C (test for excess errors)
FAIL: g++.other/crash18.C (test for excess errors)
FAIL: g++.other/crash32.C (test for excess errors)
FAIL: g++.other/loop2.C caused compiler crash

		=== g++ Summary for unix/-pthread -fpic ===

# of expected passes		6224
# of unexpected failures	8
# of expected failures		91
# of unresolved testcases	1
# of untested testcases		15

		=== g++ Summary ===

# of expected passes		12466
# of unexpected failures	13
# of expected failures		182
# of unresolved testcases	1
# of untested testcases		30
/d/home/ljrittle/tmp/gcc-build-ref4-0116/gcc/testsuite/../g++ version 2.97 20010115 (experimental)

		=== g77 tests ===


Running target unix
XPASS: g77.f-torture/execute/20010116.f execution,  -O0 
XPASS: g77.f-torture/execute/20010116.f execution,  -O1 
FAIL: g77.f-torture/execute/short.f execution,  -Os 

		=== g77 Summary for unix ===

# of expected passes		902
# of unexpected failures	1
# of unexpected successes	2
# of expected failures		6

Running target unix/-pthread -fpic
XPASS: g77.f-torture/execute/20010116.f execution,  -O0 
XPASS: g77.f-torture/execute/20010116.f execution,  -O1 

		=== g77 Summary for unix/-pthread -fpic ===

# of expected passes		903
# of unexpected successes	2
# of expected failures		6

		=== g77 Summary ===

# of expected passes		1805
# of unexpected failures	1
# of unexpected successes	4
# of expected failures		12
		=== objc tests ===


Running target unix
FAIL: objc/execute/bf-1.m compilation,  -O 
FAIL: objc/execute/bf-10.m compilation,  -O 
FAIL: objc/execute/bf-11.m compilation,  -O 
FAIL: objc/execute/bf-12.m compilation,  -O 
FAIL: objc/execute/bf-13.m compilation,  -O 
FAIL: objc/execute/bf-14.m compilation,  -O 
FAIL: objc/execute/bf-15.m compilation,  -O 
FAIL: objc/execute/bf-16.m compilation,  -O 
FAIL: objc/execute/bf-17.m compilation,  -O 
FAIL: objc/execute/bf-18.m compilation,  -O 
FAIL: objc/execute/bf-19.m compilation,  -O 
FAIL: objc/execute/bf-2.m compilation,  -O 
FAIL: objc/execute/bf-20.m compilation,  -O 
FAIL: objc/execute/bf-3.m compilation,  -O 
FAIL: objc/execute/bf-4.m compilation,  -O 
FAIL: objc/execute/bf-5.m compilation,  -O 
FAIL: objc/execute/bf-6.m compilation,  -O 
FAIL: objc/execute/bf-7.m compilation,  -O 
FAIL: objc/execute/bf-8.m compilation,  -O 
FAIL: objc/execute/bf-9.m compilation,  -O 
FAIL: objc/execute/fdecl.m compilation,  -O 
FAIL: objc/execute/np-1.m compilation,  -O 
FAIL: objc/execute/np-2.m compilation,  -O 
FAIL: objc/execute/paste.m compilation,  -O 
FAIL: objc/execute/protocol.m compilation,  -O 
FAIL: objc/execute/string1.m compilation,  -O 
FAIL: objc/execute/string2.m compilation,  -O 

		=== objc Summary for unix ===

# of unexpected failures	27
# of untested testcases		27

Running target unix/-pthread -fpic
FAIL: objc/execute/fdecl.m compilation,  -O 
FAIL: objc/execute/np-1.m compilation,  -O 
FAIL: objc/execute/np-2.m compilation,  -O 
FAIL: objc/execute/protocol.m compilation,  -O 

		=== objc Summary for unix/-pthread -fpic ===

# of expected passes		46
# of unexpected failures	4
# of untested testcases		4

		=== objc Summary ===

# of expected passes		46
# of unexpected failures	31
# of untested testcases		31
/d/home/ljrittle/tmp/gcc-build-ref4-0116/gcc/xgcc version 2.97 20010115 (experimental)


Compiler version: 2.97 20010115 (experimental) 
Platform: i386-unknown-freebsd4.2
configure flags: --host=i386-unknown-freebsd4.2 --enable-shared --enable-threads=posix --prefix=/home/ljrittle/tmp/install-ref4 --with-gnu-as --with-as=/usr/bin/as --with-gnu-ld --with-ld=/usr/bin/ld
BOOT_CFLAGS=-g -O2


More information about the Gcc-testresults mailing list