Results for 2.97 20010114 (experimental) testsuite on sparc-sun-solaris2.8
lucier@math.purdue.edu
lucier@math.purdue.edu
Sun Jan 14 08:12:00 GMT 2001
Native configuration is sparc-sun-solaris2.8
=== gcc tests ===
Running target unix
FAIL: gcc.c-torture/compile/20001226-1.c, -O2
FAIL: gcc.c-torture/compile/20001226-1.c, -O3 -fomit-frame-pointer
FAIL: gcc.c-torture/compile/20001226-1.c, -O3 -g
FAIL: gcc.c-torture/compile/20001226-1.c, -Os
FAIL: gcc.c-torture/compile/20010102-1.c, -O3 -fomit-frame-pointer -funroll-loops
FAIL: gcc.c-torture/compile/20010102-1.c, -O3 -fomit-frame-pointer -funroll-all-loops -finline-functions
FAIL: gcc.c-torture/compile/921011-1.c, -O3 -fomit-frame-pointer -funroll-loops
FAIL: gcc.c-torture/compile/921011-1.c, -O3 -fomit-frame-pointer -funroll-all-loops -finline-functions
FAIL: gcc.c-torture/compile/961004-1.c, -O3 -fomit-frame-pointer -funroll-loops
FAIL: gcc.c-torture/compile/961004-1.c, -O3 -fomit-frame-pointer -funroll-all-loops -finline-functions
FAIL: gcc.c-torture/compile/20010113-1.c, -O0
FAIL: gcc.c-torture/compile/20010113-1.c, -O1
FAIL: gcc.c-torture/compile/20010113-1.c, -O2
FAIL: gcc.c-torture/compile/20010113-1.c, -O3 -fomit-frame-pointer
FAIL: gcc.c-torture/compile/20010113-1.c, -O3 -g
FAIL: gcc.c-torture/compile/20010113-1.c, -Os
FAIL: gcc.c-torture/compile/20010114-2.c, -O0
FAIL: gcc.c-torture/compile/20010114-2.c, -O1
FAIL: gcc.c-torture/compile/20010114-2.c, -O2
FAIL: gcc.c-torture/compile/20010114-2.c, -O3 -fomit-frame-pointer
FAIL: gcc.c-torture/compile/20010114-2.c, -O3 -g
FAIL: gcc.c-torture/compile/20010114-2.c, -Os
FAIL: gcc.c-torture/execute/20000422-1.c compilation, -O3 -fomit-frame-pointer -funroll-loops
FAIL: gcc.c-torture/execute/20000422-1.c compilation, -O3 -fomit-frame-pointer -funroll-all-loops -finline-functions
FAIL: gcc.c-torture/execute/20001130-2.c execution, -O2
FAIL: gcc.c-torture/execute/20001130-2.c execution, -Os
FAIL: gcc.c-torture/execute/20001221-1.c compilation, -O0
FAIL: gcc.c-torture/execute/20001221-1.c compilation, -O1
FAIL: gcc.c-torture/execute/20001221-1.c compilation, -O2
FAIL: gcc.c-torture/execute/20001221-1.c compilation, -O3 -fomit-frame-pointer
FAIL: gcc.c-torture/execute/20001221-1.c compilation, -O3 -g
FAIL: gcc.c-torture/execute/20001221-1.c compilation, -Os
FAIL: gcc.c-torture/execute/921013-1.c compilation, -O3 -fomit-frame-pointer -funroll-loops
FAIL: gcc.c-torture/execute/921013-1.c compilation, -O3 -fomit-frame-pointer -funroll-all-loops -finline-functions
FAIL: gcc.c-torture/execute/960215-1.c execution, -O1
FAIL: gcc.c-torture/execute/960215-1.c execution, -O2
FAIL: gcc.c-torture/execute/960215-1.c execution, -O3 -fomit-frame-pointer
FAIL: gcc.c-torture/execute/960215-1.c execution, -O3 -g
FAIL: gcc.c-torture/execute/960215-1.c execution, -Os
FAIL: gcc.c-torture/execute/991016-1.c compilation, -O3 -fomit-frame-pointer -funroll-loops
FAIL: gcc.c-torture/execute/991016-1.c compilation, -O3 -fomit-frame-pointer -funroll-all-loops -finline-functions
FAIL: gcc.c-torture/execute/builtin-abs-1.c compilation, -O1
FAIL: gcc.c-torture/execute/builtin-abs-2.c compilation, -O1
FAIL: gcc.c-torture/execute/loop-8.c execution, -O3 -fomit-frame-pointer
FAIL: gcc.c-torture/execute/loop-8.c execution, -O3 -fomit-frame-pointer -funroll-loops
FAIL: gcc.c-torture/execute/loop-8.c execution, -O3 -fomit-frame-pointer -funroll-all-loops -finline-functions
FAIL: gcc.c-torture/execute/loop-8.c execution, -O3 -g
FAIL: gcc.c-torture/execute/regstack-1.c execution, -O1
FAIL: gcc.c-torture/execute/regstack-1.c execution, -O2
FAIL: gcc.c-torture/execute/regstack-1.c execution, -O3 -fomit-frame-pointer
FAIL: gcc.c-torture/execute/regstack-1.c execution, -O3 -g
FAIL: gcc.c-torture/execute/regstack-1.c execution, -Os
FAIL: gcc.c-torture/unsorted/bcopy.c, -O3 -fomit-frame-pointer -funroll-loops
FAIL: gcc.c-torture/unsorted/bcopy.c, -O3 -fomit-frame-pointer -funroll-all-loops -finline-functions
FAIL: gcc.c-torture/unsorted/loop-1.c, -O3 -fomit-frame-pointer -funroll-loops
FAIL: gcc.c-torture/unsorted/loop-1.c, -O3 -fomit-frame-pointer -funroll-all-loops -finline-functions
FAIL: gcc.c-torture/unsorted/loop386.c, -O3 -fomit-frame-pointer -funroll-loops
FAIL: gcc.c-torture/unsorted/loop386.c, -O3 -fomit-frame-pointer -funroll-all-loops -finline-functions
FAIL: gcc.dg/cpp/if-2.c wide charconst recognition 2 (test for bogus messages, line 13)
FAIL: gcc.dg/20001013-1.c (test for excess errors)
FAIL: gcc.dg/sequence-pt-1.c sequence point warning (test for warnings, line 59)
FAIL: gcc.dg/ultrasp2.c (test for excess errors)
=== gcc Summary ===
# of expected passes 14664
# of unexpected failures 62
# of expected failures 72
# of unresolved testcases 17
# of unsupported tests 48
/export/home/lucier/gcc/objdir/gcc/xgcc version 2.97 20010114 (experimental)
=== g++ tests ===
Running target unix
FAIL: g++.dg/special/conpr-1.C execution test
FAIL: g++.dg/special/conpr-2.C execution test
FAIL: g++.dg/special/conpr-3.C execution test
FAIL: g++.dg/special/conpr-3.C execution test
FAIL: g++.ext/initp1.C Execution test
FAIL: g++.ext/instantiate1.C not instantiated (test for errors, line 18)
FAIL: g++.ext/instantiate1.C not instantiated (test for errors, line 20)
FAIL: g++.ext/instantiate2.C not instantiated (test for errors, line 16)
FAIL: g++.ext/instantiate3.C not instantiated (test for errors, line 13)
FAIL: g++.jason/2371.C (test for excess errors)
FAIL: g++.other/crash18.C (test for excess errors)
FAIL: g++.other/crash32.C (test for excess errors)
FAIL: g++.other/loop2.C caused compiler crash
FAIL: g++.other/op2.C (test for excess errors)
FAIL: g++.other/op3.C (test for excess errors)
FAIL: g++.pt/static11.C Execution test
FAIL: g++.robertl/eb39.C (test for excess errors)
FAIL: g++.robertl/eb91.C (test for excess errors)
=== g++ Summary ===
# of expected passes 6223
# of unexpected failures 18
# of expected failures 92
# of untested testcases 17
/export/home/lucier/gcc/objdir/gcc/testsuite/../g++ version 2.97 20010114 (experimental)
=== g77 tests ===
Running target unix
FAIL: g77.f-torture/compile/19990502-0.f, -O0
FAIL: g77.f-torture/compile/19990502-0.f, -O1
FAIL: g77.f-torture/compile/19990502-0.f, -O2
FAIL: g77.f-torture/compile/19990502-0.f, -O2 -fomit-frame-pointer -finline-functions
FAIL: g77.f-torture/compile/19990502-0.f, -O3 -g
FAIL: g77.f-torture/compile/19990502-0.f, -Os
FAIL: g77.f-torture/compile/19990502-1.f, -O0
FAIL: g77.f-torture/compile/19990502-1.f, -O1
FAIL: g77.f-torture/compile/19990502-1.f, -O2
FAIL: g77.f-torture/compile/19990502-1.f, -O2 -fomit-frame-pointer -finline-functions
FAIL: g77.f-torture/compile/19990502-1.f, -O2 -fomit-frame-pointer -finline-functions -funroll-loops
FAIL: g77.f-torture/compile/19990502-1.f, -O2 -fomit-frame-pointer -finline-functions -funroll-all-loops
FAIL: g77.f-torture/compile/19990502-1.f, -O3 -g
FAIL: g77.f-torture/compile/19990502-1.f, -Os
FAIL: g77.f-torture/compile/19990826-1.f, -O0
FAIL: g77.f-torture/compile/19990826-1.f, -O1
FAIL: g77.f-torture/compile/19990826-1.f, -O2
FAIL: g77.f-torture/compile/19990826-1.f, -O2 -fomit-frame-pointer -finline-functions
FAIL: g77.f-torture/compile/19990826-1.f, -O3 -g
FAIL: g77.f-torture/compile/19990826-1.f, -Os
FAIL: g77.f-torture/compile/19990826-3.f, -O0
FAIL: g77.f-torture/compile/19990826-3.f, -O1
FAIL: g77.f-torture/compile/19990826-3.f, -O2
FAIL: g77.f-torture/compile/19990826-3.f, -O2 -fomit-frame-pointer -finline-functions
FAIL: g77.f-torture/compile/19990826-3.f, -O2 -fomit-frame-pointer -finline-functions -funroll-loops
FAIL: g77.f-torture/compile/19990826-3.f, -O2 -fomit-frame-pointer -finline-functions -funroll-all-loops
FAIL: g77.f-torture/compile/19990826-3.f, -O3 -g
FAIL: g77.f-torture/compile/19990826-3.f, -Os
FAIL: g77.f-torture/compile/20000511-2.f, -O0
FAIL: g77.f-torture/compile/20000511-2.f, -O1
FAIL: g77.f-torture/compile/20000511-2.f, -O2
FAIL: g77.f-torture/compile/20000511-2.f, -O2 -fomit-frame-pointer -finline-functions
FAIL: g77.f-torture/compile/20000511-2.f, -O2 -fomit-frame-pointer -finline-functions -funroll-loops
FAIL: g77.f-torture/compile/20000511-2.f, -O2 -fomit-frame-pointer -finline-functions -funroll-all-loops
FAIL: g77.f-torture/compile/20000511-2.f, -O3 -g
FAIL: g77.f-torture/compile/20000511-2.f, -Os
FAIL: g77.f-torture/compile/20000518.f, -O0
FAIL: g77.f-torture/compile/20000518.f, -O1
FAIL: g77.f-torture/compile/20000518.f, -O2
FAIL: g77.f-torture/compile/20000518.f, -O2 -fomit-frame-pointer -finline-functions
FAIL: g77.f-torture/compile/20000518.f, -O2 -fomit-frame-pointer -finline-functions -funroll-loops
FAIL: g77.f-torture/compile/20000518.f, -O2 -fomit-frame-pointer -finline-functions -funroll-all-loops
FAIL: g77.f-torture/compile/20000518.f, -O3 -g
FAIL: g77.f-torture/compile/20000518.f, -Os
FAIL: g77.f-torture/compile/20000601-1.f, -O0
FAIL: g77.f-torture/compile/20000601-1.f, -O1
FAIL: g77.f-torture/compile/20000601-1.f, -O2
FAIL: g77.f-torture/compile/20000601-1.f, -O2 -fomit-frame-pointer -finline-functions
FAIL: g77.f-torture/compile/20000601-1.f, -O2 -fomit-frame-pointer -finline-functions -funroll-loops
FAIL: g77.f-torture/compile/20000601-1.f, -O2 -fomit-frame-pointer -finline-functions -funroll-all-loops
FAIL: g77.f-torture/compile/20000601-1.f, -O3 -g
FAIL: g77.f-torture/compile/20000601-1.f, -Os
FAIL: g77.f-torture/compile/20000629-1.f, -O0
FAIL: g77.f-torture/compile/20000629-1.f, -O1
FAIL: g77.f-torture/compile/20000629-1.f, -O2
FAIL: g77.f-torture/compile/20000629-1.f, -O2 -fomit-frame-pointer -finline-functions
FAIL: g77.f-torture/compile/20000629-1.f, -O2 -fomit-frame-pointer -finline-functions -funroll-loops
FAIL: g77.f-torture/compile/20000629-1.f, -O2 -fomit-frame-pointer -finline-functions -funroll-all-loops
FAIL: g77.f-torture/compile/20000629-1.f, -O3 -g
FAIL: g77.f-torture/compile/20000629-1.f, -Os
FAIL: g77.f-torture/compile/980310-3.f, -O0
FAIL: g77.f-torture/compile/980310-3.f, -O1
FAIL: g77.f-torture/compile/980310-3.f, -O2
FAIL: g77.f-torture/compile/980310-3.f, -O2 -fomit-frame-pointer -finline-functions
FAIL: g77.f-torture/compile/980310-3.f, -O2 -fomit-frame-pointer -finline-functions -funroll-loops
FAIL: g77.f-torture/compile/980310-3.f, -O2 -fomit-frame-pointer -finline-functions -funroll-all-loops
FAIL: g77.f-torture/compile/980310-3.f, -O3 -g
FAIL: g77.f-torture/compile/980310-3.f, -Os
FAIL: g77.f-torture/compile/980310-4.f, -O0
FAIL: g77.f-torture/compile/980310-4.f, -O1
FAIL: g77.f-torture/compile/980310-4.f, -O2
FAIL: g77.f-torture/compile/980310-4.f, -O2 -fomit-frame-pointer -finline-functions
FAIL: g77.f-torture/compile/980310-4.f, -O2 -fomit-frame-pointer -finline-functions -funroll-loops
FAIL: g77.f-torture/compile/980310-4.f, -O2 -fomit-frame-pointer -finline-functions -funroll-all-loops
FAIL: g77.f-torture/compile/980310-4.f, -O3 -g
FAIL: g77.f-torture/compile/980310-4.f, -Os
FAIL: g77.f-torture/compile/980310-7.f, -O0
FAIL: g77.f-torture/compile/980310-7.f, -O1
FAIL: g77.f-torture/compile/980310-7.f, -O2
FAIL: g77.f-torture/compile/980310-7.f, -O2 -fomit-frame-pointer -finline-functions
FAIL: g77.f-torture/compile/980310-7.f, -O2 -fomit-frame-pointer -finline-functions -funroll-loops
FAIL: g77.f-torture/compile/980310-7.f, -O2 -fomit-frame-pointer -finline-functions -funroll-all-loops
FAIL: g77.f-torture/compile/980310-7.f, -O3 -g
FAIL: g77.f-torture/compile/980310-7.f, -Os
FAIL: g77.f-torture/compile/980310-8.f, -O0
FAIL: g77.f-torture/compile/980310-8.f, -O1
FAIL: g77.f-torture/compile/980310-8.f, -O2
FAIL: g77.f-torture/compile/980310-8.f, -O2 -fomit-frame-pointer -finline-functions
FAIL: g77.f-torture/compile/980310-8.f, -O2 -fomit-frame-pointer -finline-functions -funroll-loops
FAIL: g77.f-torture/compile/980310-8.f, -O2 -fomit-frame-pointer -finline-functions -funroll-all-loops
FAIL: g77.f-torture/compile/980310-8.f, -O3 -g
FAIL: g77.f-torture/compile/980310-8.f, -Os
FAIL: g77.f-torture/compile/980419-2.f, -O0
FAIL: g77.f-torture/compile/980419-2.f, -O1
FAIL: g77.f-torture/compile/980419-2.f, -O2
FAIL: g77.f-torture/compile/980419-2.f, -O2 -fomit-frame-pointer -finline-functions
FAIL: g77.f-torture/compile/980419-2.f, -O2 -fomit-frame-pointer -finline-functions -funroll-loops
FAIL: g77.f-torture/compile/980419-2.f, -O2 -fomit-frame-pointer -finline-functions -funroll-all-loops
FAIL: g77.f-torture/compile/980419-2.f, -O3 -g
FAIL: g77.f-torture/compile/980419-2.f, -Os
FAIL: g77.f-torture/compile/990115-1.f, -O0
FAIL: g77.f-torture/compile/990115-1.f, -O1
FAIL: g77.f-torture/compile/990115-1.f, -O2
FAIL: g77.f-torture/compile/990115-1.f, -O2 -fomit-frame-pointer -finline-functions
FAIL: g77.f-torture/compile/990115-1.f, -O2 -fomit-frame-pointer -finline-functions -funroll-loops
FAIL: g77.f-torture/compile/990115-1.f, -O2 -fomit-frame-pointer -finline-functions -funroll-all-loops
FAIL: g77.f-torture/compile/990115-1.f, -O3 -g
FAIL: g77.f-torture/compile/990115-1.f, -Os
FAIL: g77.f-torture/compile/alpha1.f, -O0
FAIL: g77.f-torture/compile/alpha1.f, -O1
FAIL: g77.f-torture/compile/alpha1.f, -O2
FAIL: g77.f-torture/compile/alpha1.f, -O2 -fomit-frame-pointer -finline-functions
FAIL: g77.f-torture/compile/alpha1.f, -O3 -g
FAIL: g77.f-torture/compile/alpha1.f, -Os
FAIL: g77.f-torture/execute/19990313-0.f compilation, -O0
FAIL: g77.f-torture/execute/19990313-0.f compilation, -O1
FAIL: g77.f-torture/execute/19990313-0.f compilation, -O2
FAIL: g77.f-torture/execute/19990313-0.f compilation, -O2 -fomit-frame-pointer -finline-functions
FAIL: g77.f-torture/execute/19990313-0.f compilation, -O3 -g
FAIL: g77.f-torture/execute/19990313-0.f compilation, -Os
FAIL: g77.f-torture/execute/19990313-1.f compilation, -O0
FAIL: g77.f-torture/execute/19990313-1.f compilation, -O1
FAIL: g77.f-torture/execute/19990313-1.f compilation, -O2
FAIL: g77.f-torture/execute/19990313-1.f compilation, -O2 -fomit-frame-pointer -finline-functions
FAIL: g77.f-torture/execute/19990313-1.f compilation, -O3 -g
FAIL: g77.f-torture/execute/19990313-1.f compilation, -Os
FAIL: g77.f-torture/execute/19990313-2.f compilation, -O0
FAIL: g77.f-torture/execute/19990313-2.f compilation, -O1
FAIL: g77.f-torture/execute/19990313-2.f compilation, -O2
FAIL: g77.f-torture/execute/19990313-2.f compilation, -O2 -fomit-frame-pointer -finline-functions
FAIL: g77.f-torture/execute/19990313-2.f compilation, -O3 -g
FAIL: g77.f-torture/execute/19990313-2.f compilation, -Os
FAIL: g77.f-torture/execute/19990313-3.f compilation, -O0
FAIL: g77.f-torture/execute/19990313-3.f compilation, -O1
FAIL: g77.f-torture/execute/19990313-3.f compilation, -O2
FAIL: g77.f-torture/execute/19990313-3.f compilation, -O2 -fomit-frame-pointer -finline-functions
FAIL: g77.f-torture/execute/19990313-3.f compilation, -O3 -g
FAIL: g77.f-torture/execute/19990313-3.f compilation, -Os
FAIL: g77.f-torture/execute/19990325-0.f compilation, -O0
FAIL: g77.f-torture/execute/19990325-0.f compilation, -O1
FAIL: g77.f-torture/execute/19990325-0.f compilation, -O2
FAIL: g77.f-torture/execute/19990325-0.f compilation, -O2 -fomit-frame-pointer -finline-functions
FAIL: g77.f-torture/execute/19990325-0.f compilation, -O3 -g
FAIL: g77.f-torture/execute/19990325-0.f compilation, -Os
FAIL: g77.f-torture/execute/19990325-1.f compilation, -O0
FAIL: g77.f-torture/execute/19990325-1.f compilation, -O1
FAIL: g77.f-torture/execute/19990325-1.f compilation, -O2
FAIL: g77.f-torture/execute/19990325-1.f compilation, -O2 -fomit-frame-pointer -finline-functions
FAIL: g77.f-torture/execute/19990325-1.f compilation, -O3 -g
FAIL: g77.f-torture/execute/19990325-1.f compilation, -Os
FAIL: g77.f-torture/execute/19990419-1.f compilation, -O0
FAIL: g77.f-torture/execute/19990419-1.f compilation, -O1
FAIL: g77.f-torture/execute/19990419-1.f compilation, -O2
FAIL: g77.f-torture/execute/19990419-1.f compilation, -O2 -fomit-frame-pointer -finline-functions
FAIL: g77.f-torture/execute/19990419-1.f compilation, -O2 -fomit-frame-pointer -finline-functions -funroll-loops
FAIL: g77.f-torture/execute/19990419-1.f compilation, -O2 -fomit-frame-pointer -finline-functions -funroll-all-loops
FAIL: g77.f-torture/execute/19990419-1.f compilation, -O3 -g
FAIL: g77.f-torture/execute/19990419-1.f compilation, -Os
FAIL: g77.f-torture/execute/20000503-1.f compilation, -O0
FAIL: g77.f-torture/execute/20000503-1.f compilation, -O1
FAIL: g77.f-torture/execute/20000503-1.f compilation, -O2
FAIL: g77.f-torture/execute/20000503-1.f compilation, -O2 -fomit-frame-pointer -finline-functions
FAIL: g77.f-torture/execute/20000503-1.f compilation, -O2 -fomit-frame-pointer -finline-functions -funroll-loops
FAIL: g77.f-torture/execute/20000503-1.f compilation, -O2 -fomit-frame-pointer -finline-functions -funroll-all-loops
FAIL: g77.f-torture/execute/20000503-1.f compilation, -O3 -g
FAIL: g77.f-torture/execute/20000503-1.f compilation, -Os
FAIL: g77.f-torture/execute/970625-2.f compilation, -O0
FAIL: g77.f-torture/execute/970625-2.f compilation, -O1
FAIL: g77.f-torture/execute/970625-2.f compilation, -O2
FAIL: g77.f-torture/execute/970625-2.f compilation, -O2 -fomit-frame-pointer -finline-functions
FAIL: g77.f-torture/execute/970625-2.f compilation, -O2 -fomit-frame-pointer -finline-functions -funroll-loops
FAIL: g77.f-torture/execute/970625-2.f compilation, -O2 -fomit-frame-pointer -finline-functions -funroll-all-loops
FAIL: g77.f-torture/execute/970625-2.f compilation, -O3 -g
FAIL: g77.f-torture/execute/970625-2.f compilation, -Os
FAIL: g77.f-torture/execute/970816-3.f compilation, -O0
FAIL: g77.f-torture/execute/970816-3.f compilation, -O1
FAIL: g77.f-torture/execute/970816-3.f compilation, -O2
FAIL: g77.f-torture/execute/970816-3.f compilation, -O2 -fomit-frame-pointer -finline-functions
FAIL: g77.f-torture/execute/970816-3.f compilation, -O3 -g
FAIL: g77.f-torture/execute/970816-3.f compilation, -Os
FAIL: g77.f-torture/execute/971102-1.f compilation, -O0
FAIL: g77.f-torture/execute/971102-1.f compilation, -O1
FAIL: g77.f-torture/execute/971102-1.f compilation, -O2
FAIL: g77.f-torture/execute/971102-1.f compilation, -O2 -fomit-frame-pointer -finline-functions
FAIL: g77.f-torture/execute/971102-1.f compilation, -O2 -fomit-frame-pointer -finline-functions -funroll-loops
FAIL: g77.f-torture/execute/971102-1.f compilation, -O2 -fomit-frame-pointer -finline-functions -funroll-all-loops
FAIL: g77.f-torture/execute/971102-1.f compilation, -O3 -g
FAIL: g77.f-torture/execute/971102-1.f compilation, -Os
FAIL: g77.f-torture/execute/980520-1.f compilation, -O0
FAIL: g77.f-torture/execute/980520-1.f compilation, -O1
FAIL: g77.f-torture/execute/980520-1.f compilation, -O2
FAIL: g77.f-torture/execute/980520-1.f compilation, -O2 -fomit-frame-pointer -finline-functions
FAIL: g77.f-torture/execute/980520-1.f compilation, -O3 -g
FAIL: g77.f-torture/execute/980520-1.f compilation, -Os
FAIL: g77.f-torture/execute/980628-0.f compilation, -O0
FAIL: g77.f-torture/execute/980628-0.f compilation, -O1
FAIL: g77.f-torture/execute/980628-0.f compilation, -O2
FAIL: g77.f-torture/execute/980628-0.f compilation, -O2 -fomit-frame-pointer -finline-functions
FAIL: g77.f-torture/execute/980628-0.f compilation, -O3 -g
FAIL: g77.f-torture/execute/980628-0.f compilation, -Os
FAIL: g77.f-torture/execute/980628-1.f compilation, -O0
FAIL: g77.f-torture/execute/980628-1.f compilation, -O1
FAIL: g77.f-torture/execute/980628-1.f compilation, -O2
FAIL: g77.f-torture/execute/980628-1.f compilation, -O2 -fomit-frame-pointer -finline-functions
FAIL: g77.f-torture/execute/980628-1.f compilation, -O3 -g
FAIL: g77.f-torture/execute/980628-1.f compilation, -Os
FAIL: g77.f-torture/execute/980628-7.f compilation, -O0
FAIL: g77.f-torture/execute/980628-7.f compilation, -O1
FAIL: g77.f-torture/execute/980628-7.f compilation, -O2
FAIL: g77.f-torture/execute/980628-7.f compilation, -O2 -fomit-frame-pointer -finline-functions
FAIL: g77.f-torture/execute/980628-7.f compilation, -O3 -g
FAIL: g77.f-torture/execute/980628-7.f compilation, -Os
FAIL: g77.f-torture/execute/980628-8.f compilation, -O0
FAIL: g77.f-torture/execute/980628-8.f compilation, -O1
FAIL: g77.f-torture/execute/980628-8.f compilation, -O2
FAIL: g77.f-torture/execute/980628-8.f compilation, -O2 -fomit-frame-pointer -finline-functions
FAIL: g77.f-torture/execute/980628-8.f compilation, -O3 -g
FAIL: g77.f-torture/execute/980628-8.f compilation, -Os
FAIL: g77.f-torture/execute/980701-0.f compilation, -O0
FAIL: g77.f-torture/execute/980701-0.f compilation, -O1
FAIL: g77.f-torture/execute/980701-0.f compilation, -O2
FAIL: g77.f-torture/execute/980701-0.f compilation, -O2 -fomit-frame-pointer -finline-functions
FAIL: g77.f-torture/execute/980701-0.f compilation, -O3 -g
FAIL: g77.f-torture/execute/980701-0.f compilation, -Os
FAIL: g77.f-torture/execute/980701-1.f compilation, -O0
FAIL: g77.f-torture/execute/980701-1.f compilation, -O1
FAIL: g77.f-torture/execute/980701-1.f compilation, -O2
FAIL: g77.f-torture/execute/980701-1.f compilation, -O2 -fomit-frame-pointer -finline-functions
FAIL: g77.f-torture/execute/980701-1.f compilation, -O3 -g
FAIL: g77.f-torture/execute/980701-1.f compilation, -Os
FAIL: g77.f-torture/execute/alpha2.f compilation, -O0
FAIL: g77.f-torture/execute/alpha2.f compilation, -O1
FAIL: g77.f-torture/execute/alpha2.f compilation, -O2
FAIL: g77.f-torture/execute/alpha2.f compilation, -O2 -fomit-frame-pointer -finline-functions
FAIL: g77.f-torture/execute/alpha2.f compilation, -O3 -g
FAIL: g77.f-torture/execute/alpha2.f compilation, -Os
FAIL: g77.f-torture/execute/auto0.f compilation, -O0
FAIL: g77.f-torture/execute/auto0.f compilation, -O1
FAIL: g77.f-torture/execute/auto0.f compilation, -O2
FAIL: g77.f-torture/execute/auto0.f compilation, -O2 -fomit-frame-pointer -finline-functions
FAIL: g77.f-torture/execute/auto0.f compilation, -O2 -fomit-frame-pointer -finline-functions -funroll-loops
FAIL: g77.f-torture/execute/auto0.f compilation, -O2 -fomit-frame-pointer -finline-functions -funroll-all-loops
FAIL: g77.f-torture/execute/auto0.f compilation, -O3 -g
FAIL: g77.f-torture/execute/auto0.f compilation, -Os
FAIL: g77.f-torture/execute/auto1.f compilation, -O0
FAIL: g77.f-torture/execute/auto1.f compilation, -O1
FAIL: g77.f-torture/execute/auto1.f compilation, -O2
FAIL: g77.f-torture/execute/auto1.f compilation, -O2 -fomit-frame-pointer -finline-functions
FAIL: g77.f-torture/execute/auto1.f compilation, -O2 -fomit-frame-pointer -finline-functions -funroll-loops
FAIL: g77.f-torture/execute/auto1.f compilation, -O2 -fomit-frame-pointer -finline-functions -funroll-all-loops
FAIL: g77.f-torture/execute/auto1.f compilation, -O3 -g
FAIL: g77.f-torture/execute/auto1.f compilation, -Os
FAIL: g77.f-torture/execute/claus.f compilation, -O0
FAIL: g77.f-torture/execute/claus.f compilation, -O1
FAIL: g77.f-torture/execute/claus.f compilation, -O2
FAIL: g77.f-torture/execute/claus.f compilation, -O2 -fomit-frame-pointer -finline-functions
FAIL: g77.f-torture/execute/claus.f compilation, -O2 -fomit-frame-pointer -finline-functions -funroll-loops
FAIL: g77.f-torture/execute/claus.f compilation, -O2 -fomit-frame-pointer -finline-functions -funroll-all-loops
FAIL: g77.f-torture/execute/claus.f compilation, -O3 -g
FAIL: g77.f-torture/execute/claus.f compilation, -Os
FAIL: g77.f-torture/execute/dnrm2.f compilation, -O0
FAIL: g77.f-torture/execute/dnrm2.f compilation, -O1
FAIL: g77.f-torture/execute/dnrm2.f compilation, -O2
FAIL: g77.f-torture/execute/dnrm2.f compilation, -O2 -fomit-frame-pointer -finline-functions
FAIL: g77.f-torture/execute/dnrm2.f compilation, -O2 -fomit-frame-pointer -finline-functions -funroll-loops
FAIL: g77.f-torture/execute/dnrm2.f compilation, -O2 -fomit-frame-pointer -finline-functions -funroll-all-loops
FAIL: g77.f-torture/execute/dnrm2.f compilation, -O3 -g
FAIL: g77.f-torture/execute/dnrm2.f compilation, -Os
FAIL: g77.f-torture/execute/io0.f compilation, -O0
FAIL: g77.f-torture/execute/io0.f compilation, -O1
FAIL: g77.f-torture/execute/io0.f compilation, -O2
FAIL: g77.f-torture/execute/io0.f compilation, -O2 -fomit-frame-pointer -finline-functions
FAIL: g77.f-torture/execute/io0.f compilation, -O3 -g
FAIL: g77.f-torture/execute/io0.f compilation, -Os
FAIL: g77.f-torture/execute/le.f compilation, -O0
FAIL: g77.f-torture/execute/le.f compilation, -O1
FAIL: g77.f-torture/execute/le.f compilation, -O2
FAIL: g77.f-torture/execute/le.f compilation, -O2 -fomit-frame-pointer -finline-functions
FAIL: g77.f-torture/execute/le.f compilation, -O3 -g
FAIL: g77.f-torture/execute/le.f compilation, -Os
FAIL: g77.f-torture/execute/u77-test.f compilation, -O0
FAIL: g77.f-torture/execute/u77-test.f compilation, -O1
FAIL: g77.f-torture/execute/u77-test.f compilation, -O2
FAIL: g77.f-torture/execute/u77-test.f compilation, -O2 -fomit-frame-pointer -finline-functions
FAIL: g77.f-torture/execute/u77-test.f compilation, -O2 -fomit-frame-pointer -finline-functions -funroll-loops
FAIL: g77.f-torture/execute/u77-test.f compilation, -O2 -fomit-frame-pointer -finline-functions -funroll-all-loops
FAIL: g77.f-torture/execute/u77-test.f compilation, -O3 -g
FAIL: g77.f-torture/execute/u77-test.f compilation, -Os
FAIL: g77.f-torture/execute/cpp2.F compilation, -O0
FAIL: g77.f-torture/execute/cpp2.F compilation, -O1
FAIL: g77.f-torture/execute/cpp2.F compilation, -O2
FAIL: g77.f-torture/execute/cpp2.F compilation, -O2 -fomit-frame-pointer -finline-functions
FAIL: g77.f-torture/execute/cpp2.F compilation, -O3 -g
FAIL: g77.f-torture/execute/cpp2.F compilation, -Os
=== g77 Summary ===
# of expected passes 415
# of unexpected failures 294
# of untested testcases 180
=== objc tests ===
Running target unix
FAIL: objc/execute/bf-1.m compilation, -O
FAIL: objc/execute/bf-10.m compilation, -O
FAIL: objc/execute/bf-11.m compilation, -O
FAIL: objc/execute/bf-12.m compilation, -O
FAIL: objc/execute/bf-13.m compilation, -O
FAIL: objc/execute/bf-14.m compilation, -O
FAIL: objc/execute/bf-15.m compilation, -O
FAIL: objc/execute/bf-16.m compilation, -O
FAIL: objc/execute/bf-17.m compilation, -O
FAIL: objc/execute/bf-18.m compilation, -O
FAIL: objc/execute/bf-19.m compilation, -O
FAIL: objc/execute/bf-2.m compilation, -O
FAIL: objc/execute/bf-20.m compilation, -O
FAIL: objc/execute/bf-3.m compilation, -O
FAIL: objc/execute/bf-4.m compilation, -O
FAIL: objc/execute/bf-5.m compilation, -O
FAIL: objc/execute/bf-6.m compilation, -O
FAIL: objc/execute/bf-7.m compilation, -O
FAIL: objc/execute/bf-8.m compilation, -O
FAIL: objc/execute/bf-9.m compilation, -O
FAIL: objc/execute/fdecl.m compilation, -O
FAIL: objc/execute/np-1.m compilation, -O
FAIL: objc/execute/np-2.m compilation, -O
FAIL: objc/execute/protocol.m compilation, -O
FAIL: objc/execute/string1.m compilation, -O
FAIL: objc/execute/string2.m compilation, -O
=== objc Summary ===
# of expected passes 2
# of unexpected failures 26
# of untested testcases 26
/export/home/lucier/gcc/objdir/gcc/xgcc version 2.97 20010114 (experimental)
Compiler version: 2.97 20010114 (experimental)
Platform: sparc-sun-solaris2.8
configure flags: --host=sparc-sun-solaris2.8 --prefix=/pkgs/gcc-2.96
Counting all warnings,
there are 204 warnings in stage3 of this bootstrap.
Number of warnings per file:
54 gcc/combine.c
12 gcc/loop.c
12 gcc/cse.c
12 gcc/cp/pt.c
10 gcc/reload1.c
10 gcc/libgcc2.c
10 gcc/expr.c
10 gcc/cp/error.c
8 gcc/gcc.c
8 gcc/config/sparc/sparc.c
4 hashtab.c
4 gcc/reload.c
4 gcc/java/jcf-io.c
4 gcc/function.c
4 gcc/fold-const.c
4 gcc/dwarf2out.c
4 gcc/cp/call.c
4 gcc/alias.c
2 gcc/sched-deps.c
2 gcc/regmove.c
2 gcc/objc/lang-specs.h
2 gcc/java/jvspec.c
2 gcc/gencodes.c
2 gcc/flow.c
2 gcc/final.c
2 gcc/f/lang-specs.h
2 gcc/expmed.c
2 gcc/dwarfout.c
2 gcc/cp/lang-specs.h
2 gcc/cp/init.c
2 gcc/cp/errfn.c
Number of warning types:
115 comparison between signed and unsigned
20 signed and unsigned type in conditional expression
20 \`???' might be used uninitialized in this function
16 string length \`???' is greater than the minimum length \`???' ISO C89 is required to support
10 initialization from incompatible pointer type
4 missing braces around initializer
4 (near initialization for \`???')
2 pointer targets in passing arg ??? of \`???' differ in signedness
2 passing arg ??? of \`???' discards qualifiers from pointer target type
2 integer constant is unsigned in ISO C, signed with -traditional
2 implicit declaration of function \`???'
2 function declaration isn't a prototype
2 decimal constant is so large that it is unsigned
2 \`???' defined but not used
1 comparison between signed and unsignedstage2/xgcc -Bstage2/ -B/pkgs/gcc-2.96/sparc-sun-solaris2.8/bin/ -c -DIN_GCC -DSVR4 -g -O2 -W -Wall -Wwrite-strings -Wstrict-
More information about the Gcc-testresults
mailing list