Results for 2.97 20010110 (experimental) testsuite on i686-redhat7.0-linux-gnu
Christian Jönsson
c.christian.joensson@telia.com
Wed Jan 10 08:34:00 GMT 2001
This was on an up to date Red Hat Linux 7.0/Intel system
using kernel-2.2.16-22, binutils-2.10.0.18-1 and glibc-2.2-9.
cvs source on 2001-01-10 about 11:52 +01:00
Detailed test results in ./testsuite/20010110-mkcheck.txt
+: pass, -b: build failure, -r: run failure, x: disabled
------------------------------------------------------------------------
static shared test
------------------------------------------------------------------------
+ + 17_intro/header_ciso646.cc
+ + 17_intro/header_cstdio.cc
+ + 17_intro/header_cstdlib.cc
+ + 17_intro/header_cstring.cc
+ + 17_intro/header_ctime.cc
+ + 17_intro/header_cwchar.cc
+ + 17_intro/header_cwctype.cc
+ + 17_intro/header_fstream.cc
+ + 17_intro/header_iomanip.cc
+ + 17_intro/header_ios.cc
+ + 17_intro/header_iosfwd.cc
+ + 17_intro/header_iostream.cc
+ + 17_intro/header_istream.cc
+ + 17_intro/header_ostream.cc
+ + 17_intro/headers.cc
+ + 17_intro/headers_c++.cc
+ + 17_intro/headers_c.cc
+ + 17_intro/header_sstream.cc
+ + 17_intro/header_streambuf.cc
+ + 18_support/numeric_limits.cc
+ + 20_util/auto_ptr.cc
+ + 21_strings/append.cc
+ + 21_strings/capacity.cc
+ + 21_strings/char_traits.cc
+ + 21_strings/compare.cc
+ + 21_strings/ctor_copy_dtor.cc
+ + 21_strings/element_access.cc
+ + 21_strings/find.cc
+ + 21_strings/insert.cc
+ + 21_strings/inserters_extractors.cc
+ + 21_strings/invariants.cc
+ + 21_strings/nonmember.cc
+ + 21_strings/operations.cc
+ + 21_strings/replace.cc
+ + 21_strings/rfind.cc
+ + 21_strings/substr.cc
+ + 22_locale/codecvt_char_char.cc
+ + 22_locale/codecvt_unicode_char.cc
+ + 22_locale/codecvt_unicode_wchar_t.cc
+ + 22_locale/codecvt_wchar_t_char.cc
+ + 22_locale/ctor_copy_dtor.cc
+ + 22_locale/ctype.cc
+ + 22_locale/ctype_char_members.cc
+ + 22_locale/ctype_wchar_t_members.cc
+ + 22_locale/facet.cc
+ + 22_locale/global_templates.cc
+ -r 22_locale/operators.cc
+ + 22_locale/static_members.cc
+ + 23_containers/bitset_ctor.cc
+ + 23_containers/bitset_shift.cc
-b -b 23_containers/map_operators.cc
+ + 23_containers/multiset.cc
-b -b 23_containers/set_operators.cc
+ + 23_containers/vector_capacity.cc
+ + 23_containers/vector_ctor.cc
+ + 23_containers/vector_element_access.cc
+ + 23_containers/vector_modifiers.cc
+ + 24_iterators/istreambuf_iterator.cc
+ + 24_iterators/iterator.cc
+ + 25_algorithms/lower_bound.cc
+ + 25_algorithms/min_max.cc
+ + 26_numerics/binary_closure.cc
+ + 26_numerics/buggy_complex.cc
+ + 26_numerics/c_math.cc
+ + 26_numerics/complex_inserters_extractors.cc
+ + 26_numerics/complex_value.cc
+ + 26_numerics/valarray.cc
+ + 27_io/filebuf.cc
+ + 27_io/filebuf_members.cc
+ + 27_io/fpos.cc
+ + 27_io/ifstream_members.cc
+ -r 27_io/ios_base_callbacks.cc
+ + 27_io/ios_base_members_static.cc
+ + 27_io/ios_base_storage.cc
+ + 27_io/ios_ctor.cc
+ + 27_io/ios_manip_basefield.cc
+ -r 27_io/ios_manip_fmtflags.cc
+ + 27_io/ios_members.cc
+ + 27_io/istream.cc
+ -r 27_io/istream_extractor_arith.cc
+ + 27_io/istream_extractor_char.cc
+ + 27_io/istream_extractor_other.cc
+ + 27_io/istream_manip.cc
+ + 27_io/istream_seeks.cc
+ + 27_io/istream_sentry.cc
+ + 27_io/istream_unformatted.cc
+ + 27_io/istringstream_members.cc
+ + 27_io/narrow_stream_objects.cc
+ + 27_io/ofstream_members.cc
+ + 27_io/ostream.cc
+ + 27_io/ostream_inserter_arith.cc
+ + 27_io/ostream_inserter_char.cc
+ + 27_io/ostream_inserter_other.cc
+ + 27_io/ostream_manip.cc
+ + 27_io/ostream_seeks.cc
+ + 27_io/ostream_unformatted.cc
+ + 27_io/streambuf.cc
+ + 27_io/stringbuf.cc
+ + 27_io/stringstream.cc
+ + 27_io/wide_stream_objects.cc
+ + ext/headers.cc
testrun == 1146 seconds
Native configuration is i686-redhat7.0-linux-gnu
=== gcc tests ===
Running target unix/-fPIC
FAIL: gcc.c-torture/compile/20000804-1.c, -O0
FAIL: gcc.c-torture/execute/20000205-1.c execution, -O1
FAIL: gcc.c-torture/execute/20000205-1.c execution, -O2
FAIL: gcc.c-torture/execute/20000205-1.c execution, -O3
-fomit-frame-pointer
FAIL: gcc.c-torture/execute/20000205-1.c execution, -O3
-fomit-frame-pointer -funroll-loops
FAIL: gcc.c-torture/execute/20000205-1.c execution, -O3
-fomit-frame-pointer -funroll-all-loops -finline-functions
FAIL: gcc.c-torture/execute/20000205-1.c execution, -O3 -g
FAIL: gcc.c-torture/execute/20000205-1.c execution, -Os
FAIL: gcc.c-torture/execute/20001009-1.c execution, -O1
FAIL: gcc.c-torture/execute/20001009-1.c execution, -O2
FAIL: gcc.c-torture/execute/20001009-1.c execution, -O3
-fomit-frame-pointer
FAIL: gcc.c-torture/execute/20001009-1.c execution, -O3 -g
FAIL: gcc.c-torture/execute/20001009-1.c execution, -Os
FAIL: gcc.c-torture/execute/20001221-1.c compilation, -O0
FAIL: gcc.c-torture/execute/20001221-1.c compilation, -O1
FAIL: gcc.c-torture/execute/20001221-1.c compilation, -O2
FAIL: gcc.c-torture/execute/20001221-1.c compilation, -O3
-fomit-frame-pointer
FAIL: gcc.c-torture/execute/20001221-1.c compilation, -O3 -g
FAIL: gcc.c-torture/execute/20001221-1.c compilation, -Os
FAIL: gcc.c-torture/execute/960608-1.c execution, -O3
-fomit-frame-pointer
FAIL: gcc.c-torture/execute/960608-1.c execution, -O3 -g
FAIL: gcc.c-torture/execute/990127-2.c execution, -O3
-fomit-frame-pointer
FAIL: gcc.c-torture/execute/990127-2.c execution, -O3 -g
FAIL: gcc.c-torture/execute/991118-1.c execution, -O3
-fomit-frame-pointer
FAIL: gcc.c-torture/execute/991118-1.c execution, -O3 -g
FAIL: gcc.c-torture/execute/bf64-1.c execution, -O3
-fomit-frame-pointer
FAIL: gcc.c-torture/execute/bf64-1.c execution, -O3 -g
FAIL: gcc.c-torture/execute/conversion.c execution, -O3
-fomit-frame-pointer
FAIL: gcc.c-torture/execute/conversion.c execution, -O3 -g
FAIL: gcc.c-torture/execute/loop-7.c execution, -O2
FAIL: gcc.c-torture/execute/loop-7.c execution, -O3
-fomit-frame-pointer
FAIL: gcc.c-torture/execute/loop-7.c execution, -O3
-fomit-frame-pointer -funroll-loops
FAIL: gcc.c-torture/execute/loop-7.c execution, -O3
-fomit-frame-pointer -funroll-all-loops -finline-functions
FAIL: gcc.c-torture/execute/loop-7.c execution, -O3 -g
FAIL: gcc.c-torture/execute/loop-7.c execution, -Os
FAIL: gcc.dg/20000724-1.c execution test
FAIL: gcc.dg/20001117-1.c (test for excess errors)
FAIL: gcc.dg/asm-names.c (test for excess errors)
FAIL: gcc.dg/sequence-pt-1.c sequence point warning (test for warnings,
line 59)
=== gcc Summary for unix/-fPIC ===
# of expected passes 12536
# of unexpected failures 39
# of expected failures 77
# of unresolved testcases 6
# of unsupported tests 21
Running target unix
FAIL: gcc.c-torture/execute/20001009-1.c execution, -O1
FAIL: gcc.c-torture/execute/20001009-1.c execution, -O2
FAIL: gcc.c-torture/execute/20001009-1.c execution, -O3
-fomit-frame-pointer
FAIL: gcc.c-torture/execute/20001009-1.c execution, -O3 -g
FAIL: gcc.c-torture/execute/20001009-1.c execution, -Os
FAIL: gcc.c-torture/execute/20001221-1.c compilation, -O0
FAIL: gcc.c-torture/execute/20001221-1.c compilation, -O1
FAIL: gcc.c-torture/execute/20001221-1.c compilation, -O2
FAIL: gcc.c-torture/execute/20001221-1.c compilation, -O3
-fomit-frame-pointer
FAIL: gcc.c-torture/execute/20001221-1.c compilation, -O3 -g
FAIL: gcc.c-torture/execute/20001221-1.c compilation, -Os
FAIL: gcc.c-torture/execute/960608-1.c execution, -O3
-fomit-frame-pointer
FAIL: gcc.c-torture/execute/960608-1.c execution, -O3 -g
FAIL: gcc.c-torture/execute/991118-1.c execution, -O3
-fomit-frame-pointer
FAIL: gcc.c-torture/execute/991118-1.c execution, -O3 -g
FAIL: gcc.c-torture/execute/bf64-1.c execution, -O3
-fomit-frame-pointer
FAIL: gcc.c-torture/execute/bf64-1.c execution, -O3 -g
FAIL: gcc.c-torture/execute/loop-2b.c execution, -O2
FAIL: gcc.c-torture/execute/loop-7.c execution, -O2
FAIL: gcc.c-torture/execute/loop-7.c execution, -O3
-fomit-frame-pointer
FAIL: gcc.c-torture/execute/loop-7.c execution, -O3
-fomit-frame-pointer -funroll-loops
FAIL: gcc.c-torture/execute/loop-7.c execution, -O3
-fomit-frame-pointer -funroll-all-loops -finline-functions
FAIL: gcc.c-torture/execute/loop-7.c execution, -O3 -g
FAIL: gcc.c-torture/execute/loop-7.c execution, -Os
FAIL: gcc.dg/20000724-1.c execution test
FAIL: gcc.dg/20001117-1.c (test for excess errors)
FAIL: gcc.dg/sequence-pt-1.c sequence point warning (test for warnings,
line 59)
=== gcc Summary for unix ===
# of expected passes 12548
# of unexpected failures 27
# of expected failures 77
# of unresolved testcases 6
# of unsupported tests 21
=== gcc Summary ===
# of expected passes 25084
# of unexpected failures 66
# of expected failures 154
# of unresolved testcases 12
# of unsupported tests 42
/usr/local/src/objdir-gcc-2001-01-10-1152+0100/gcc/xgcc version 2.97
20010110 (experimental)
=== g++ tests ===
Running target unix/-fPIC
FAIL: g++.dg/vtgc1.C (test for excess errors)
FAIL: g++.jason/2371.C (test for excess errors)
FAIL: g++.other/crash18.C (test for excess errors)
FAIL: g++.other/crash32.C (test for excess errors)
FAIL: g++.other/loop2.C caused compiler crash
FAIL: g++.pt/asm1.C (test for excess errors)
FAIL: g++.pt/asm2.C (test for excess errors)
=== g++ Summary for unix/-fPIC ===
# of expected passes 6209
# of unexpected failures 7
# of expected failures 91
# of unresolved testcases 1
# of untested testcases 9
Running target unix
FAIL: g++.ext/instantiate1.C not instantiated (test for errors, line 18)
FAIL: g++.ext/instantiate1.C not instantiated (test for errors, line 20)
FAIL: g++.jason/2371.C (test for excess errors)
FAIL: g++.other/crash32.C (test for excess errors)
FAIL: g++.other/loop2.C caused compiler crash
=== g++ Summary for unix ===
# of expected passes 6226
# of unexpected failures 5
# of expected failures 91
# of untested testcases 9
=== g++ Summary ===
# of expected passes 12435
# of unexpected failures 12
# of expected failures 182
# of unresolved testcases 1
# of untested testcases 18
/usr/local/src/objdir-gcc-2001-01-10-1152+0100/gcc/testsuite/../g++
version 2.97 20010110 (experimental)
=== g77 tests ===
Running target unix/-fPIC
=== g77 Summary for unix/-fPIC ===
# of expected passes 889
Running target unix
FAIL: g77.f-torture/execute/short.f execution, -Os
=== g77 Summary for unix ===
# of expected passes 888
# of unexpected failures 1
=== g77 Summary ===
# of expected passes 1777
# of unexpected failures 1
=== objc tests ===
Running target unix/-fPIC
FAIL: objc/execute/fdecl.m compilation, -O
FAIL: objc/execute/np-1.m compilation, -O
FAIL: objc/execute/np-2.m compilation, -O
FAIL: objc/execute/protocol.m compilation, -O
=== objc Summary for unix/-fPIC ===
# of expected passes 46
# of unexpected failures 4
# of untested testcases 4
Running target unix
FAIL: objc/execute/fdecl.m compilation, -O
FAIL: objc/execute/np-1.m compilation, -O
FAIL: objc/execute/np-2.m compilation, -O
FAIL: objc/execute/protocol.m compilation, -O
=== objc Summary for unix ===
# of expected passes 46
# of unexpected failures 4
# of untested testcases 4
=== objc Summary ===
# of expected passes 92
# of unexpected failures 8
# of untested testcases 8
/usr/local/src/objdir-gcc-2001-01-10-1152+0100/gcc/xgcc version 2.97
20010110 (experimental)
Compiler version: 2.97 20010110 (experimental)
Platform: i686-redhat7.0-linux-gnu
configure flags: --host=i686-redhat7.0-linux-gnu --enable-shared
--enable-threads --enable-haifa --enable-cpp --prefix=/usr
Counting all warnings,
there are 133 warnings in stage3 of this bootstrap.
Number of warnings per file:
28 gcc/combine.c
21 gcc/expr.c
11 gcc/config/i386/i386.c
10 gcc/reg-stack.c
6 gcc/loop.c
6 gcc/cp/pt.c
5 gcc/cse.c
5 gcc/cp/error.c
4 gcc/java/lex.c
3 gcc/gcc.c
2 hashtab.c
2 gcc/reload.c
2 gcc/reload1.c
2 gcc/real.c
2 gcc/libgcc2.c
2 gcc/java/jcf-io.c
2 gcc/function.c
2 gcc/fold-const.c
2 gcc/cp/call.c
2 gcc/alias.c
1 gcc/sched-deps.c
1 gcc/objc/lang-specs.h
1 gcc/java/jvspec.c
1 gcc/java/jcf-parse.c
1 gcc/haifa-sched.c
1 gcc/gencodes.c
1 gcc/f/lang-specs.h
1 gcc/final.c
1 gcc/expmed.c
1 gcc/dwarfout.c
1 gcc/dwarf2out.c
1 gcc/cp/lang-specs.h
1 gcc/cp/errfn.c
1 gcc/c-lex.c
Number of warning types:
85 comparison between signed and unsigned
9 \`???' might be used uninitialized in this function
7 string length \`???' is greater than the minimum length \`???'
ISO C89 is required to support
7 signed and unsigned type in conditional expression
5 passing arg ??? of \`???' from incompatible pointer type
5 initialization from incompatible pointer type
3 unused variable \`???'
3 \`???' defined but not used
2 function declaration isn't a prototype
1 unused parameter \`???'
1 pointer targets in passing arg ??? of \`???' differ in
signedness
1 passing arg ??? of \`???' discards qualifiers from pointer
target type
1 no previous prototype for \`???'
1 integer constant is unsigned in ISO C, signed with -traditional
1 function-like macro \`strcmp' must be used with arguments in
traditional C
1 decimal constant is so large that it is unsigned
More information about the Gcc-testresults
mailing list