Results for 2.97 20010102 (experimental) testsuite on i686-pc-cygwin

Tim Prince tprince@computer.org
Wed Jan 3 06:18:00 GMT 2001


Native configuration is i686-pc-cygwin
  === g++ tests ===

Running target unix
FAIL: g++.dg/special/conpr-1.C (test for excess errors)
FAIL: conpr-2a.o
FAIL: conpr-3a.o
FAIL: g++.benjamin/15071.C  Execution test
FAIL: g++.brendan/copy9.C  Execution test
FAIL: g++.brendan/crash20.C (test for excess errors)
FAIL: g++.brendan/ctors1.C  Execution test
FAIL: g++.brendan/ctors2.C  Execution test
FAIL: g++.brendan/ptolemy2.C  Execution test
FAIL: g++.eh/rethrow1.C  Execution test
FAIL: g++.eh/rethrow2.C  Execution test
FAIL: g++.eh/rethrow4.C  Execution test
FAIL: g++.eh/rethrow6.C  Execution test
FAIL: g++.ext/initp1.C caused compiler crash
FAIL: g++.ext/instantiate1.C not instantiated (test for errors, line 18)
FAIL: g++.ext/instantiate1.C not instantiated (test for errors, line 20)
FAIL: g++.ext/instantiate3.C not instantiated (test for errors, line 13)
XPASS: g++.ext/instantiate3.C (test for excess errors)
FAIL: g++.jason/2371.C (test for excess errors)
FAIL: g++.jason/2371.C  Execution test
FAIL: g++.jason/const3.C  Execution test
FAIL: g++.jason/init2.C  Execution test
FAIL: g++.jason/init3.C  Execution test
FAIL: g++.jason/new4.C  Execution test
FAIL: g++.jason/return3.C  Execution test
FAIL: g++.jason/template11.C  Execution test
XPASS: g++.jason/template18.C (test for excess errors)
XPASS: g++.jason/template18.C  Execution test
FAIL: g++.jason/template24.C  Execution test
FAIL: g++.jason/thunk2.C (test for excess errors)
FAIL: g++.jason/typeid1.C  Execution test
FAIL: g++.law/arg8.C  Execution test
FAIL: g++.law/array1.C  Execution test
FAIL: g++.law/ctors2.C  Execution test
FAIL: g++.law/ctors6.C (test for excess errors)
FAIL: g++.law/ctors8.C  Execution test
FAIL: g++.law/global-init1.C  Execution test
FAIL: g++.law/init11.C  Execution test
FAIL: g++.law/init14.C  Execution test
FAIL: g++.law/operators4.C (test for excess errors)
FAIL: g++.law/virtual3.C  Execution test
FAIL: g++.mike/dyncast2.C  Execution test
FAIL: g++.mike/dyncast3.C  Execution test
FAIL: g++.mike/dyncast9.C  Execution test
FAIL: g++.mike/eh2.C  Execution test
FAIL: g++.mike/eh30.C (test for excess errors)
FAIL: g++.mike/eh36.C  Execution test
FAIL: g++.mike/eh37.C  Execution test
FAIL: g++.mike/eh38.C  Execution test
FAIL: g++.mike/leak1.C  Execution test
FAIL: g++.mike/misc13.C  Execution test
FAIL: g++.mike/net17.C  Execution test
FAIL: g++.mike/net26.C  Execution test
FAIL: g++.mike/net34.C  Execution test
FAIL: g++.mike/net46.C  Execution test
FAIL: g++.mike/offset1.C  Execution test
FAIL: g++.mike/p10849a.C  Execution test
FAIL: g++.mike/p2394.C  Execution test
FAIL: g++.mike/p2736.C  Execution test
FAIL: g++.mike/p4736a.C  Execution test
FAIL: g++.mike/p4750.C (test for excess errors)
FAIL: g++.mike/p6927.C  Execution test
FAIL: g++.mike/p783b.C  Execution test
FAIL: g++.mike/p789.C  Execution test
FAIL: g++.mike/p8155.C  Execution test
FAIL: g++.mike/p9732b.C  Execution test
FAIL: g++.mike/pmf1.C  Execution test
FAIL: g++.mike/pmf2.C  Execution test
FAIL: g++.mike/pmf8.C  Execution test
FAIL: g++.mike/ref1.C  Execution test
FAIL: g++.mike/temp.C  Execution test
FAIL: g++.mike/virt2.C  Execution test
FAIL: g++.other/crash18.C (test for excess errors)
FAIL: g++.other/crash32.C (test for excess errors)
FAIL: g++.other/dtor10.C  Execution test
FAIL: g++.other/dtor11.C  Execution test
FAIL: g++.other/headers1.C (test for excess errors)
FAIL: g++.other/init1.C  Execution test
FAIL: g++.other/init11.C  Execution test
FAIL: g++.other/inline7.C  Execution test
FAIL: g++.other/inline8.C  Execution test
FAIL: g++.other/pmf4.C  Execution test
FAIL: g++.other/rtti3.C  Execution test
FAIL: g++.other/rtti4.C  Execution test
FAIL: g++.other/rttid2.C  Execution test
FAIL: g++.other/rttid3.C  Execution test
FAIL: g++.other/rttid4.C  Execution test
FAIL: g++.other/sibcall1.C  Execution test
FAIL: g++.other/virtual9.C  Execution test
FAIL: g++.pt/instantiate4.C (test for excess errors)
FAIL: g++.pt/instantiate6.C (test for excess errors)
FAIL: g++.pt/repo1.C (test for excess errors)
FAIL: g++.pt/repo2.C (test for excess errors)
FAIL: g++.pt/static11.C  Execution test
FAIL: g++.pt/static8.C  Execution test
FAIL: g++.pt/t39.C  Execution test
FAIL: g++.pt/virtual4.C  Execution test
FAIL: g++.robertl/eb106.C (test for excess errors)
FAIL: g++.robertl/eb115.C  Execution test
FAIL: g++.robertl/eb118.C  Execution test
FAIL: g++.robertl/eb27.C  Execution test
FAIL: g++.robertl/eb3.C (test for excess errors)
FAIL: g++.robertl/eb41.C  Execution test
FAIL: g++.robertl/eb46.C  Execution test
FAIL: g++.robertl/eb54.C  Execution test
FAIL: g++.robertl/eb77.C  Execution test
FAIL: g++.robertl/eh990323-2.C  Execution test

  === g++ Summary ===
# of expected passes  6081
# of unexpected failures 104
# of unexpected successes 3
# of expected failures  93
# of untested testcases  15
E:/gcc/w2k/gcc/testsuite/../g++ version 2.97 20010102 (experimental)
  === gcc tests ===

Running target unix
FAIL: gcc.c-torture/execute/20001009-1.c execution,  -O1 
FAIL: gcc.c-torture/execute/20001009-1.c execution,  -O2 
FAIL: gcc.c-torture/execute/20001009-1.c execution,  -O3 -fomit-frame-pointer 
FAIL: gcc.c-torture/execute/20001009-1.c execution,  -O3 -g 
FAIL: gcc.c-torture/execute/20001009-1.c execution,  -Os 
FAIL: gcc.c-torture/execute/20001221-1.c compilation,  -O0 
FAIL: gcc.c-torture/execute/20001221-1.c compilation,  -O1 
FAIL: gcc.c-torture/execute/20001221-1.c compilation,  -O2 
FAIL: gcc.c-torture/execute/20001221-1.c compilation,  -O3 -fomit-frame-pointer 
FAIL: gcc.c-torture/execute/20001221-1.c compilation,  -O3 -g 
FAIL: gcc.c-torture/execute/20001221-1.c compilation,  -Os 
FAIL: gcc.c-torture/execute/960608-1.c execution,  -O3 -fomit-frame-pointer 
FAIL: gcc.c-torture/execute/960608-1.c execution,  -O3 -g 
FAIL: gcc.c-torture/execute/991118-1.c execution,  -O3 -fomit-frame-pointer 
FAIL: gcc.c-torture/execute/991118-1.c execution,  -O3 -g 
FAIL: gcc.c-torture/execute/bf64-1.c execution,  -O3 -fomit-frame-pointer 
FAIL: gcc.c-torture/execute/bf64-1.c execution,  -O3 -g 
FAIL: gcc.c-torture/execute/loop-2b.c execution,  -O2 
FAIL: gcc.c-torture/execute/loop-7.c execution,  -O2 
FAIL: gcc.c-torture/execute/loop-7.c execution,  -O3 -fomit-frame-pointer 
FAIL: gcc.c-torture/execute/loop-7.c execution,  -O3 -fomit-frame-pointer -funroll-loops 
FAIL: gcc.c-torture/execute/loop-7.c execution,  -O3 -fomit-frame-pointer -funroll-all-loops -finline-functions 
FAIL: gcc.c-torture/execute/loop-7.c execution,  -O3 -g 
FAIL: gcc.c-torture/execute/loop-7.c execution,  -Os 
FAIL: gcc.dg/cpp/if-2.c wide charconst recognition 2 (test for bogus messages, line 13)
FAIL: gcc.dg/cpp/lineflags.c (test for excess errors)
FAIL: gcc.dg/20000807-1.c (test for excess errors)
FAIL: gcc.dg/20000904-1.c (test for excess errors)
FAIL: gcc.dg/20001009-1.c (test for excess errors)
FAIL: gcc.dg/20001117-1.c (test for excess errors)
FAIL: gcc.dg/990213-2.c (test for excess errors)
FAIL: gcc.dg/990214-1.c (test for excess errors)
FAIL: gcc.dg/asm-fs-1.c scan-assembler-not \\*_bar
FAIL: gcc.dg/asm-fs-1.c scan-assembler-not \\*_baz
FAIL: gcc.dg/sequence-pt-1.c sequence point warning (test for warnings, line 59)
FAIL: gcov failed: spawn failed

  === gcc Summary ===
# of expected passes  13465
# of unexpected failures 36
# of expected failures  83
# of unresolved testcases 6
# of unsupported tests  26
E:/gcc/w2k/gcc/xgcc version 2.97 20010102 (experimental)
  === objc tests ===

Running target unix
FAIL: objc/execute/bf-1.m execution,  -O 
FAIL: objc/execute/bf-10.m execution,  -O 
FAIL: objc/execute/bf-11.m execution,  -O 
FAIL: objc/execute/bf-12.m execution,  -O 
FAIL: objc/execute/bf-13.m execution,  -O 
FAIL: objc/execute/bf-14.m execution,  -O 
FAIL: objc/execute/bf-15.m execution,  -O 
FAIL: objc/execute/bf-16.m execution,  -O 
FAIL: objc/execute/bf-17.m execution,  -O 
FAIL: objc/execute/bf-18.m execution,  -O 
FAIL: objc/execute/bf-19.m execution,  -O 
FAIL: objc/execute/bf-2.m execution,  -O 
FAIL: objc/execute/bf-20.m execution,  -O 
FAIL: objc/execute/bf-3.m execution,  -O 
FAIL: objc/execute/bf-4.m execution,  -O 
FAIL: objc/execute/bf-5.m execution,  -O 
FAIL: objc/execute/bf-6.m execution,  -O 
FAIL: objc/execute/bf-7.m execution,  -O 
FAIL: objc/execute/bf-8.m execution,  -O 
FAIL: objc/execute/bf-9.m execution,  -O 
FAIL: objc/execute/fdecl.m compilation,  -O 
FAIL: objc/execute/np-1.m compilation,  -O 
FAIL: objc/execute/np-2.m compilation,  -O 
FAIL: objc/execute/protocol.m compilation,  -O 
FAIL: objc/execute/string1.m execution,  -O 
FAIL: objc/execute/string2.m execution,  -O 

  === objc Summary ===
# of expected passes  24
# of unexpected failures 26
# of untested testcases  4
E:/gcc/w2k/gcc/xgcc version 2.97 20010102 (experimental)

Compiler version: 2.97 20010102 (experimental)
 
Platform: i686-pc-cygwin
configure flags: --host=i686-pc-cygwin --with-included-gettext




More information about the Gcc-testresults mailing list