Results for 3.0 20010228 (prerelease) testsuite on i686-pc-linux-gnu
David Ronis
ronis@ronispc.chem.mcgill.ca
Wed Feb 28 12:54:00 GMT 2001
Native configuration is i686-pc-linux-gnu
=== gcc tests ===
Running target unix
FAIL: gcc.c-torture/execute/20010114-2.c execution, -O1
FAIL: gcc.c-torture/execute/20010114-2.c execution, -O2
FAIL: gcc.c-torture/execute/20010114-2.c execution, -Os
FAIL: gcc.c-torture/execute/20010123-1.c execution, -O0
FAIL: gcc.c-torture/execute/20010123-1.c execution, -O1
FAIL: gcc.c-torture/execute/20010123-1.c execution, -O2
FAIL: gcc.c-torture/execute/20010123-1.c execution, -O3 -fomit-frame-pointer
FAIL: gcc.c-torture/execute/20010123-1.c execution, -O3 -fomit-frame-pointer -funroll-loops
FAIL: gcc.c-torture/execute/20010123-1.c execution, -O3 -fomit-frame-pointer -funroll-all-loops -finline-functions
FAIL: gcc.c-torture/execute/20010123-1.c execution, -O3 -g
FAIL: gcc.c-torture/execute/20010123-1.c execution, -Os
FAIL: gcc.c-torture/execute/20010124-1.c execution, -O0
FAIL: gcc.c-torture/execute/20010124-1.c execution, -O1
FAIL: gcc.c-torture/execute/20010124-1.c execution, -O2
FAIL: gcc.c-torture/execute/20010124-1.c execution, -O3 -fomit-frame-pointer
FAIL: gcc.c-torture/execute/20010124-1.c execution, -O3 -g
FAIL: gcc.c-torture/execute/20010124-1.c execution, -Os
FAIL: gcc.c-torture/execute/991118-1.c execution, -O3 -fomit-frame-pointer
FAIL: gcc.c-torture/execute/991118-1.c execution, -O3 -g
FAIL: gcc.c-torture/execute/bf64-1.c execution, -O3 -fomit-frame-pointer
FAIL: gcc.c-torture/execute/bf64-1.c execution, -O3 -g
FAIL: gcc.c-torture/execute/loop-2b.c execution, -O2
FAIL: gcc.dg/20000724-1.c execution test
FAIL: gcc.dg/20001117-1.c (test for excess errors)
FAIL: gcc.dg/sequence-pt-1.c sequence point warning (test for warnings, line 59)
=== gcc Summary ===
# of expected passes 15018
# of unexpected failures 25
# of expected failures 78
# of unsupported tests 20
/home/ronis/Project/notar/objdir/gcc/xgcc version 3.0 20010228 (prerelease)
=== g++ tests ===
Running target unix
FAIL: g++.abi/cxa_vec.C Execution test
FAIL: g++.ext/instantiate1.C not instantiated (test for errors, line 18)
FAIL: g++.ext/instantiate1.C not instantiated (test for errors, line 20)
FAIL: g++.other/crash31.C parse error (test for errors, line 11)
FAIL: g++.other/crash31.C (test for excess errors)
=== g++ Summary ===
# of expected passes 6414
# of unexpected failures 5
# of expected failures 86
# of untested testcases 9
/home/ronis/Project/notar/objdir/gcc/testsuite/../g++ version 3.0 20010228 (prerelease)
=== g77 tests ===
Running target unix
XPASS: g77.f-torture/execute/20010116.f execution, -O0
XPASS: g77.f-torture/execute/20010116.f execution, -O1
FAIL: g77.f-torture/execute/short.f execution, -Os
=== g77 Summary ===
# of expected passes 926
# of unexpected failures 1
# of unexpected successes 2
# of expected failures 6
=== objc tests ===
Running target unix
FAIL: objc/execute/bycopy-1.m compilation, -O
FAIL: objc/execute/bycopy-2.m compilation, -O
FAIL: objc/execute/np-1.m compilation, -O
FAIL: objc/execute/np-2.m compilation, -O
FAIL: objc/execute/protocol.m compilation, -O
=== objc Summary ===
# of expected passes 48
# of unexpected failures 5
# of untested testcases 5
/home/ronis/Project/notar/objdir/gcc/xgcc version 3.0 20010228 (prerelease)
Compiler version: 3.0 20010228 (prerelease)
Platform: i686-pc-linux-gnu
configure flags: --host=i686-pc-linux-gnu --prefix=/usr --with-gnu-as --enable-shared --with-gnu-ld --enable-threads=posix
BOOT_CFLAGS=-O3 -march=i686 -funroll-loops -ffast-math -fomit-frame-pointer -fforce-mem -fforce-addr -malign-jumps=3 -malign-functions=3 -malign-loops=3 -mpreferred-stack-boundary=3
CFLAGS (set before configure)=-O3 -march=i686 -funroll-loops -ffast-math -fomit-frame-pointer -fforce-mem -fforce-addr -malign-jumps=3 -malign-functions=3 -malign-loops=3 -mpreferred-stack-boundary=3
CXXFLAGS (set before configure)=-O3 -march=i686 -funroll-loops -ffast-math -fomit-frame-pointer -fforce-mem -fforce-addr -malign-jumps=3 -malign-functions=3 -malign-loops=3 -mpreferred-stack-boundary=3
Counting all warnings,
there are 743 warnings in stage3 of this bootstrap.
Number of warnings per file:
153 gcc/genattrtab.c
88 gcc/genemit.c
84 gcc/gcc.c
53 gcc/genpeep.c
43 gcc/genoutput.c
43 gcc/genattr.c
33 gcc/genextract.c
31 gcc/toplev.c
28 gcc/combine.c
23 gcc/f/lang-specs.h
19 gcc/genrecog.c
17 gcc/genopinit.c
17 gcc/cp/lang-specs.h
10 gcc/reg-stack.c
9 gcc/objc/lang-specs.h
9 gcc/genflags.c
9 gcc/genconfig.c
8 gcc/tradcpp.c
6 gcc/cp/pt.c
5 gcc/gencodes.c
5 gcc/cse.c
5 gcc/cp/error.c
4 gcc/gengenrtl.c
3 gcc/reload1.c
3 gcc/dependence.c
3 gcc/config/i386/i386.c
2 insn-emit.c
2 hashtab.c
2 gcc/reload.c
2 gcc/objc/objc-act.c
2 gcc/function.c
2 gcc/fold-const.c
2 gcc/expr.c
2 gcc/cp/call.c
2 gcc/config/i386/i386.md
2 gcc/alias.c
1 gcc/ssa.c
1 gcc/sched-deps.c
1 gcc/regmove.c
1 gcc/ggc-page.c
1 gcc/gencheck.c
1 gcc/final.c
1 gcc/expmed.c
1 gcc/dwarfout.c
1 gcc/cp/init.c
1 gcc/cp/errfn.c
1 gcc/cp/decl.c
1 gcc/c-lex.c
Number of warning types:
526 ISO C99 requires rest arguments to be used
62 missing initializer
62 (near initialization for \`???')
57 comparison between signed and unsigned
7 \`???' might be used uninitialized in this function
6 string length \`???' is greater than the length \`???' ISO C89 compilers are required to support
5 initialization from incompatible pointer type
4 signed and unsigned type in conditional expression
3 unused variable \`???'
2 passing arg ??? of \`???' from incompatible pointer type
2 function declaration isn't a prototype
2 destination missing a mode?
1 pointer targets in passing arg ??? of \`???' differ in signedness
1 passing arg ??? of \`???' discards qualifiers from pointer target type
1 integer constant is unsigned in ISO C, signed with -traditional
1 function-like macro \`strcmp' must be used with arguments in traditional C
1 decimal constant is so large that it is unsigned
More information about the Gcc-testresults
mailing list