Results for 3.0 20010223 (prerelease) testsuite on armv4l-unknown-linux-gnu
Manfred Hollstein
manfredh@redhat.com
Sat Feb 24 08:22:00 GMT 2001
Compiler version: 3.0 20010223 (prerelease)
Platform: armv4l-unknown-linux-gnu
Sources: - gcc-3_0-branch from CVS last updated at
2001/02/23 14:50:44 +0100
Patches: [1] [JAVA/C++ PATCH] Make a true bootstrap work:
< http://gcc.gnu.org/ml/gcc-patches/2001-02/msg01360.html >
[2] [C++ patch]: Fix for return-statement with a value,
in function declared with a void return type.
< http://gcc.gnu.org/ml/gcc-patches/2001-02/msg01493.html >
Environment: - autoconf-2.13-5
- automake-1.4-5
- binutils-2_11-branch (2001/02/22 16:50:12 +0100)
via anonymous CVS from anoncvs.cygnus.com
- dejagnu-20010223 via anonymous CVS from
anoncvs.cygnus.com
- Netwinder dm/3.1-15 + recommended updates as of today
- Kernel 2.2.14-20000612 (compiled by "gcc version
gcc version 2.95.2 20000516 (release) [Rebel.com]")
- glibc-2.1.2-4nw1
- glibc-devel-2.1.2-4nw1
Remarks: None.
configure flags: --host=armv4l-unknown-linux-gnu --target=armv4l-unknown-linux-gnu --build=armv4l-unknown-linux-gnu --srcdir=../gcc-3.0 --prefix=/opt/gnu --exec-prefix=/opt/gnu/H-armv4l-linux --with-gnu-as --with-gnu-ld --disable-checking --enable-shared --with-system-zlib --with-local-prefix=/opt/gnu --enable-languages=c,gcov,c++ --with-cpu=strongarm110 --enable-nls --verbose
BOOT_CC: gcc version 2.95.3 20010219 (prerelease)
BOOT_CFLAGS: -O3 -mcpu=strongarm110
CFLAGS: -O3 -mcpu=strongarm110 -fomit-frame-pointer
CXXFLAGS: -O3 -mcpu=strongarm110 -g
Native configuration is armv4l-unknown-linux-gnu
=== libstdc++-v3 tests ===
+: pass, -b: build failure, -r: run failure, x: disabled
------------------------------------------------------------------------
static shared test
------------------------------------------------------------------------
+ + 17_intro/header_ciso646.cc
+ + 17_intro/header_cstdio.cc
+ + 17_intro/header_cstdlib.cc
+ + 17_intro/header_cstring.cc
+ + 17_intro/header_ctime.cc
+ + 17_intro/header_cwchar.cc
+ + 17_intro/header_cwctype.cc
+ + 17_intro/header_fstream.cc
+ + 17_intro/header_iomanip.cc
+ + 17_intro/header_ios.cc
+ + 17_intro/header_iosfwd.cc
+ + 17_intro/header_iostream.cc
+ + 17_intro/header_istream.cc
+ + 17_intro/header_ostream.cc
+ + 17_intro/header_sstream.cc
+ + 17_intro/header_streambuf.cc
+ + 17_intro/headers.cc
+ + 17_intro/headers_c++.cc
+ + 17_intro/headers_c.cc
+ + 18_support/numeric_limits.cc
+ + 20_util/auto_ptr.cc
-r + 21_strings/append.cc
+ + 21_strings/capacity.cc
+ + 21_strings/char_traits_requirements.cc
+ + 21_strings/char_traits_typedefs.cc
+ + 21_strings/compare.cc
-r + 21_strings/ctor_copy_dtor.cc
-r + 21_strings/element_access.cc
+ + 21_strings/find.cc
-r + 21_strings/insert.cc
+ + 21_strings/inserters_extractors.cc
+ + 21_strings/invariants.cc
+ + 21_strings/nonmember.cc
+ + 21_strings/operations.cc
+ + 21_strings/replace.cc
+ + 21_strings/rfind.cc
-r + 21_strings/substr.cc
+ + 22_locale/codecvt_char_char.cc
+ + 22_locale/codecvt_unicode_char.cc
+ + 22_locale/codecvt_unicode_wchar_t.cc
+ + 22_locale/codecvt_wchar_t_char.cc
+ + 22_locale/ctor_copy_dtor.cc
+ + 22_locale/ctype.cc
+ + 22_locale/ctype_char_members.cc
+ + 22_locale/ctype_wchar_t_members.cc
+ + 22_locale/facet.cc
+ + 22_locale/global_templates.cc
+ + 22_locale/members.cc
+ + 22_locale/numpunct.cc
+ + 22_locale/numpunct_byname.cc
+ + 22_locale/numpunct_char_members.cc
+ + 22_locale/operators.cc
+ + 22_locale/static_members.cc
+ + 23_containers/bitset_ctor.cc
+ + 23_containers/bitset_shift.cc
-b -b 23_containers/map_operators.cc
+ + 23_containers/multiset.cc
-b -b 23_containers/set_operators.cc
+ + 23_containers/vector_capacity.cc
+ + 23_containers/vector_ctor.cc
+ + 23_containers/vector_element_access.cc
+ + 23_containers/vector_modifiers.cc
+ + 24_iterators/istreambuf_iterator.cc
+ + 24_iterators/iterator.cc
+ + 25_algorithms/lower_bound.cc
+ + 25_algorithms/min_max.cc
+ + 26_numerics/binary_closure.cc
+ + 26_numerics/buggy_complex.cc
+ + 26_numerics/c_math.cc
+ + 26_numerics/complex_inserters_extractors.cc
+ + 26_numerics/complex_value.cc
+ + 26_numerics/valarray.cc
+ + 27_io/filebuf.cc
+ + 27_io/filebuf_members.cc
+ + 27_io/fpos.cc
+ + 27_io/ifstream_members.cc
+ + 27_io/ios_base_callbacks.cc
-r -r 27_io/ios_base_members_static.cc
+ + 27_io/ios_base_storage.cc
+ + 27_io/ios_ctor.cc
+ + 27_io/ios_manip_basefield.cc
+ + 27_io/ios_manip_fmtflags.cc
-r + 27_io/ios_members.cc
+ + 27_io/istream.cc
+ + 27_io/istream_extractor_arith.cc
-r -r 27_io/istream_extractor_char.cc
+ + 27_io/istream_extractor_other.cc
+ + 27_io/istream_manip.cc
+ + 27_io/istream_seeks.cc
+ + 27_io/istream_sentry.cc
+ + 27_io/istream_unformatted.cc
+ + 27_io/istringstream_members.cc
+ + 27_io/narrow_stream_objects.cc
+ + 27_io/ofstream_members.cc
+ + 27_io/ostream.cc
+ + 27_io/ostream_inserter_arith.cc
+ + 27_io/ostream_inserter_char.cc
+ + 27_io/ostream_inserter_other.cc
+ + 27_io/ostream_manip.cc
+ + 27_io/ostream_seeks.cc
+ + 27_io/ostream_unformatted.cc
+ + 27_io/streambuf.cc
+ + 27_io/stringbuf.cc
+ + 27_io/stringstream.cc
+ + 27_io/wide_stream_objects.cc
+ + ext/headers.cc
testrun == 4599 seconds
=== gcc tests ===
Running target unix
FAIL: gcc.c-torture/compile/20001226-1.c, -O3 -g
FAIL: gcc.c-torture/compile/20001226-1.c, -Os
FAIL: gcc.c-torture/execute/20010123-1.c execution, -O0
FAIL: gcc.c-torture/execute/20010123-1.c execution, -O1
FAIL: gcc.c-torture/execute/20010123-1.c execution, -O2
FAIL: gcc.c-torture/execute/20010123-1.c execution, -O3 -fomit-frame-pointer
FAIL: gcc.c-torture/execute/20010123-1.c execution, -O3 -fomit-frame-pointer -funroll-loops
FAIL: gcc.c-torture/execute/20010123-1.c execution, -O3 -fomit-frame-pointer -funroll-all-loops -finline-functions
FAIL: gcc.c-torture/execute/20010123-1.c execution, -O3 -g
FAIL: gcc.c-torture/execute/20010123-1.c execution, -Os
FAIL: gcc.c-torture/execute/20010124-1.c execution, -O0
FAIL: gcc.c-torture/execute/20010124-1.c execution, -O1
FAIL: gcc.c-torture/execute/20010124-1.c execution, -O2
FAIL: gcc.c-torture/execute/20010124-1.c execution, -O3 -fomit-frame-pointer
FAIL: gcc.c-torture/execute/20010124-1.c execution, -O3 -g
FAIL: gcc.c-torture/execute/20010124-1.c execution, -Os
FAIL: gcc.c-torture/execute/961122-1.c compilation, -O3 -fomit-frame-pointer
FAIL: gcc.c-torture/execute/961122-1.c compilation, -O3 -g
FAIL: gcc.c-torture/execute/990208-1.c execution, -O3 -fomit-frame-pointer
FAIL: gcc.c-torture/execute/990208-1.c execution, -O3 -g
FAIL: gcc.c-torture/execute/991216-1.c compilation, -O3 -g
FAIL: gcc.c-torture/execute/divmod-1.c execution, -O0
FAIL: gcc.c-torture/execute/divmod-1.c execution, -O1
FAIL: gcc.c-torture/execute/divmod-1.c execution, -O2
FAIL: gcc.c-torture/execute/divmod-1.c execution, -Os
FAIL: gcc.c-torture/execute/nest-stdar-1.c compilation, -O0
XPASS: gcc.c-torture/execute/memcheck/blkarg.c execution, -O0
XPASS: gcc.c-torture/execute/memcheck/blkarg.c execution, -O1
XPASS: gcc.c-torture/execute/memcheck/blkarg.c execution, -O2
XPASS: gcc.c-torture/execute/memcheck/blkarg.c execution, -Os
FAIL: gcc.dg/asm-fs-1.c scan-assembler-not \\*_bar
FAIL: gcc.dg/asm-fs-1.c scan-assembler-not \\*_baz
FAIL: gcc.dg/asm-names.c (test for excess errors)
FAIL: gcc.dg/pack-test-1.c (test for excess errors)
FAIL: gcc.dg/pack-test-2.c (test for errors, line 7)
FAIL: gcc.dg/pack-test-2.c (test for errors, line 14)
FAIL: gcc.dg/pack-test-2.c (test for errors, line 19)
FAIL: gcc.dg/pack-test-2.c (test for excess errors)
FAIL: gcc.dg/sequence-pt-1.c sequence point warning (test for warnings, line 59)
=== gcc Summary ===
# of expected passes 14941
# of unexpected failures 35
# of unexpected successes 4
# of expected failures 68
# of unresolved testcases 4
# of unsupported tests 51
/.automount/saturn/root/home/gnu/work/GNU/gcc-3.0-armv4l-unknown-linux-gnu/gcc/xgcc version 3.0 20010223 (prerelease)
=== g++ tests ===
Running target unix
FAIL: g++.dg/vtgc1.C scan-assembler .vtable_inherit[ ]*Multivv3 virtual table, 0
FAIL: g++.dg/vtgc1.C scan-assembler .vtable_inherit[ ]*Multivv3::Side0 virtual table, Side0 virtual table
FAIL: g++.dg/vtgc1.C scan-assembler .vtable_inherit[ ]*Multivv3::Base2 virtual table, Base2 virtual table
FAIL: g++.dg/vtgc1.C scan-assembler .vtable_inherit[ ]*Multiss2 virtual table, Base2 virtual table
FAIL: g++.dg/vtgc1.C scan-assembler .vtable_inherit[ ]*Multiss2::Side0 virtual table, Side0 virtual table
FAIL: g++.dg/vtgc1.C scan-assembler .vtable_inherit[ ]*Multivs1 virtual table, Base2 virtual table
FAIL: g++.dg/vtgc1.C scan-assembler .vtable_inherit[ ]*Multivs1::Side0 virtual table, Side0 virtual table
FAIL: g++.dg/vtgc1.C scan-assembler .vtable_inherit[ ]*Multisv0 virtual table, Side0 virtual table
FAIL: g++.dg/vtgc1.C scan-assembler .vtable_inherit[ ]*Multisv0::Base2 virtual table, Base2 virtual table
FAIL: g++.dg/vtgc1.C scan-assembler .vtable_inherit[ ]*Side0 virtual table, 0
FAIL: g++.dg/vtgc1.C scan-assembler .vtable_inherit[ ]*VbasedA virtual table, 0
FAIL: g++.dg/vtgc1.C scan-assembler .vtable_inherit[ ]*VbasedA::Base2 virtual table, Base2 virtual table
FAIL: g++.dg/vtgc1.C scan-assembler .vtable_inherit[ ]*Base2 virtual table, Base1 virtual table
FAIL: g++.dg/vtgc1.C scan-assembler .vtable_inherit[ ]*Base1 virtual table, Base0 virtual table
FAIL: g++.dg/vtgc1.C scan-assembler .vtable_inherit[ ]*Base0 virtual table, 0
FAIL: g++.abi/cxa_vec.C Execution test
FAIL: g++.ext/instantiate1.C not instantiated (test for errors, line 18)
FAIL: g++.ext/instantiate1.C not instantiated (test for errors, line 20)
FAIL: g++.ext/instantiate2.C not instantiated (test for errors, line 16)
FAIL: g++.law/profile1.C caused compiler crash
FAIL: g++.other/crash31.C parse error (test for errors, line 11)
FAIL: g++.other/crash31.C (test for excess errors)
=== g++ Summary ===
# of expected passes 6377
# of unexpected failures 22
# of expected failures 86
# of untested testcases 19
/.automount/saturn/root/home/gnu/work/GNU/gcc-3.0-armv4l-unknown-linux-gnu/gcc/testsuite/../g++ version 3.0 20010223 (prerelease)
Counting all warnings,
there are 298 warnings in stage3 of this bootstrap.
Number of warnings per file:
82 gcc/gcc.c
68 gcc/config/arm/arm.c
29 gcc/combine.c
27 gcc/varasm.c
17 gcc/cp/lang-specs.h
7 gcc/reload1.c
6 gcc/reload.c
6 gcc/cse.c
6 gcc/cp/pt.c
6 gcc/calls.c
5 gcc/expr.c
5 gcc/cp/error.c
4 gcc/function.c
4 gcc/dwarf2out.c
2 insn-output.c
2 hashtab.c
2 gcc/stor-layout.c
2 gcc/regmove.c
2 gcc/fold-const.c
2 gcc/cp/class.c
2 gcc/cp/call.c
2 gcc/alias.c
1 gcc/sched-deps.c
1 gcc/jump.c
1 gcc/gcse.c
1 gcc/flow.c
1 gcc/final.c
1 gcc/expmed.c
1 gcc/cp/init.c
1 gcc/cp/errfn.c
1 gcc/cp/decl.c
1 gcc/c-lex.c
Number of warning types:
65 traditional C rejects the 'u' suffix
62 comparison between signed and unsigned
47 missing initializer
47 (near initialization for `???')
24 assignment discards qualifiers from pointer target type
20 signed and unsigned type in conditional expression
9 `???' might be used uninitialized in this function
5 initialization from incompatible pointer type
4 string length `???' is greater than the length `???' ISO C89 compilers are required to support
2 traditional C rejects automatic aggregate initialization
2 initialization discards qualifiers from pointer target type
2 function declaration isn't a prototype
2 comparison of unsigned expression >= 0 is always true
1 unused variable `???'
1 traditional C rejects string concatenation
1 pointer targets in passing arg ??? of `???' differ in signedness
1 integer constant is unsigned in ISO C, signed with -traditional
1 function-like macro `strcmp' must be used with arguments in traditional C
1 decimal constant is so large that it is unsigned
1 comparison of unsigned expression < 0 is always false
More information about the Gcc-testresults
mailing list