Difference of testresults between 2.95.2 and 2.95.3.test4 on h8300-hms
Kazu Hirata
kazu@hxi.com
Wed Feb 21 23:41:00 GMT 2001
--- check-2.95.2.sh Thu Feb 22 02:55:43 2001
+++ check-2.95.3.test4.sh Thu Feb 22 03:36:56 2001
@@ -1,5 +1,5 @@
To: gcc-testresults@gcc.gnu.org
-Subject: Results for 2.95.2 19991024 (release) testsuite on h8300-hitachi-hms
+Subject: Results for 2.95.3 20010219 (prerelease) testsuite on h8300-hitachi-hms
--text follows this line--
Target is h8300-hitachi-hms
Host is i686-pc-linux-gnu
@@ -60,12 +60,6 @@
FAIL: gcc.c-torture/compile/981006-1.c, -O3 -fomit-frame-pointer -Wuninitialized -Werror -fpic
FAIL: gcc.c-torture/compile/981006-1.c, -O3 -g -Wuninitialized -Werror -fpic
FAIL: gcc.c-torture/compile/981006-1.c, -Os -Wuninitialized -Werror -fpic
-FAIL: gcc.c-torture/compile/990801-2.c, -O1
-FAIL: gcc.c-torture/compile/990801-2.c, -O2
-FAIL: gcc.c-torture/compile/990801-2.c, -O3 -fomit-frame-pointer
-FAIL: gcc.c-torture/compile/990801-2.c, -O3 -fomit-frame-pointer -funroll-loops
-FAIL: gcc.c-torture/compile/990801-2.c, -O3 -fomit-frame-pointer -funroll-all-loops -finline-functions
-FAIL: gcc.c-torture/compile/990801-2.c, -Os
FAIL: gcc.c-torture/compile/990913-1.c, -O2
FAIL: gcc.c-torture/compile/990913-1.c, -O3 -fomit-frame-pointer
FAIL: gcc.c-torture/compile/990913-1.c, -O3 -g
@@ -80,18 +74,6 @@
FAIL: gcc.c-torture/compile/991214-2.c, -Os
FAIL: gcc.c-torture/compile/991229-3.c, -O3 -fomit-frame-pointer -funroll-loops
FAIL: gcc.c-torture/compile/991229-3.c, -O3 -fomit-frame-pointer -funroll-all-loops -finline-functions
-FAIL: gcc.c-torture/compile/init-3.c, -O0
-FAIL: gcc.c-torture/compile/init-3.c, -O1
-FAIL: gcc.c-torture/compile/init-3.c, -O2
-FAIL: gcc.c-torture/compile/init-3.c, -O3 -fomit-frame-pointer
-FAIL: gcc.c-torture/compile/init-3.c, -O3 -g
-FAIL: gcc.c-torture/compile/init-3.c, -Os
-FAIL: gcc.c-torture/execute/20000225-1.c execution, -O2
-FAIL: gcc.c-torture/execute/20000225-1.c execution, -O3 -fomit-frame-pointer
-FAIL: gcc.c-torture/execute/20000225-1.c execution, -O3 -fomit-frame-pointer -funroll-loops
-FAIL: gcc.c-torture/execute/20000225-1.c execution, -O3 -fomit-frame-pointer -funroll-all-loops -finline-functions
-FAIL: gcc.c-torture/execute/20000225-1.c execution, -O3 -g
-FAIL: gcc.c-torture/execute/20000225-1.c execution, -Os
FAIL: gcc.c-torture/execute/20000412-2.c execution, -O1
FAIL: gcc.c-torture/execute/20000412-2.c execution, -O2
FAIL: gcc.c-torture/execute/20000412-2.c execution, -O3 -fomit-frame-pointer
@@ -102,12 +84,6 @@
FAIL: gcc.c-torture/execute/20000412-5.c execution, -O3 -fomit-frame-pointer
FAIL: gcc.c-torture/execute/20000412-5.c execution, -O3 -g
FAIL: gcc.c-torture/execute/20000412-5.c execution, -Os
-FAIL: gcc.c-torture/execute/20000715-1.c execution, -O0
-FAIL: gcc.c-torture/execute/20000715-1.c execution, -O1
-FAIL: gcc.c-torture/execute/20000715-1.c execution, -O2
-FAIL: gcc.c-torture/execute/20000715-1.c execution, -O3 -fomit-frame-pointer
-FAIL: gcc.c-torture/execute/20000715-1.c execution, -O3 -g
-FAIL: gcc.c-torture/execute/20000715-1.c execution, -Os
FAIL: gcc.c-torture/execute/20000731-2.c execution, -O2
FAIL: gcc.c-torture/execute/20000731-2.c execution, -O3 -fomit-frame-pointer
FAIL: gcc.c-torture/execute/20000731-2.c execution, -O3 -fomit-frame-pointer -funroll-loops
@@ -128,11 +104,6 @@
FAIL: gcc.c-torture/execute/20001009-2.c execution, -O3 -fomit-frame-pointer -funroll-all-loops -finline-functions
FAIL: gcc.c-torture/execute/20001009-2.c execution, -O3 -g
FAIL: gcc.c-torture/execute/20001009-2.c execution, -Os
-FAIL: gcc.c-torture/execute/20001027-1.c execution, -O1
-FAIL: gcc.c-torture/execute/20001027-1.c execution, -O2
-FAIL: gcc.c-torture/execute/20001027-1.c execution, -O3 -fomit-frame-pointer
-FAIL: gcc.c-torture/execute/20001027-1.c execution, -O3 -g
-FAIL: gcc.c-torture/execute/20001027-1.c execution, -Os
FAIL: gcc.c-torture/execute/920730-1.c execution, -O0
FAIL: gcc.c-torture/execute/920730-1.c execution, -O1
FAIL: gcc.c-torture/execute/920730-1.c execution, -O2
@@ -163,17 +134,6 @@
FAIL: gcc.c-torture/execute/991030-1.c compilation, -O3 -fomit-frame-pointer
FAIL: gcc.c-torture/execute/991030-1.c compilation, -O3 -g
FAIL: gcc.c-torture/execute/991030-1.c compilation, -Os
-FAIL: gcc.c-torture/execute/991221-1.c execution, -O1
-FAIL: gcc.c-torture/execute/991221-1.c execution, -O2
-FAIL: gcc.c-torture/execute/991221-1.c execution, -O3 -fomit-frame-pointer
-FAIL: gcc.c-torture/execute/991221-1.c execution, -O3 -g
-FAIL: gcc.c-torture/execute/991221-1.c execution, -Os
-FAIL: gcc.c-torture/execute/991227-1.c execution, -O0
-FAIL: gcc.c-torture/execute/991227-1.c execution, -O1
-FAIL: gcc.c-torture/execute/991227-1.c execution, -O2
-FAIL: gcc.c-torture/execute/991227-1.c execution, -O3 -fomit-frame-pointer
-FAIL: gcc.c-torture/execute/991227-1.c execution, -O3 -g
-FAIL: gcc.c-torture/execute/991227-1.c execution, -Os
FAIL: gcc.c-torture/execute/align-1.c execution, -O0
FAIL: gcc.c-torture/execute/align-1.c execution, -O1
FAIL: gcc.c-torture/execute/align-1.c execution, -O2
@@ -1094,8 +1054,8 @@
=== gcc Summary for h8300-sim/-mno-h ===
-# of expected passes 11540
-# of unexpected failures 1081
+# of expected passes 11580
+# of unexpected failures 1041
# of unexpected successes 2
# of expected failures 80
# of unresolved testcases 43
@@ -1146,41 +1106,17 @@
FAIL: gcc.c-torture/compile/981006-1.c, -O3 -fomit-frame-pointer -Wuninitialized -Werror -fpic
FAIL: gcc.c-torture/compile/981006-1.c, -O3 -g -Wuninitialized -Werror -fpic
FAIL: gcc.c-torture/compile/981006-1.c, -Os -Wuninitialized -Werror -fpic
-FAIL: gcc.c-torture/compile/990801-2.c, -O1
-FAIL: gcc.c-torture/compile/990801-2.c, -O2
-FAIL: gcc.c-torture/compile/990801-2.c, -O3 -fomit-frame-pointer
-FAIL: gcc.c-torture/compile/990801-2.c, -O3 -fomit-frame-pointer -funroll-loops
-FAIL: gcc.c-torture/compile/990801-2.c, -O3 -fomit-frame-pointer -funroll-all-loops -finline-functions
-FAIL: gcc.c-torture/compile/990801-2.c, -Os
FAIL: gcc.c-torture/compile/990913-1.c, -O2
FAIL: gcc.c-torture/compile/990913-1.c, -O3 -fomit-frame-pointer
FAIL: gcc.c-torture/compile/990913-1.c, -O3 -g
FAIL: gcc.c-torture/compile/990913-1.c, -Os
FAIL: gcc.c-torture/compile/991229-3.c, -O3 -fomit-frame-pointer -funroll-loops
FAIL: gcc.c-torture/compile/991229-3.c, -O3 -fomit-frame-pointer -funroll-all-loops -finline-functions
-FAIL: gcc.c-torture/compile/init-3.c, -O0
-FAIL: gcc.c-torture/compile/init-3.c, -O1
-FAIL: gcc.c-torture/compile/init-3.c, -O2
-FAIL: gcc.c-torture/compile/init-3.c, -O3 -fomit-frame-pointer
-FAIL: gcc.c-torture/compile/init-3.c, -O3 -g
-FAIL: gcc.c-torture/compile/init-3.c, -Os
-FAIL: gcc.c-torture/execute/20000225-1.c execution, -O2
-FAIL: gcc.c-torture/execute/20000225-1.c execution, -O3 -fomit-frame-pointer
-FAIL: gcc.c-torture/execute/20000225-1.c execution, -O3 -fomit-frame-pointer -funroll-loops
-FAIL: gcc.c-torture/execute/20000225-1.c execution, -O3 -fomit-frame-pointer -funroll-all-loops -finline-functions
-FAIL: gcc.c-torture/execute/20000225-1.c execution, -O3 -g
-FAIL: gcc.c-torture/execute/20000225-1.c execution, -Os
FAIL: gcc.c-torture/execute/20000412-2.c execution, -O1
FAIL: gcc.c-torture/execute/20000412-2.c execution, -O2
FAIL: gcc.c-torture/execute/20000412-2.c execution, -O3 -fomit-frame-pointer
FAIL: gcc.c-torture/execute/20000412-2.c execution, -O3 -g
FAIL: gcc.c-torture/execute/20000412-2.c execution, -Os
-FAIL: gcc.c-torture/execute/20000715-1.c execution, -O0
-FAIL: gcc.c-torture/execute/20000715-1.c execution, -O1
-FAIL: gcc.c-torture/execute/20000715-1.c execution, -O2
-FAIL: gcc.c-torture/execute/20000715-1.c execution, -O3 -fomit-frame-pointer
-FAIL: gcc.c-torture/execute/20000715-1.c execution, -O3 -g
-FAIL: gcc.c-torture/execute/20000715-1.c execution, -Os
FAIL: gcc.c-torture/execute/20000731-2.c execution, -O2
FAIL: gcc.c-torture/execute/20000731-2.c execution, -O3 -fomit-frame-pointer
FAIL: gcc.c-torture/execute/20000731-2.c execution, -O3 -fomit-frame-pointer -funroll-loops
@@ -1201,11 +1137,6 @@
FAIL: gcc.c-torture/execute/20001009-2.c execution, -O3 -fomit-frame-pointer -funroll-all-loops -finline-functions
FAIL: gcc.c-torture/execute/20001009-2.c execution, -O3 -g
FAIL: gcc.c-torture/execute/20001009-2.c execution, -Os
-FAIL: gcc.c-torture/execute/20001027-1.c execution, -O1
-FAIL: gcc.c-torture/execute/20001027-1.c execution, -O2
-FAIL: gcc.c-torture/execute/20001027-1.c execution, -O3 -fomit-frame-pointer
-FAIL: gcc.c-torture/execute/20001027-1.c execution, -O3 -g
-FAIL: gcc.c-torture/execute/20001027-1.c execution, -Os
FAIL: gcc.c-torture/execute/920730-1.c execution, -O0
FAIL: gcc.c-torture/execute/920730-1.c execution, -O1
FAIL: gcc.c-torture/execute/920730-1.c execution, -O2
@@ -1230,17 +1161,6 @@
FAIL: gcc.c-torture/execute/991030-1.c compilation, -O3 -fomit-frame-pointer
FAIL: gcc.c-torture/execute/991030-1.c compilation, -O3 -g
FAIL: gcc.c-torture/execute/991030-1.c compilation, -Os
-FAIL: gcc.c-torture/execute/991221-1.c execution, -O1
-FAIL: gcc.c-torture/execute/991221-1.c execution, -O2
-FAIL: gcc.c-torture/execute/991221-1.c execution, -O3 -fomit-frame-pointer
-FAIL: gcc.c-torture/execute/991221-1.c execution, -O3 -g
-FAIL: gcc.c-torture/execute/991221-1.c execution, -Os
-FAIL: gcc.c-torture/execute/991227-1.c execution, -O0
-FAIL: gcc.c-torture/execute/991227-1.c execution, -O1
-FAIL: gcc.c-torture/execute/991227-1.c execution, -O2
-FAIL: gcc.c-torture/execute/991227-1.c execution, -O3 -fomit-frame-pointer
-FAIL: gcc.c-torture/execute/991227-1.c execution, -O3 -g
-FAIL: gcc.c-torture/execute/991227-1.c execution, -Os
FAIL: gcc.c-torture/execute/align-1.c execution, -O0
FAIL: gcc.c-torture/execute/align-1.c execution, -O1
FAIL: gcc.c-torture/execute/align-1.c execution, -O2
@@ -1885,6 +1805,9 @@
FAIL: gcc.dg/format-ext-3.c bad %z (test for warnings, line 87)
FAIL: gcc.dg/format-ext-3.c bad %F (test for warnings, line 134)
FAIL: gcc.dg/format-ext-3.c bad %F (test for warnings, line 135)
+FAIL: gcc.dg/format-ext-3.c bad %y (test for warnings, line 195)
+FAIL: gcc.dg/format-ext-3.c 2-digit year (test for warnings, line 212)
+FAIL: gcc.dg/format-ext-3.c bad %OP (test for warnings, line 213)
FAIL: gcc.dg/format-ext-3.c bad %-_ (test for warnings, line 215)
FAIL: gcc.dg/format-ext-3.c bad %-0 (test for warnings, line 216)
FAIL: gcc.dg/format-ext-3.c bad %_0 (test for warnings, line 217)
@@ -2174,8 +2097,8 @@
=== gcc Summary for h8300-sim/-mh ===
-# of expected passes 11560
-# of unexpected failures 1067
+# of expected passes 11597
+# of unexpected failures 1030
# of unexpected successes 2
# of expected failures 80
# of unresolved testcases 37
@@ -2195,12 +2118,6 @@
FAIL: gcc.c-torture/compile/20000606-1.c, -O3 -fomit-frame-pointer
FAIL: gcc.c-torture/compile/20000606-1.c, -O3 -g
FAIL: gcc.c-torture/compile/20000606-1.c, -Os
-FAIL: gcc.c-torture/compile/20000717-1.c, -O2
-FAIL: gcc.c-torture/compile/20000717-1.c, -O3 -fomit-frame-pointer
-FAIL: gcc.c-torture/compile/20000717-1.c, -O3 -fomit-frame-pointer -funroll-loops
-FAIL: gcc.c-torture/compile/20000717-1.c, -O3 -fomit-frame-pointer -funroll-all-loops -finline-functions
-FAIL: gcc.c-torture/compile/20000717-1.c, -O3 -g
-FAIL: gcc.c-torture/compile/20000717-1.c, -Os
FAIL: gcc.c-torture/compile/20000804-1.c, -O1
FAIL: gcc.c-torture/compile/20000804-1.c, -O2
FAIL: gcc.c-torture/compile/20000804-1.c, -O3 -fomit-frame-pointer
@@ -2232,41 +2149,17 @@
FAIL: gcc.c-torture/compile/981006-1.c, -O3 -fomit-frame-pointer -Wuninitialized -Werror -fpic
FAIL: gcc.c-torture/compile/981006-1.c, -O3 -g -Wuninitialized -Werror -fpic
FAIL: gcc.c-torture/compile/981006-1.c, -Os -Wuninitialized -Werror -fpic
-FAIL: gcc.c-torture/compile/990801-2.c, -O1
-FAIL: gcc.c-torture/compile/990801-2.c, -O2
-FAIL: gcc.c-torture/compile/990801-2.c, -O3 -fomit-frame-pointer
-FAIL: gcc.c-torture/compile/990801-2.c, -O3 -fomit-frame-pointer -funroll-loops
-FAIL: gcc.c-torture/compile/990801-2.c, -O3 -fomit-frame-pointer -funroll-all-loops -finline-functions
-FAIL: gcc.c-torture/compile/990801-2.c, -Os
FAIL: gcc.c-torture/compile/990913-1.c, -O2
FAIL: gcc.c-torture/compile/990913-1.c, -O3 -fomit-frame-pointer
FAIL: gcc.c-torture/compile/990913-1.c, -O3 -g
FAIL: gcc.c-torture/compile/990913-1.c, -Os
FAIL: gcc.c-torture/compile/991229-3.c, -O3 -fomit-frame-pointer -funroll-loops
FAIL: gcc.c-torture/compile/991229-3.c, -O3 -fomit-frame-pointer -funroll-all-loops -finline-functions
-FAIL: gcc.c-torture/compile/init-3.c, -O0
-FAIL: gcc.c-torture/compile/init-3.c, -O1
-FAIL: gcc.c-torture/compile/init-3.c, -O2
-FAIL: gcc.c-torture/compile/init-3.c, -O3 -fomit-frame-pointer
-FAIL: gcc.c-torture/compile/init-3.c, -O3 -g
-FAIL: gcc.c-torture/compile/init-3.c, -Os
-FAIL: gcc.c-torture/execute/20000225-1.c execution, -O2
-FAIL: gcc.c-torture/execute/20000225-1.c execution, -O3 -fomit-frame-pointer
-FAIL: gcc.c-torture/execute/20000225-1.c execution, -O3 -fomit-frame-pointer -funroll-loops
-FAIL: gcc.c-torture/execute/20000225-1.c execution, -O3 -fomit-frame-pointer -funroll-all-loops -finline-functions
-FAIL: gcc.c-torture/execute/20000225-1.c execution, -O3 -g
-FAIL: gcc.c-torture/execute/20000225-1.c execution, -Os
FAIL: gcc.c-torture/execute/20000412-2.c execution, -O1
FAIL: gcc.c-torture/execute/20000412-2.c execution, -O2
FAIL: gcc.c-torture/execute/20000412-2.c execution, -O3 -fomit-frame-pointer
FAIL: gcc.c-torture/execute/20000412-2.c execution, -O3 -g
FAIL: gcc.c-torture/execute/20000412-2.c execution, -Os
-FAIL: gcc.c-torture/execute/20000715-1.c execution, -O0
-FAIL: gcc.c-torture/execute/20000715-1.c execution, -O1
-FAIL: gcc.c-torture/execute/20000715-1.c execution, -O2
-FAIL: gcc.c-torture/execute/20000715-1.c execution, -O3 -fomit-frame-pointer
-FAIL: gcc.c-torture/execute/20000715-1.c execution, -O3 -g
-FAIL: gcc.c-torture/execute/20000715-1.c execution, -Os
FAIL: gcc.c-torture/execute/20000731-2.c execution, -O2
FAIL: gcc.c-torture/execute/20000731-2.c execution, -O3 -fomit-frame-pointer
FAIL: gcc.c-torture/execute/20000731-2.c execution, -O3 -fomit-frame-pointer -funroll-loops
@@ -2287,11 +2180,6 @@
FAIL: gcc.c-torture/execute/20001009-2.c execution, -O3 -fomit-frame-pointer -funroll-all-loops -finline-functions
FAIL: gcc.c-torture/execute/20001009-2.c execution, -O3 -g
FAIL: gcc.c-torture/execute/20001009-2.c execution, -Os
-FAIL: gcc.c-torture/execute/20001027-1.c execution, -O1
-FAIL: gcc.c-torture/execute/20001027-1.c execution, -O2
-FAIL: gcc.c-torture/execute/20001027-1.c execution, -O3 -fomit-frame-pointer
-FAIL: gcc.c-torture/execute/20001027-1.c execution, -O3 -g
-FAIL: gcc.c-torture/execute/20001027-1.c execution, -Os
FAIL: gcc.c-torture/execute/920730-1.c execution, -O0
FAIL: gcc.c-torture/execute/920730-1.c execution, -O1
FAIL: gcc.c-torture/execute/920730-1.c execution, -O2
@@ -2316,17 +2204,6 @@
FAIL: gcc.c-torture/execute/991030-1.c compilation, -O3 -fomit-frame-pointer
FAIL: gcc.c-torture/execute/991030-1.c compilation, -O3 -g
FAIL: gcc.c-torture/execute/991030-1.c compilation, -Os
-FAIL: gcc.c-torture/execute/991221-1.c execution, -O1
-FAIL: gcc.c-torture/execute/991221-1.c execution, -O2
-FAIL: gcc.c-torture/execute/991221-1.c execution, -O3 -fomit-frame-pointer
-FAIL: gcc.c-torture/execute/991221-1.c execution, -O3 -g
-FAIL: gcc.c-torture/execute/991221-1.c execution, -Os
-FAIL: gcc.c-torture/execute/991227-1.c execution, -O0
-FAIL: gcc.c-torture/execute/991227-1.c execution, -O1
-FAIL: gcc.c-torture/execute/991227-1.c execution, -O2
-FAIL: gcc.c-torture/execute/991227-1.c execution, -O3 -fomit-frame-pointer
-FAIL: gcc.c-torture/execute/991227-1.c execution, -O3 -g
-FAIL: gcc.c-torture/execute/991227-1.c execution, -Os
FAIL: gcc.c-torture/execute/align-1.c execution, -O0
FAIL: gcc.c-torture/execute/align-1.c execution, -O1
FAIL: gcc.c-torture/execute/align-1.c execution, -O2
@@ -3260,8 +3137,8 @@
=== gcc Summary for h8300-sim/-ms ===
-# of expected passes 11554
-# of unexpected failures 1073
+# of expected passes 11600
+# of unexpected failures 1027
# of unexpected successes 2
# of expected failures 80
# of unresolved testcases 37
@@ -3300,41 +3177,19 @@
FAIL: gcc.c-torture/compile/981006-1.c, -O3 -fomit-frame-pointer -Wuninitialized -Werror -fpic
FAIL: gcc.c-torture/compile/981006-1.c, -O3 -g -Wuninitialized -Werror -fpic
FAIL: gcc.c-torture/compile/981006-1.c, -Os -Wuninitialized -Werror -fpic
-FAIL: gcc.c-torture/compile/990801-2.c, -O1
-FAIL: gcc.c-torture/compile/990801-2.c, -O2
-FAIL: gcc.c-torture/compile/990801-2.c, -O3 -fomit-frame-pointer
-FAIL: gcc.c-torture/compile/990801-2.c, -O3 -fomit-frame-pointer -funroll-loops
-FAIL: gcc.c-torture/compile/990801-2.c, -O3 -fomit-frame-pointer -funroll-all-loops -finline-functions
-FAIL: gcc.c-torture/compile/990801-2.c, -Os
FAIL: gcc.c-torture/compile/990913-1.c, -O2
FAIL: gcc.c-torture/compile/990913-1.c, -O3 -fomit-frame-pointer
FAIL: gcc.c-torture/compile/990913-1.c, -O3 -g
FAIL: gcc.c-torture/compile/990913-1.c, -Os
FAIL: gcc.c-torture/compile/991229-3.c, -O3 -fomit-frame-pointer -funroll-loops
FAIL: gcc.c-torture/compile/991229-3.c, -O3 -fomit-frame-pointer -funroll-all-loops -finline-functions
-FAIL: gcc.c-torture/compile/init-3.c, -O0
-FAIL: gcc.c-torture/compile/init-3.c, -O1
-FAIL: gcc.c-torture/compile/init-3.c, -O2
-FAIL: gcc.c-torture/compile/init-3.c, -O3 -fomit-frame-pointer
-FAIL: gcc.c-torture/compile/init-3.c, -O3 -g
-FAIL: gcc.c-torture/compile/init-3.c, -Os
-FAIL: gcc.c-torture/execute/20000225-1.c execution, -O2
-FAIL: gcc.c-torture/execute/20000225-1.c execution, -O3 -fomit-frame-pointer
-FAIL: gcc.c-torture/execute/20000225-1.c execution, -O3 -fomit-frame-pointer -funroll-loops
-FAIL: gcc.c-torture/execute/20000225-1.c execution, -O3 -fomit-frame-pointer -funroll-all-loops -finline-functions
-FAIL: gcc.c-torture/execute/20000225-1.c execution, -O3 -g
-FAIL: gcc.c-torture/execute/20000225-1.c execution, -Os
+FAIL: gcc.c-torture/execute/20000313-1.c execution, -O3 -fomit-frame-pointer
+FAIL: gcc.c-torture/execute/20000313-1.c execution, -O3 -g
FAIL: gcc.c-torture/execute/20000412-2.c execution, -O1
FAIL: gcc.c-torture/execute/20000412-2.c execution, -O2
FAIL: gcc.c-torture/execute/20000412-2.c execution, -O3 -fomit-frame-pointer
FAIL: gcc.c-torture/execute/20000412-2.c execution, -O3 -g
FAIL: gcc.c-torture/execute/20000412-2.c execution, -Os
-FAIL: gcc.c-torture/execute/20000715-1.c execution, -O0
-FAIL: gcc.c-torture/execute/20000715-1.c execution, -O1
-FAIL: gcc.c-torture/execute/20000715-1.c execution, -O2
-FAIL: gcc.c-torture/execute/20000715-1.c execution, -O3 -fomit-frame-pointer
-FAIL: gcc.c-torture/execute/20000715-1.c execution, -O3 -g
-FAIL: gcc.c-torture/execute/20000715-1.c execution, -Os
FAIL: gcc.c-torture/execute/20000731-2.c execution, -O2
FAIL: gcc.c-torture/execute/20000731-2.c execution, -O3 -fomit-frame-pointer
FAIL: gcc.c-torture/execute/20000731-2.c execution, -O3 -fomit-frame-pointer -funroll-loops
@@ -3357,11 +3212,6 @@
FAIL: gcc.c-torture/execute/20001009-2.c execution, -O3 -fomit-frame-pointer -funroll-all-loops -finline-functions
FAIL: gcc.c-torture/execute/20001009-2.c execution, -O3 -g
FAIL: gcc.c-torture/execute/20001009-2.c execution, -Os
-FAIL: gcc.c-torture/execute/20001027-1.c execution, -O1
-FAIL: gcc.c-torture/execute/20001027-1.c execution, -O2
-FAIL: gcc.c-torture/execute/20001027-1.c execution, -O3 -fomit-frame-pointer
-FAIL: gcc.c-torture/execute/20001027-1.c execution, -O3 -g
-FAIL: gcc.c-torture/execute/20001027-1.c execution, -Os
FAIL: gcc.c-torture/execute/991014-1.c execution, -O0
FAIL: gcc.c-torture/execute/991014-1.c execution, -O1
FAIL: gcc.c-torture/execute/991014-1.c execution, -O2
@@ -3380,19 +3230,6 @@
FAIL: gcc.c-torture/execute/991202-3.c execution, -O3 -fomit-frame-pointer
FAIL: gcc.c-torture/execute/991202-3.c execution, -O3 -g
FAIL: gcc.c-torture/execute/991202-3.c execution, -Os
-FAIL: gcc.c-torture/execute/991216-4.c execution, -O2
-FAIL: gcc.c-torture/execute/991216-4.c execution, -Os
-FAIL: gcc.c-torture/execute/991221-1.c execution, -O1
-FAIL: gcc.c-torture/execute/991221-1.c execution, -O2
-FAIL: gcc.c-torture/execute/991221-1.c execution, -O3 -fomit-frame-pointer
-FAIL: gcc.c-torture/execute/991221-1.c execution, -O3 -g
-FAIL: gcc.c-torture/execute/991221-1.c execution, -Os
-FAIL: gcc.c-torture/execute/991227-1.c execution, -O0
-FAIL: gcc.c-torture/execute/991227-1.c execution, -O1
-FAIL: gcc.c-torture/execute/991227-1.c execution, -O2
-FAIL: gcc.c-torture/execute/991227-1.c execution, -O3 -fomit-frame-pointer
-FAIL: gcc.c-torture/execute/991227-1.c execution, -O3 -g
-FAIL: gcc.c-torture/execute/991227-1.c execution, -Os
FAIL: gcc.c-torture/execute/align-1.c execution, -O0
FAIL: gcc.c-torture/execute/align-1.c execution, -O1
FAIL: gcc.c-torture/execute/align-1.c execution, -O2
@@ -4319,8 +4156,8 @@
=== gcc Summary for h8300-sim/-mh -mint32 ===
-# of expected passes 11581
-# of unexpected failures 1046
+# of expected passes 11621
+# of unexpected failures 1006
# of unexpected successes 2
# of expected failures 80
# of unresolved testcases 37
@@ -4336,12 +4173,6 @@
FAIL: gcc.c-torture/compile/20000314-2.c, -Os
FAIL: gcc.c-torture/compile/20000329-1.c, -O3 -fomit-frame-pointer -funroll-loops
FAIL: gcc.c-torture/compile/20000329-1.c, -O3 -fomit-frame-pointer -funroll-all-loops -finline-functions
-FAIL: gcc.c-torture/compile/20000717-1.c, -O2
-FAIL: gcc.c-torture/compile/20000717-1.c, -O3 -fomit-frame-pointer
-FAIL: gcc.c-torture/compile/20000717-1.c, -O3 -fomit-frame-pointer -funroll-loops
-FAIL: gcc.c-torture/compile/20000717-1.c, -O3 -fomit-frame-pointer -funroll-all-loops -finline-functions
-FAIL: gcc.c-torture/compile/20000717-1.c, -O3 -g
-FAIL: gcc.c-torture/compile/20000717-1.c, -Os
FAIL: gcc.c-torture/compile/20000804-1.c, -O1
FAIL: gcc.c-torture/compile/20000804-1.c, -O2
FAIL: gcc.c-torture/compile/20000804-1.c, -O3 -fomit-frame-pointer
@@ -4365,41 +4196,19 @@
FAIL: gcc.c-torture/compile/981006-1.c, -O3 -fomit-frame-pointer -Wuninitialized -Werror -fpic
FAIL: gcc.c-torture/compile/981006-1.c, -O3 -g -Wuninitialized -Werror -fpic
FAIL: gcc.c-torture/compile/981006-1.c, -Os -Wuninitialized -Werror -fpic
-FAIL: gcc.c-torture/compile/990801-2.c, -O1
-FAIL: gcc.c-torture/compile/990801-2.c, -O2
-FAIL: gcc.c-torture/compile/990801-2.c, -O3 -fomit-frame-pointer
-FAIL: gcc.c-torture/compile/990801-2.c, -O3 -fomit-frame-pointer -funroll-loops
-FAIL: gcc.c-torture/compile/990801-2.c, -O3 -fomit-frame-pointer -funroll-all-loops -finline-functions
-FAIL: gcc.c-torture/compile/990801-2.c, -Os
FAIL: gcc.c-torture/compile/990913-1.c, -O2
FAIL: gcc.c-torture/compile/990913-1.c, -O3 -fomit-frame-pointer
FAIL: gcc.c-torture/compile/990913-1.c, -O3 -g
FAIL: gcc.c-torture/compile/990913-1.c, -Os
FAIL: gcc.c-torture/compile/991229-3.c, -O3 -fomit-frame-pointer -funroll-loops
FAIL: gcc.c-torture/compile/991229-3.c, -O3 -fomit-frame-pointer -funroll-all-loops -finline-functions
-FAIL: gcc.c-torture/compile/init-3.c, -O0
-FAIL: gcc.c-torture/compile/init-3.c, -O1
-FAIL: gcc.c-torture/compile/init-3.c, -O2
-FAIL: gcc.c-torture/compile/init-3.c, -O3 -fomit-frame-pointer
-FAIL: gcc.c-torture/compile/init-3.c, -O3 -g
-FAIL: gcc.c-torture/compile/init-3.c, -Os
-FAIL: gcc.c-torture/execute/20000225-1.c execution, -O2
-FAIL: gcc.c-torture/execute/20000225-1.c execution, -O3 -fomit-frame-pointer
-FAIL: gcc.c-torture/execute/20000225-1.c execution, -O3 -fomit-frame-pointer -funroll-loops
-FAIL: gcc.c-torture/execute/20000225-1.c execution, -O3 -fomit-frame-pointer -funroll-all-loops -finline-functions
-FAIL: gcc.c-torture/execute/20000225-1.c execution, -O3 -g
-FAIL: gcc.c-torture/execute/20000225-1.c execution, -Os
+FAIL: gcc.c-torture/execute/20000313-1.c execution, -O3 -fomit-frame-pointer
+FAIL: gcc.c-torture/execute/20000313-1.c execution, -O3 -g
FAIL: gcc.c-torture/execute/20000412-2.c execution, -O1
FAIL: gcc.c-torture/execute/20000412-2.c execution, -O2
FAIL: gcc.c-torture/execute/20000412-2.c execution, -O3 -fomit-frame-pointer
FAIL: gcc.c-torture/execute/20000412-2.c execution, -O3 -g
FAIL: gcc.c-torture/execute/20000412-2.c execution, -Os
-FAIL: gcc.c-torture/execute/20000715-1.c execution, -O0
-FAIL: gcc.c-torture/execute/20000715-1.c execution, -O1
-FAIL: gcc.c-torture/execute/20000715-1.c execution, -O2
-FAIL: gcc.c-torture/execute/20000715-1.c execution, -O3 -fomit-frame-pointer
-FAIL: gcc.c-torture/execute/20000715-1.c execution, -O3 -g
-FAIL: gcc.c-torture/execute/20000715-1.c execution, -Os
FAIL: gcc.c-torture/execute/20000731-2.c execution, -O2
FAIL: gcc.c-torture/execute/20000731-2.c execution, -O3 -fomit-frame-pointer
FAIL: gcc.c-torture/execute/20000731-2.c execution, -O3 -fomit-frame-pointer -funroll-loops
@@ -4422,11 +4231,6 @@
FAIL: gcc.c-torture/execute/20001009-2.c execution, -O3 -fomit-frame-pointer -funroll-all-loops -finline-functions
FAIL: gcc.c-torture/execute/20001009-2.c execution, -O3 -g
FAIL: gcc.c-torture/execute/20001009-2.c execution, -Os
-FAIL: gcc.c-torture/execute/20001027-1.c execution, -O1
-FAIL: gcc.c-torture/execute/20001027-1.c execution, -O2
-FAIL: gcc.c-torture/execute/20001027-1.c execution, -O3 -fomit-frame-pointer
-FAIL: gcc.c-torture/execute/20001027-1.c execution, -O3 -g
-FAIL: gcc.c-torture/execute/20001027-1.c execution, -Os
FAIL: gcc.c-torture/execute/991014-1.c execution, -O0
FAIL: gcc.c-torture/execute/991014-1.c execution, -O1
FAIL: gcc.c-torture/execute/991014-1.c execution, -O2
@@ -4445,19 +4249,6 @@
FAIL: gcc.c-torture/execute/991202-3.c execution, -O3 -fomit-frame-pointer
FAIL: gcc.c-torture/execute/991202-3.c execution, -O3 -g
FAIL: gcc.c-torture/execute/991202-3.c execution, -Os
-FAIL: gcc.c-torture/execute/991216-4.c execution, -O2
-FAIL: gcc.c-torture/execute/991216-4.c execution, -Os
-FAIL: gcc.c-torture/execute/991221-1.c execution, -O1
-FAIL: gcc.c-torture/execute/991221-1.c execution, -O2
-FAIL: gcc.c-torture/execute/991221-1.c execution, -O3 -fomit-frame-pointer
-FAIL: gcc.c-torture/execute/991221-1.c execution, -O3 -g
-FAIL: gcc.c-torture/execute/991221-1.c execution, -Os
-FAIL: gcc.c-torture/execute/991227-1.c execution, -O0
-FAIL: gcc.c-torture/execute/991227-1.c execution, -O1
-FAIL: gcc.c-torture/execute/991227-1.c execution, -O2
-FAIL: gcc.c-torture/execute/991227-1.c execution, -O3 -fomit-frame-pointer
-FAIL: gcc.c-torture/execute/991227-1.c execution, -O3 -g
-FAIL: gcc.c-torture/execute/991227-1.c execution, -Os
FAIL: gcc.c-torture/execute/align-1.c execution, -O0
FAIL: gcc.c-torture/execute/align-1.c execution, -O1
FAIL: gcc.c-torture/execute/align-1.c execution, -O2
@@ -5095,6 +4886,9 @@
FAIL: gcc.dg/format-ext-3.c bad %z (test for warnings, line 87)
FAIL: gcc.dg/format-ext-3.c bad %F (test for warnings, line 134)
FAIL: gcc.dg/format-ext-3.c bad %F (test for warnings, line 135)
+FAIL: gcc.dg/format-ext-3.c bad %y (test for warnings, line 195)
+FAIL: gcc.dg/format-ext-3.c 2-digit year (test for warnings, line 212)
+FAIL: gcc.dg/format-ext-3.c bad %OP (test for warnings, line 213)
FAIL: gcc.dg/format-ext-3.c bad %-_ (test for warnings, line 215)
FAIL: gcc.dg/format-ext-3.c bad %-0 (test for warnings, line 216)
FAIL: gcc.dg/format-ext-3.c bad %_0 (test for warnings, line 217)
@@ -5384,8 +5178,8 @@
=== gcc Summary for h8300-sim/ -ms -mint32 ===
-# of expected passes 11575
-# of unexpected failures 1052
+# of expected passes 11618
+# of unexpected failures 1009
# of unexpected successes 2
# of expected failures 80
# of unresolved testcases 37
@@ -5393,13 +5187,13 @@
=== gcc Summary ===
-# of expected passes 57810
-# of unexpected failures 5319
+# of expected passes 58016
+# of unexpected failures 5113
# of unexpected successes 10
# of expected failures 400
# of unresolved testcases 191
# of unsupported tests 1995
-/var/tmp/h8300-hms-gcc-2.95.2/gcc/xgcc version 2.95.2 19991024 (release)
+/var/tmp/h8300-hms-gcc-2.95.3.test4/gcc/xgcc version 2.95.3 20010219 (prerelease)
Host is i686-pc-linux-gnu
@@ -9819,7 +9613,6 @@
FAIL: g++.brendan/vtables1.C (test for excess errors)
FAIL: g++.bugs/891230_01.C (test for excess errors)
FAIL: g++.bugs/900107_01.C (test for excess errors)
-FAIL: g++.bugs/900119_01.C (test for excess errors)
XPASS: g++.bugs/900205_03.C (test for errors, line 28)
XPASS: g++.bugs/900205_03.C (test for errors, line 31)
FAIL: g++.bugs/900205_03.C (test for excess errors)
@@ -11149,8 +10942,8 @@
=== g++ Summary for h8300-sim/-mh -mint32 ===
-# of expected passes 3841
-# of unexpected failures 1423
+# of expected passes 3842
+# of unexpected failures 1422
# of unexpected successes 4
# of expected failures 898
# of untested testcases 25
@@ -11256,7 +11049,6 @@
FAIL: g++.brendan/vtables1.C (test for excess errors)
FAIL: g++.bugs/891230_01.C (test for excess errors)
FAIL: g++.bugs/900107_01.C (test for excess errors)
-FAIL: g++.bugs/900119_01.C (test for excess errors)
XPASS: g++.bugs/900205_03.C (test for errors, line 28)
XPASS: g++.bugs/900205_03.C (test for errors, line 31)
FAIL: g++.bugs/900205_03.C (test for excess errors)
@@ -12586,16 +12378,16 @@
=== g++ Summary for h8300-sim/ -ms -mint32 ===
-# of expected passes 3841
-# of unexpected failures 1423
+# of expected passes 3842
+# of unexpected failures 1422
# of unexpected successes 4
# of expected failures 898
# of untested testcases 25
=== g++ Summary ===
-# of expected passes 19204
-# of unexpected failures 7116
+# of expected passes 19206
+# of unexpected failures 7114
# of unexpected successes 20
# of expected failures 4490
# of untested testcases 125
@@ -15644,9 +15436,9 @@
# of unexpected failures 130
# of untested testcases 130
-/var/tmp/h8300-hms-gcc-2.95.2/gcc/xgcc version 2.95.2 19991024 (release)
+/var/tmp/h8300-hms-gcc-2.95.3.test4/gcc/xgcc version 2.95.3 20010219 (prerelease)
-Compiler version: 2.95.2 19991024 (release)
+Compiler version: 2.95.3 20010219 (prerelease)
Platform: h8300-hitachi-hms
-configure flags: --with-gcc-version-trigger=/home/kazu/gnu/gcc/gcc-2.95.2/gcc/version.c --host=i686-pc-linux-gnu --prefix=/usr/local --target=h8300-hms --enable-languages=c --with-newlib --norecursion
+configure flags: --with-gcc-version-trigger=/home/kazu/gnu/gcc/gcc-2.95.3.test4/gcc/version.c --host=i686-pc-linux-gnu --prefix=/usr/local --target=h8300-hms --enable-languages=c --with-newlib --norecursion
More information about the Gcc-testresults
mailing list