Results for 3.0 20010218 (prerelease) testsuite on hppa1.1-hp-hpux10.20
John David Anglin
dave@hiauly1.hia.nrc.ca
Tue Feb 20 08:14:00 GMT 2001
Native configuration is hppa1.1-hp-hpux10.20
=== gcc tests ===
Running target unix/-fPIC
FAIL: gcc.c-torture/compile/20000804-1.c, -O0
FAIL: gcc.c-torture/execute/20010119-1.c compilation, -O1
FAIL: gcc.c-torture/execute/20010119-1.c compilation, -O2
FAIL: gcc.c-torture/execute/20010119-1.c compilation, -O3 -fomit-frame-pointer
FAIL: gcc.c-torture/execute/20010119-1.c compilation, -O3 -fomit-frame-pointer -funroll-loops
FAIL: gcc.c-torture/execute/20010119-1.c compilation, -O3 -fomit-frame-pointer -funroll-all-loops -finline-functions
FAIL: gcc.c-torture/execute/20010119-1.c compilation, -O3 -g
FAIL: gcc.c-torture/execute/20010119-1.c compilation, -Os
FAIL: gcc.c-torture/execute/20010122-1.c execution, -O0
FAIL: gcc.c-torture/execute/20010122-1.c execution, -O1
FAIL: gcc.c-torture/execute/20010122-1.c execution, -O2
FAIL: gcc.c-torture/execute/20010122-1.c execution, -O3 -fomit-frame-pointer
FAIL: gcc.c-torture/execute/20010122-1.c execution, -O3 -fomit-frame-pointer -funroll-loops
FAIL: gcc.c-torture/execute/20010122-1.c execution, -O3 -fomit-frame-pointer -funroll-all-loops -finline-functions
FAIL: gcc.c-torture/execute/20010122-1.c execution, -O3 -g
FAIL: gcc.c-torture/execute/20010122-1.c execution, -Os
FAIL: gcc.c-torture/execute/20010123-1.c execution, -O0
FAIL: gcc.c-torture/execute/20010123-1.c execution, -O1
FAIL: gcc.c-torture/execute/20010123-1.c execution, -O2
FAIL: gcc.c-torture/execute/20010123-1.c execution, -O3 -fomit-frame-pointer
FAIL: gcc.c-torture/execute/20010123-1.c execution, -O3 -fomit-frame-pointer -funroll-loops
FAIL: gcc.c-torture/execute/20010123-1.c execution, -O3 -fomit-frame-pointer -funroll-all-loops -finline-functions
FAIL: gcc.c-torture/execute/20010123-1.c execution, -O3 -g
FAIL: gcc.c-torture/execute/20010123-1.c execution, -Os
FAIL: gcc.c-torture/execute/20010124-1.c execution, -O0
FAIL: gcc.c-torture/execute/20010124-1.c execution, -O1
FAIL: gcc.c-torture/execute/20010124-1.c execution, -O2
FAIL: gcc.c-torture/execute/20010124-1.c execution, -O3 -fomit-frame-pointer
FAIL: gcc.c-torture/execute/20010124-1.c execution, -O3 -g
FAIL: gcc.c-torture/execute/20010124-1.c execution, -Os
FAIL: gcc.c-torture/execute/921029-1.c execution, -O3 -fomit-frame-pointer
FAIL: gcc.c-torture/execute/921029-1.c execution, -O3 -g
FAIL: gcc.c-torture/execute/bf64-1.c execution, -O3 -fomit-frame-pointer
FAIL: gcc.c-torture/execute/bf64-1.c execution, -O3 -g
FAIL: gcc.c-torture/execute/builtin-abs-1.c compilation, -O1
FAIL: gcc.c-torture/execute/builtin-abs-2.c compilation, -O1
FAIL: gcc.c-torture/execute/strct-stdarg-1.c execution, -O0
FAIL: gcc.c-torture/execute/strct-stdarg-1.c execution, -O1
FAIL: gcc.c-torture/execute/strct-stdarg-1.c execution, -O2
FAIL: gcc.c-torture/execute/strct-stdarg-1.c execution, -O3 -fomit-frame-pointer
FAIL: gcc.c-torture/execute/strct-stdarg-1.c execution, -O3 -fomit-frame-pointer -funroll-loops
FAIL: gcc.c-torture/execute/strct-stdarg-1.c execution, -O3 -fomit-frame-pointer -funroll-all-loops -finline-functions
FAIL: gcc.c-torture/execute/strct-stdarg-1.c execution, -O3 -g
FAIL: gcc.c-torture/execute/strct-stdarg-1.c execution, -Os
FAIL: gcc.c-torture/execute/ieee/mzero2.c execution, -O1
FAIL: gcc.c-torture/execute/ieee/mzero2.c execution, -O2
FAIL: gcc.c-torture/execute/ieee/mzero2.c execution, -O3 -fomit-frame-pointer
FAIL: gcc.c-torture/execute/ieee/mzero2.c execution, -O3 -g
FAIL: gcc.c-torture/execute/ieee/mzero2.c execution, -Os
FAIL: gcc.dg/asm-names.c (test for excess errors)
FAIL: gcc.dg/sequence-pt-1.c sequence point warning (test for warnings, line 59)
=== gcc Summary for unix/-fPIC ===
# of expected passes 14884
# of unexpected failures 51
# of expected failures 78
# of unresolved testcases 12
# of unsupported tests 56
Running target unix
FAIL: gcc.c-torture/compile/20000804-1.c, -O0
FAIL: gcc.c-torture/execute/20010119-1.c compilation, -O1
FAIL: gcc.c-torture/execute/20010119-1.c compilation, -O2
FAIL: gcc.c-torture/execute/20010119-1.c compilation, -O3 -fomit-frame-pointer
FAIL: gcc.c-torture/execute/20010119-1.c compilation, -O3 -fomit-frame-pointer -funroll-loops
FAIL: gcc.c-torture/execute/20010119-1.c compilation, -O3 -fomit-frame-pointer -funroll-all-loops -finline-functions
FAIL: gcc.c-torture/execute/20010119-1.c compilation, -O3 -g
FAIL: gcc.c-torture/execute/20010119-1.c compilation, -Os
FAIL: gcc.c-torture/execute/20010122-1.c execution, -O0
FAIL: gcc.c-torture/execute/20010122-1.c execution, -O1
FAIL: gcc.c-torture/execute/20010122-1.c execution, -O2
FAIL: gcc.c-torture/execute/20010122-1.c execution, -O3 -fomit-frame-pointer
FAIL: gcc.c-torture/execute/20010122-1.c execution, -O3 -fomit-frame-pointer -funroll-loops
FAIL: gcc.c-torture/execute/20010122-1.c execution, -O3 -fomit-frame-pointer -funroll-all-loops -finline-functions
FAIL: gcc.c-torture/execute/20010122-1.c execution, -O3 -g
FAIL: gcc.c-torture/execute/20010122-1.c execution, -Os
FAIL: gcc.c-torture/execute/20010123-1.c execution, -O0
FAIL: gcc.c-torture/execute/20010123-1.c execution, -O1
FAIL: gcc.c-torture/execute/20010123-1.c execution, -O2
FAIL: gcc.c-torture/execute/20010123-1.c execution, -O3 -fomit-frame-pointer
FAIL: gcc.c-torture/execute/20010123-1.c execution, -O3 -fomit-frame-pointer -funroll-loops
FAIL: gcc.c-torture/execute/20010123-1.c execution, -O3 -fomit-frame-pointer -funroll-all-loops -finline-functions
FAIL: gcc.c-torture/execute/20010123-1.c execution, -O3 -g
FAIL: gcc.c-torture/execute/20010123-1.c execution, -Os
FAIL: gcc.c-torture/execute/20010124-1.c execution, -O0
FAIL: gcc.c-torture/execute/20010124-1.c execution, -O1
FAIL: gcc.c-torture/execute/20010124-1.c execution, -O2
FAIL: gcc.c-torture/execute/20010124-1.c execution, -O3 -fomit-frame-pointer
FAIL: gcc.c-torture/execute/20010124-1.c execution, -O3 -g
FAIL: gcc.c-torture/execute/20010124-1.c execution, -Os
FAIL: gcc.c-torture/execute/991118-1.c execution, -O3 -fomit-frame-pointer
FAIL: gcc.c-torture/execute/991118-1.c execution, -O3 -g
FAIL: gcc.c-torture/execute/bf64-1.c execution, -O3 -fomit-frame-pointer
FAIL: gcc.c-torture/execute/bf64-1.c execution, -O3 -g
FAIL: gcc.c-torture/execute/builtin-abs-1.c compilation, -O1
FAIL: gcc.c-torture/execute/builtin-abs-2.c compilation, -O1
FAIL: gcc.c-torture/execute/strct-stdarg-1.c execution, -O0
FAIL: gcc.c-torture/execute/strct-stdarg-1.c execution, -O1
FAIL: gcc.c-torture/execute/strct-stdarg-1.c execution, -O2
FAIL: gcc.c-torture/execute/strct-stdarg-1.c execution, -O3 -fomit-frame-pointer
FAIL: gcc.c-torture/execute/strct-stdarg-1.c execution, -O3 -fomit-frame-pointer -funroll-loops
FAIL: gcc.c-torture/execute/strct-stdarg-1.c execution, -O3 -fomit-frame-pointer -funroll-all-loops -finline-functions
FAIL: gcc.c-torture/execute/strct-stdarg-1.c execution, -O3 -g
FAIL: gcc.c-torture/execute/strct-stdarg-1.c execution, -Os
FAIL: gcc.c-torture/execute/ieee/mzero2.c execution, -O1
FAIL: gcc.c-torture/execute/ieee/mzero2.c execution, -O2
FAIL: gcc.c-torture/execute/ieee/mzero2.c execution, -O3 -fomit-frame-pointer
FAIL: gcc.c-torture/execute/ieee/mzero2.c execution, -O3 -g
FAIL: gcc.c-torture/execute/ieee/mzero2.c execution, -Os
FAIL: gcc.dg/asm-names.c (test for excess errors)
FAIL: gcc.dg/sequence-pt-1.c sequence point warning (test for warnings, line 59)
=== gcc Summary for unix ===
# of expected passes 14884
# of unexpected failures 51
# of expected failures 78
# of unresolved testcases 12
# of unsupported tests 56
=== gcc Summary ===
# of expected passes 29768
# of unexpected failures 102
# of expected failures 156
# of unresolved testcases 24
# of unsupported tests 112
/xxx/gnu/gcc-3.0/objdir/gcc/xgcc version 3.0 20010218 (prerelease)
=== g++ tests ===
Running target unix/-fPIC
FAIL: g++.dg/vtgc1.C scan-assembler .vtable_inherit[ ]*Multivv3 virtual table, 0
FAIL: g++.dg/vtgc1.C scan-assembler .vtable_inherit[ ]*Multivv3::Side0 virtual table, Side0 virtual table
FAIL: g++.dg/vtgc1.C scan-assembler .vtable_inherit[ ]*Multivv3::Base2 virtual table, Base2 virtual table
FAIL: g++.dg/vtgc1.C scan-assembler .vtable_inherit[ ]*Multiss2 virtual table, Base2 virtual table
FAIL: g++.dg/vtgc1.C scan-assembler .vtable_inherit[ ]*Multiss2::Side0 virtual table, Side0 virtual table
FAIL: g++.dg/vtgc1.C scan-assembler .vtable_inherit[ ]*Multivs1 virtual table, Base2 virtual table
FAIL: g++.dg/vtgc1.C scan-assembler .vtable_inherit[ ]*Multivs1::Side0 virtual table, Side0 virtual table
FAIL: g++.dg/vtgc1.C scan-assembler .vtable_inherit[ ]*Multisv0 virtual table, Side0 virtual table
FAIL: g++.dg/vtgc1.C scan-assembler .vtable_inherit[ ]*Multisv0::Base2 virtual table, Base2 virtual table
FAIL: g++.dg/vtgc1.C scan-assembler .vtable_inherit[ ]*Side0 virtual table, 0
FAIL: g++.dg/vtgc1.C scan-assembler .vtable_inherit[ ]*VbasedA virtual table, 0
FAIL: g++.dg/vtgc1.C scan-assembler .vtable_inherit[ ]*VbasedA::Base2 virtual table, Base2 virtual table
FAIL: g++.dg/vtgc1.C scan-assembler .vtable_inherit[ ]*Base2 virtual table, Base1 virtual table
FAIL: g++.dg/vtgc1.C scan-assembler .vtable_inherit[ ]*Base1 virtual table, Base0 virtual table
FAIL: g++.dg/vtgc1.C scan-assembler .vtable_inherit[ ]*Base0 virtual table, 0
FAIL: g++.abi/arraynew.C Execution test
FAIL: g++.abi/cxa_vec.C Execution test
FAIL: g++.abi/primary.C Execution test
FAIL: g++.abi/primary2.C Execution test
FAIL: g++.abi/primary3.C Execution test
FAIL: g++.abi/primary4.C Execution test
FAIL: g++.abi/primary5.C Execution test
FAIL: g++.abi/ptrflags.C Execution test
FAIL: g++.abi/ptrmem.C Execution test
FAIL: g++.abi/vbase1.C Execution test
FAIL: g++.abi/vmihint.C Execution test
FAIL: g++.abi/vtable.C Execution test
FAIL: g++.abi/vtable2.C Execution test
FAIL: g++.abi/vtable3a.C Execution test
FAIL: g++.abi/vtable3b.C Execution test
FAIL: g++.abi/vtable3c.C Execution test
FAIL: g++.abi/vtable3d.C Execution test
FAIL: g++.abi/vtable3e.C Execution test
FAIL: g++.abi/vtable3f.C Execution test
FAIL: g++.abi/vtable3g.C Execution test
FAIL: g++.abi/vtable3h.C Execution test
FAIL: g++.abi/vtable3i.C Execution test
FAIL: g++.abi/vtable3j.C Execution test
FAIL: g++.benjamin/15071.C (test for excess errors)
FAIL: g++.benjamin/typeid01.C Execution test
FAIL: g++.brendan/copy5.C Execution test
FAIL: g++.brendan/copy9.C (test for excess errors)
FAIL: g++.brendan/crash20.C (test for excess errors)
FAIL: g++.brendan/delete2.C Execution test
FAIL: g++.brendan/dtors2.C Execution test
FAIL: g++.brendan/dtors3.C Execution test
FAIL: g++.brendan/eh1.C Execution test
FAIL: g++.brendan/groff1.C Execution test
FAIL: g++.brendan/nest21.C (test for excess errors)
FAIL: g++.brendan/new3.C Execution test
FAIL: g++.brendan/overload2.C Execution test
FAIL: g++.brendan/ptolemy2.C (test for excess errors)
FAIL: g++.brendan/vtables1.C Execution test
FAIL: g++.bugs/900207_03.C Execution test
FAIL: g++.bugs/900321_02.C Execution test
FAIL: g++.bugs/900331_03.C Execution test
FAIL: g++.eh/badalloc1.C Execution test
FAIL: g++.eh/catch11.C Execution test
FAIL: g++.eh/catch12.C Execution test
FAIL: g++.eh/catch3.C Execution test
FAIL: g++.eh/catch3p.C Execution test
FAIL: g++.eh/catch4.C Execution test
FAIL: g++.eh/catch4p.C Execution test
FAIL: g++.eh/catch5.C Execution test
FAIL: g++.eh/catch5p.C Execution test
FAIL: g++.eh/catch6.C Execution test
FAIL: g++.eh/catch6p.C Execution test
FAIL: g++.eh/catch7.C Execution test
FAIL: g++.eh/catch7p.C Execution test
FAIL: g++.eh/catch8.C Execution test
FAIL: g++.eh/catch8p.C Execution test
FAIL: g++.eh/catch9.C Execution test
FAIL: g++.eh/catch9p.C Execution test
FAIL: g++.eh/catchptr1.C Execution test
FAIL: g++.eh/cleanup1.C Execution test
FAIL: g++.eh/cleanup2.C Execution test
FAIL: g++.eh/flow1.C Execution test
FAIL: g++.eh/fntry1.C Execution test
FAIL: g++.eh/new1.C Execution test
FAIL: g++.eh/new2.C Execution test
FAIL: g++.eh/pdel1.C Execution test
FAIL: g++.eh/pdel2.C Execution test
FAIL: g++.eh/ptr1.C Execution test
FAIL: g++.eh/rethrow1.C Execution test
FAIL: g++.eh/rethrow2.C Execution test
FAIL: g++.eh/rethrow3.C Execution test
FAIL: g++.eh/rethrow4.C Execution test
FAIL: g++.eh/rethrow5.C Execution test
FAIL: g++.eh/rethrow6.C Execution test
FAIL: g++.eh/spec1.C Execution test
FAIL: g++.eh/spec2.C Execution test
FAIL: g++.eh/spec3.C Execution test
FAIL: g++.eh/spec4.C Execution test
FAIL: g++.eh/tmpl1.C Execution test
FAIL: g++.eh/unwind1.C Execution test
FAIL: g++.eh/vbase1.C Execution test
FAIL: g++.eh/vbase2.C Execution test
FAIL: g++.eh/vbase4.C Execution test
FAIL: g++.ext/attrib5.C (test for excess errors)
FAIL: g++.ext/comint1.C Execution test
FAIL: g++.ext/delvoid.C Execution test
FAIL: g++.ext/instantiate1.C not instantiated (test for errors, line 18)
FAIL: g++.ext/instantiate1.C not instantiated (test for errors, line 20)
FAIL: g++.ext/instantiate2.C not instantiated (test for errors, line 16)
FAIL: g++.ext/instantiate3.C not instantiated (test for errors, line 13)
FAIL: g++.jason/2371.C (test for excess errors)
FAIL: g++.jason/dcast2.C Execution test
FAIL: g++.jason/dcast3.C Execution test
FAIL: g++.jason/dtor5.C Execution test
FAIL: g++.jason/init3.C Execution test
FAIL: g++.jason/mi.C Execution test
FAIL: g++.jason/new2.C Execution test
FAIL: g++.jason/new4.C Execution test
FAIL: g++.jason/new5.C Execution test
FAIL: g++.jason/opeq5.C Execution test
FAIL: g++.jason/overload13.C Execution test
FAIL: g++.jason/parse12.C Execution test
FAIL: g++.jason/pmf7.C Execution test
FAIL: g++.jason/ref10.C Execution test
FAIL: g++.jason/ref11.C Execution test
FAIL: g++.jason/ref8.C Execution test
FAIL: g++.jason/ref9.C Execution test
FAIL: g++.jason/rvalue1.C Execution test
FAIL: g++.jason/synth5.C Execution test
FAIL: g++.jason/template24.C (test for excess errors)
FAIL: g++.jason/template31.C (test for excess errors)
FAIL: g++.jason/template40.C Execution test
FAIL: g++.jason/template41.C Execution test
FAIL: g++.jason/thunk1.C Execution test
FAIL: g++.jason/thunk2.C Execution test
FAIL: g++.jason/thunk3.C Execution test
FAIL: g++.jason/typeid1.C (test for excess errors)
FAIL: g++.jason/typeid2.C Execution test
FAIL: g++.jason/vecdel.C Execution test
FAIL: g++.jason/virtual2.C Execution test
FAIL: g++.law/arg8.C (test for excess errors)
FAIL: g++.law/array1.C Execution test
FAIL: g++.law/code-gen2.C Execution test
FAIL: g++.law/code-gen5.C (test for excess errors)
FAIL: g++.law/ctors12.C (test for excess errors)
FAIL: g++.law/ctors15.C Execution test
FAIL: g++.law/ctors4.C Execution test
FAIL: g++.law/ctors6.C (test for excess errors)
FAIL: g++.law/ctors8.C Execution test
FAIL: g++.law/cvt2.C (test for excess errors)
FAIL: g++.law/operators15.C Execution test
FAIL: g++.law/operators23.C Execution test
FAIL: g++.law/operators27.C Execution test
FAIL: g++.law/operators4.C (test for excess errors)
FAIL: g++.law/operators8.C Execution test
FAIL: g++.law/profile1.C caused compiler crash
FAIL: g++.law/scope2.C Execution test
FAIL: g++.law/virtual2.C Execution test
FAIL: g++.law/virtual3.C (test for excess errors)
FAIL: g++.law/virtual4.C Execution test
FAIL: g++.law/vtable3.C Execution test
FAIL: g++.martin/bitset1.C (test for excess errors)
FAIL: g++.martin/eval1.C Execution test
FAIL: g++.martin/new1.C Execution test
FAIL: g++.martin/pmf1.C Execution test
FAIL: g++.martin/pmf2.C Execution test
FAIL: g++.mike/align1.C Execution test
FAIL: g++.mike/align2.C Execution test
FAIL: g++.mike/dyncast1.C Execution test
FAIL: g++.mike/dyncast2.C Execution test
FAIL: g++.mike/dyncast3.C Execution test
FAIL: g++.mike/dyncast5.C Execution test
FAIL: g++.mike/dyncast7.C Execution test
FAIL: g++.mike/dyncast8.C Execution test
FAIL: g++.mike/dyncast9.C Execution test
FAIL: g++.mike/eh10.C Execution test
FAIL: g++.mike/eh12.C Execution test
FAIL: g++.mike/eh14.C Execution test
FAIL: g++.mike/eh16.C Execution test
FAIL: g++.mike/eh17.C Execution test
FAIL: g++.mike/eh18.C Execution test
FAIL: g++.mike/eh2.C (test for excess errors)
FAIL: g++.mike/eh21.C Execution test
FAIL: g++.mike/eh23.C Execution test
FAIL: g++.mike/eh24.C Execution test
FAIL: g++.mike/eh25.C Execution test
FAIL: g++.mike/eh26.C Execution test
FAIL: g++.mike/eh27.C Execution test
FAIL: g++.mike/eh28.C Execution test
FAIL: g++.mike/eh29.C Execution test
FAIL: g++.mike/eh3.C Execution test
FAIL: g++.mike/eh31.C Execution test
XPASS: g++.mike/eh33.C (test for excess errors)
FAIL: g++.mike/eh34.C Execution test
FAIL: g++.mike/eh35.C Execution test
FAIL: g++.mike/eh36.C Execution test
FAIL: g++.mike/eh37.C Execution test
FAIL: g++.mike/eh38.C Execution test
FAIL: g++.mike/eh39.C Execution test
FAIL: g++.mike/eh40.C Execution test
FAIL: g++.mike/eh41.C Execution test
FAIL: g++.mike/eh42.C Execution test
FAIL: g++.mike/eh44.C Execution test
FAIL: g++.mike/eh45.C Execution test
FAIL: g++.mike/eh47.C Execution test
FAIL: g++.mike/eh48.C Execution test
FAIL: g++.mike/eh49.C Execution test
FAIL: g++.mike/eh5.C Execution test
XPASS: g++.mike/eh50.C (test for excess errors)
FAIL: g++.mike/eh51.C Execution test
FAIL: g++.mike/eh55.C Execution test
FAIL: g++.mike/eh6.C Execution test
FAIL: g++.mike/eh8.C Execution test
FAIL: g++.mike/mi1.C Execution test
FAIL: g++.mike/mi2.C Execution test
FAIL: g++.mike/misc13.C Execution test
FAIL: g++.mike/misc14.C Execution test
FAIL: g++.mike/net15.C Execution test
FAIL: g++.mike/net17.C Execution test
FAIL: g++.mike/net21.C Execution test
FAIL: g++.mike/net26.C Execution test
FAIL: g++.mike/net34.C (test for excess errors)
FAIL: g++.mike/net35.C Execution test
FAIL: g++.mike/net38.C Execution test
FAIL: g++.mike/net39.C Execution test
FAIL: g++.mike/net40.C Execution test
FAIL: g++.mike/net46.C (test for excess errors)
FAIL: g++.mike/offset1.C Execution test
FAIL: g++.mike/p10148.C Execution test
FAIL: g++.mike/p10849a.C Execution test
FAIL: g++.mike/p11667.C Execution test
FAIL: g++.mike/p12306a.C Execution test
FAIL: g++.mike/p1248.C Execution test
FAIL: g++.mike/p1567.C Execution test
FAIL: g++.mike/p16146.C Execution test
FAIL: g++.mike/p1862.C Execution test
FAIL: g++.mike/p2846.C Execution test
FAIL: g++.mike/p2846a.C Execution test
FAIL: g++.mike/p2846b.C Execution test
FAIL: g++.mike/p2960.C Execution test
FAIL: g++.mike/p3041.C Execution test
FAIL: g++.mike/p3068.C Execution test
FAIL: g++.mike/p3139.C Execution test
FAIL: g++.mike/p3708.C Execution test
FAIL: g++.mike/p3708a.C Execution test
FAIL: g++.mike/p3708b.C Execution test
FAIL: g++.mike/p4246.C Execution test
FAIL: g++.mike/p4511.C Execution test
FAIL: g++.mike/p4623.C Execution test
FAIL: g++.mike/p4667.C Execution test
FAIL: g++.mike/p4736a.C Execution test
FAIL: g++.mike/p4736b.C Execution test
FAIL: g++.mike/p4736c.C Execution test
FAIL: g++.mike/p5571.C Execution test
FAIL: g++.mike/p658.C (test for excess errors)
FAIL: g++.mike/p6610a.C Execution test
FAIL: g++.mike/p6610b.C Execution test
FAIL: g++.mike/p6927.C Execution test
FAIL: g++.mike/p755.C Execution test
FAIL: g++.mike/p755a.C Execution test
FAIL: g++.mike/p789.C Execution test
FAIL: g++.mike/p789a.C Execution test
FAIL: g++.mike/p7912.C Execution test
FAIL: g++.mike/p8018.C Execution test
FAIL: g++.mike/p8155.C Execution test
FAIL: g++.mike/p9706.C Execution test
FAIL: g++.mike/pmf2.C Execution test
FAIL: g++.mike/pmf8.C Execution test
FAIL: g++.mike/pmf9.C Execution test
FAIL: g++.mike/pt1.C - Execution test
FAIL: g++.mike/pt2.C Execution test
FAIL: g++.mike/rtti3.C Execution test
FAIL: g++.mike/thunk2.C Execution test
FAIL: g++.mike/thunk3.C Execution test
FAIL: g++.mike/virt2.C Execution test
FAIL: g++.mike/virt4.C Execution test
FAIL: g++.mike/virt5.C Execution test
FAIL: g++.mike/virt6.C Execution test
FAIL: g++.ns/new1.C Execution test
FAIL: g++.ns/template9.C Execution test
FAIL: g++.oliva/delete2.C Execution test
FAIL: g++.oliva/delete3.C Execution test
FAIL: g++.oliva/delete4.C Execution test
FAIL: g++.oliva/delete5.C Execution test
FAIL: g++.oliva/new1.C Execution test
FAIL: g++.oliva/thunk1.C Execution test
FAIL: g++.other/array1.C Execution test
FAIL: g++.other/badopt1.C Execution test
FAIL: g++.other/comdat1.C Execution test
FAIL: g++.other/crash18.C (test for excess errors)
FAIL: g++.other/crash31.C parse error (test for errors, line 11)
FAIL: g++.other/crash31.C (test for excess errors)
FAIL: g++.other/delete3.C Execution test
FAIL: g++.other/delete7.C Execution test
FAIL: g++.other/dtor1.C Execution test
FAIL: g++.other/dtor5.C Execution test
FAIL: g++.other/dtor9.C Execution test
FAIL: g++.other/dyncast1.C Execution test
FAIL: g++.other/dyncast2.C Execution test
FAIL: g++.other/dyncast3.C Execution test
FAIL: g++.other/dyncast4.C Execution test
FAIL: g++.other/dyncast5.C Execution test
FAIL: g++.other/dyncast6.C Execution test
FAIL: g++.other/eh3.C Execution test
FAIL: g++.other/headers1.C (test for excess errors)
FAIL: g++.other/init7.C Execution test
FAIL: g++.other/inline7.C Execution test
FAIL: g++.other/inline8.C Execution test
FAIL: g++.other/local3.C Execution test
FAIL: g++.other/new3.C Execution test
FAIL: g++.other/new5.C Execution test
FAIL: g++.other/pmf4.C Execution test
FAIL: g++.other/pmf5.C Execution test
FAIL: g++.other/rtti1.C Execution test
FAIL: g++.other/rtti2.C Execution test
FAIL: g++.other/rtti3.C Execution test
FAIL: g++.other/rtti4.C Execution test
FAIL: g++.other/rttid3.C Execution test
FAIL: g++.other/rttid4.C Execution test
FAIL: g++.other/sibcall1.C (test for excess errors)
FAIL: g++.other/singleton.C Execution test
FAIL: g++.other/vbase1.C Execution test
FAIL: g++.other/vbase2.C Execution test
FAIL: g++.other/vbase5.C Execution test
FAIL: g++.other/virtual2.C Execution test
FAIL: g++.other/virtual3.C Execution test
FAIL: g++.other/virtual8.C Execution test
FAIL: g++.other/virtual9.C Execution test
FAIL: g++.other/vtbl2.C Execution test
FAIL: g++.pt/explicit55.C Execution test
FAIL: g++.pt/explicit56.C Execution test
FAIL: g++.pt/expr1.C Execution test
FAIL: g++.pt/fntry1.C Execution test
FAIL: g++.pt/local6.C Execution test
FAIL: g++.pt/memclass4.C Execution test
FAIL: g++.pt/mi1.C Execution test
FAIL: g++.pt/spec3.C Execution test
FAIL: g++.pt/spec30.C Execution test
FAIL: g++.pt/static11.C Execution test
XPASS: g++.pt/static3.C (test for excess errors)
XPASS: g++.pt/static3.C Execution test
XPASS: g++.pt/static6.C (test for excess errors)
FAIL: g++.pt/static8.C Execution test
FAIL: g++.pt/vbase1.C Execution test
FAIL: g++.pt/virtual1.C Execution test
FAIL: g++.pt/virtual4.C Execution test
FAIL: g++.robertl/eb102.C Execution test
FAIL: g++.robertl/eb104.C Execution test
FAIL: g++.robertl/eb114.C Execution test
FAIL: g++.robertl/eb115.C (test for excess errors)
FAIL: g++.robertl/eb118.C (test for excess errors)
FAIL: g++.robertl/eb126.C Execution test
FAIL: g++.robertl/eb21.C (test for excess errors)
FAIL: g++.robertl/eb27.C (test for excess errors)
FAIL: g++.robertl/eb3.C (test for excess errors)
FAIL: g++.robertl/eb31.C (test for excess errors)
FAIL: g++.robertl/eb41.C (test for excess errors)
FAIL: g++.robertl/eb44.C (test for excess errors)
FAIL: g++.robertl/eb46.C (test for excess errors)
FAIL: g++.robertl/eb50.C Execution test
FAIL: g++.robertl/eb54.C (test for excess errors)
FAIL: g++.robertl/eb58.C Execution test
FAIL: g++.robertl/eb63.C Execution test
FAIL: g++.robertl/eb66.C (test for excess errors)
FAIL: g++.robertl/eb73.C (test for excess errors)
FAIL: g++.robertl/eb77.C (test for excess errors)
FAIL: g++.robertl/eb88.C Execution test
FAIL: g++.robertl/eh990323-1.C Execution test
FAIL: g++.robertl/eh990323-2.C Execution test
FAIL: g++.robertl/eh990323-3.C Execution test
FAIL: g++.robertl/eh990323-4.C Execution test
FAIL: g++.robertl/eh990323-5.C Execution test
FAIL: g++.robertl/ice990323-2.C Execution test
=== g++ Summary for unix/-fPIC ===
# of expected passes 5991
# of unexpected failures 363
# of unexpected successes 5
# of expected failures 120
# of untested testcases 19
Running target unix
FAIL: g++.dg/vtgc1.C scan-assembler .vtable_inherit[ ]*Multivv3 virtual table, 0
FAIL: g++.dg/vtgc1.C scan-assembler .vtable_inherit[ ]*Multivv3::Side0 virtual table, Side0 virtual table
FAIL: g++.dg/vtgc1.C scan-assembler .vtable_inherit[ ]*Multivv3::Base2 virtual table, Base2 virtual table
FAIL: g++.dg/vtgc1.C scan-assembler .vtable_inherit[ ]*Multiss2 virtual table, Base2 virtual table
FAIL: g++.dg/vtgc1.C scan-assembler .vtable_inherit[ ]*Multiss2::Side0 virtual table, Side0 virtual table
FAIL: g++.dg/vtgc1.C scan-assembler .vtable_inherit[ ]*Multivs1 virtual table, Base2 virtual table
FAIL: g++.dg/vtgc1.C scan-assembler .vtable_inherit[ ]*Multivs1::Side0 virtual table, Side0 virtual table
FAIL: g++.dg/vtgc1.C scan-assembler .vtable_inherit[ ]*Multisv0 virtual table, Side0 virtual table
FAIL: g++.dg/vtgc1.C scan-assembler .vtable_inherit[ ]*Multisv0::Base2 virtual table, Base2 virtual table
FAIL: g++.dg/vtgc1.C scan-assembler .vtable_inherit[ ]*Side0 virtual table, 0
FAIL: g++.dg/vtgc1.C scan-assembler .vtable_inherit[ ]*VbasedA virtual table, 0
FAIL: g++.dg/vtgc1.C scan-assembler .vtable_inherit[ ]*VbasedA::Base2 virtual table, Base2 virtual table
FAIL: g++.dg/vtgc1.C scan-assembler .vtable_inherit[ ]*Base2 virtual table, Base1 virtual table
FAIL: g++.dg/vtgc1.C scan-assembler .vtable_inherit[ ]*Base1 virtual table, Base0 virtual table
FAIL: g++.dg/vtgc1.C scan-assembler .vtable_inherit[ ]*Base0 virtual table, 0
FAIL: g++.abi/arraynew.C Execution test
FAIL: g++.abi/cxa_vec.C Execution test
FAIL: g++.abi/primary.C Execution test
FAIL: g++.abi/primary2.C Execution test
FAIL: g++.abi/primary3.C Execution test
FAIL: g++.abi/primary4.C Execution test
FAIL: g++.abi/primary5.C Execution test
FAIL: g++.abi/ptrflags.C Execution test
FAIL: g++.abi/ptrmem.C Execution test
FAIL: g++.abi/vbase1.C Execution test
FAIL: g++.abi/vmihint.C Execution test
FAIL: g++.abi/vtable.C Execution test
FAIL: g++.abi/vtable2.C Execution test
FAIL: g++.abi/vtable3a.C Execution test
FAIL: g++.abi/vtable3b.C Execution test
FAIL: g++.abi/vtable3c.C Execution test
FAIL: g++.abi/vtable3d.C Execution test
FAIL: g++.abi/vtable3e.C Execution test
FAIL: g++.abi/vtable3f.C Execution test
FAIL: g++.abi/vtable3g.C Execution test
FAIL: g++.abi/vtable3h.C Execution test
FAIL: g++.abi/vtable3i.C Execution test
FAIL: g++.abi/vtable3j.C Execution test
FAIL: g++.benjamin/15071.C (test for excess errors)
FAIL: g++.benjamin/typeid01.C Execution test
FAIL: g++.brendan/copy5.C Execution test
FAIL: g++.brendan/copy9.C (test for excess errors)
FAIL: g++.brendan/crash20.C (test for excess errors)
FAIL: g++.brendan/delete2.C Execution test
FAIL: g++.brendan/dtors2.C Execution test
FAIL: g++.brendan/dtors3.C Execution test
FAIL: g++.brendan/eh1.C Execution test
FAIL: g++.brendan/groff1.C Execution test
FAIL: g++.brendan/nest21.C (test for excess errors)
FAIL: g++.brendan/new3.C Execution test
FAIL: g++.brendan/overload2.C Execution test
FAIL: g++.brendan/ptolemy2.C (test for excess errors)
FAIL: g++.brendan/vtables1.C Execution test
FAIL: g++.bugs/900207_03.C Execution test
FAIL: g++.bugs/900321_02.C Execution test
FAIL: g++.bugs/900331_03.C Execution test
FAIL: g++.eh/badalloc1.C Execution test
FAIL: g++.eh/catch11.C Execution test
FAIL: g++.eh/catch12.C Execution test
FAIL: g++.eh/catch3.C Execution test
FAIL: g++.eh/catch3p.C Execution test
FAIL: g++.eh/catch4.C Execution test
FAIL: g++.eh/catch4p.C Execution test
FAIL: g++.eh/catch5.C Execution test
FAIL: g++.eh/catch5p.C Execution test
FAIL: g++.eh/catch6.C Execution test
FAIL: g++.eh/catch6p.C Execution test
FAIL: g++.eh/catch7.C Execution test
FAIL: g++.eh/catch7p.C Execution test
FAIL: g++.eh/catch8.C Execution test
FAIL: g++.eh/catch8p.C Execution test
FAIL: g++.eh/catch9.C Execution test
FAIL: g++.eh/catch9p.C Execution test
FAIL: g++.eh/catchptr1.C Execution test
FAIL: g++.eh/cleanup1.C Execution test
FAIL: g++.eh/cleanup2.C Execution test
FAIL: g++.eh/flow1.C Execution test
FAIL: g++.eh/fntry1.C Execution test
FAIL: g++.eh/new1.C Execution test
FAIL: g++.eh/new2.C Execution test
FAIL: g++.eh/pdel1.C Execution test
FAIL: g++.eh/pdel2.C Execution test
FAIL: g++.eh/ptr1.C Execution test
FAIL: g++.eh/rethrow1.C Execution test
FAIL: g++.eh/rethrow2.C Execution test
FAIL: g++.eh/rethrow3.C Execution test
FAIL: g++.eh/rethrow4.C Execution test
FAIL: g++.eh/rethrow5.C Execution test
FAIL: g++.eh/rethrow6.C Execution test
FAIL: g++.eh/spec1.C Execution test
FAIL: g++.eh/spec2.C Execution test
FAIL: g++.eh/spec3.C Execution test
FAIL: g++.eh/spec4.C Execution test
FAIL: g++.eh/tmpl1.C Execution test
FAIL: g++.eh/unwind1.C Execution test
FAIL: g++.eh/vbase1.C Execution test
FAIL: g++.eh/vbase2.C Execution test
FAIL: g++.eh/vbase4.C Execution test
FAIL: g++.ext/attrib5.C (test for excess errors)
FAIL: g++.ext/comint1.C Execution test
FAIL: g++.ext/delvoid.C Execution test
FAIL: g++.ext/instantiate1.C not instantiated (test for errors, line 18)
FAIL: g++.ext/instantiate1.C not instantiated (test for errors, line 20)
FAIL: g++.ext/instantiate2.C not instantiated (test for errors, line 16)
FAIL: g++.ext/instantiate3.C not instantiated (test for errors, line 13)
FAIL: g++.jason/2371.C (test for excess errors)
FAIL: g++.jason/dcast2.C Execution test
FAIL: g++.jason/dcast3.C Execution test
FAIL: g++.jason/dtor5.C Execution test
FAIL: g++.jason/init3.C Execution test
FAIL: g++.jason/mi.C Execution test
FAIL: g++.jason/new2.C Execution test
FAIL: g++.jason/new4.C Execution test
FAIL: g++.jason/new5.C Execution test
FAIL: g++.jason/opeq5.C Execution test
FAIL: g++.jason/overload13.C Execution test
FAIL: g++.jason/parse12.C Execution test
FAIL: g++.jason/pmf7.C Execution test
FAIL: g++.jason/ref10.C Execution test
FAIL: g++.jason/ref11.C Execution test
FAIL: g++.jason/ref8.C Execution test
FAIL: g++.jason/ref9.C Execution test
FAIL: g++.jason/rvalue1.C Execution test
FAIL: g++.jason/synth5.C Execution test
FAIL: g++.jason/template24.C (test for excess errors)
FAIL: g++.jason/template31.C (test for excess errors)
FAIL: g++.jason/template40.C Execution test
FAIL: g++.jason/template41.C Execution test
FAIL: g++.jason/thunk1.C Execution test
FAIL: g++.jason/thunk2.C Execution test
FAIL: g++.jason/thunk3.C Execution test
FAIL: g++.jason/typeid1.C (test for excess errors)
FAIL: g++.jason/typeid2.C Execution test
FAIL: g++.jason/vecdel.C Execution test
FAIL: g++.jason/virtual2.C Execution test
FAIL: g++.law/arg8.C (test for excess errors)
FAIL: g++.law/array1.C Execution test
FAIL: g++.law/code-gen2.C Execution test
FAIL: g++.law/code-gen5.C (test for excess errors)
FAIL: g++.law/ctors12.C (test for excess errors)
FAIL: g++.law/ctors15.C Execution test
FAIL: g++.law/ctors4.C Execution test
FAIL: g++.law/ctors6.C (test for excess errors)
FAIL: g++.law/ctors8.C Execution test
FAIL: g++.law/cvt2.C (test for excess errors)
FAIL: g++.law/operators15.C Execution test
FAIL: g++.law/operators23.C Execution test
FAIL: g++.law/operators27.C Execution test
FAIL: g++.law/operators4.C (test for excess errors)
FAIL: g++.law/operators8.C Execution test
FAIL: g++.law/scope2.C Execution test
FAIL: g++.law/virtual2.C Execution test
FAIL: g++.law/virtual3.C (test for excess errors)
FAIL: g++.law/virtual4.C Execution test
FAIL: g++.law/vtable3.C Execution test
FAIL: g++.martin/bitset1.C (test for excess errors)
FAIL: g++.martin/eval1.C Execution test
FAIL: g++.martin/new1.C Execution test
FAIL: g++.martin/pmf1.C Execution test
FAIL: g++.martin/pmf2.C Execution test
FAIL: g++.mike/align1.C Execution test
FAIL: g++.mike/align2.C Execution test
FAIL: g++.mike/dyncast1.C Execution test
FAIL: g++.mike/dyncast2.C Execution test
FAIL: g++.mike/dyncast3.C Execution test
FAIL: g++.mike/dyncast5.C Execution test
FAIL: g++.mike/dyncast7.C Execution test
FAIL: g++.mike/dyncast8.C Execution test
FAIL: g++.mike/dyncast9.C Execution test
FAIL: g++.mike/eh10.C Execution test
FAIL: g++.mike/eh12.C Execution test
FAIL: g++.mike/eh14.C Execution test
FAIL: g++.mike/eh16.C Execution test
FAIL: g++.mike/eh17.C Execution test
FAIL: g++.mike/eh18.C Execution test
FAIL: g++.mike/eh2.C (test for excess errors)
FAIL: g++.mike/eh21.C Execution test
FAIL: g++.mike/eh23.C Execution test
FAIL: g++.mike/eh24.C Execution test
FAIL: g++.mike/eh25.C Execution test
FAIL: g++.mike/eh26.C Execution test
FAIL: g++.mike/eh27.C Execution test
FAIL: g++.mike/eh28.C Execution test
FAIL: g++.mike/eh29.C Execution test
FAIL: g++.mike/eh3.C Execution test
FAIL: g++.mike/eh31.C Execution test
XPASS: g++.mike/eh33.C (test for excess errors)
FAIL: g++.mike/eh34.C Execution test
FAIL: g++.mike/eh35.C Execution test
FAIL: g++.mike/eh36.C Execution test
FAIL: g++.mike/eh37.C Execution test
FAIL: g++.mike/eh38.C Execution test
FAIL: g++.mike/eh39.C Execution test
FAIL: g++.mike/eh40.C Execution test
FAIL: g++.mike/eh41.C Execution test
FAIL: g++.mike/eh42.C Execution test
FAIL: g++.mike/eh44.C Execution test
FAIL: g++.mike/eh45.C Execution test
FAIL: g++.mike/eh47.C Execution test
FAIL: g++.mike/eh48.C Execution test
FAIL: g++.mike/eh49.C Execution test
FAIL: g++.mike/eh5.C Execution test
XPASS: g++.mike/eh50.C (test for excess errors)
FAIL: g++.mike/eh51.C Execution test
FAIL: g++.mike/eh55.C Execution test
FAIL: g++.mike/eh6.C Execution test
FAIL: g++.mike/eh8.C Execution test
FAIL: g++.mike/mi1.C Execution test
FAIL: g++.mike/mi2.C Execution test
FAIL: g++.mike/misc13.C Execution test
FAIL: g++.mike/misc14.C Execution test
FAIL: g++.mike/net15.C Execution test
FAIL: g++.mike/net17.C Execution test
FAIL: g++.mike/net21.C Execution test
FAIL: g++.mike/net26.C Execution test
FAIL: g++.mike/net34.C (test for excess errors)
FAIL: g++.mike/net35.C Execution test
FAIL: g++.mike/net38.C Execution test
FAIL: g++.mike/net39.C Execution test
FAIL: g++.mike/net40.C Execution test
FAIL: g++.mike/net46.C (test for excess errors)
FAIL: g++.mike/offset1.C Execution test
FAIL: g++.mike/p10148.C Execution test
FAIL: g++.mike/p10849a.C Execution test
FAIL: g++.mike/p11667.C Execution test
FAIL: g++.mike/p12306a.C Execution test
FAIL: g++.mike/p1248.C Execution test
FAIL: g++.mike/p1567.C Execution test
FAIL: g++.mike/p16146.C Execution test
FAIL: g++.mike/p1862.C Execution test
FAIL: g++.mike/p2846.C Execution test
FAIL: g++.mike/p2846a.C Execution test
FAIL: g++.mike/p2846b.C Execution test
FAIL: g++.mike/p2960.C Execution test
FAIL: g++.mike/p3041.C Execution test
FAIL: g++.mike/p3068.C Execution test
FAIL: g++.mike/p3139.C Execution test
FAIL: g++.mike/p3708.C Execution test
FAIL: g++.mike/p3708a.C Execution test
FAIL: g++.mike/p3708b.C Execution test
FAIL: g++.mike/p4246.C Execution test
FAIL: g++.mike/p4511.C Execution test
FAIL: g++.mike/p4623.C Execution test
FAIL: g++.mike/p4667.C Execution test
FAIL: g++.mike/p4736a.C Execution test
FAIL: g++.mike/p4736b.C Execution test
FAIL: g++.mike/p4736c.C Execution test
FAIL: g++.mike/p5571.C Execution test
FAIL: g++.mike/p658.C (test for excess errors)
FAIL: g++.mike/p6610a.C Execution test
FAIL: g++.mike/p6610b.C Execution test
FAIL: g++.mike/p6927.C Execution test
FAIL: g++.mike/p755.C Execution test
FAIL: g++.mike/p755a.C Execution test
FAIL: g++.mike/p789.C Execution test
FAIL: g++.mike/p789a.C Execution test
FAIL: g++.mike/p7912.C Execution test
FAIL: g++.mike/p8018.C Execution test
FAIL: g++.mike/p8155.C Execution test
FAIL: g++.mike/p9706.C Execution test
FAIL: g++.mike/pmf2.C Execution test
FAIL: g++.mike/pmf8.C Execution test
FAIL: g++.mike/pmf9.C Execution test
FAIL: g++.mike/pt1.C - Execution test
FAIL: g++.mike/pt2.C Execution test
FAIL: g++.mike/rtti3.C Execution test
FAIL: g++.mike/thunk2.C Execution test
FAIL: g++.mike/thunk3.C Execution test
FAIL: g++.mike/virt2.C Execution test
FAIL: g++.mike/virt4.C Execution test
FAIL: g++.mike/virt5.C Execution test
FAIL: g++.mike/virt6.C Execution test
FAIL: g++.ns/new1.C Execution test
FAIL: g++.ns/template9.C Execution test
FAIL: g++.oliva/delete2.C Execution test
FAIL: g++.oliva/delete3.C Execution test
FAIL: g++.oliva/delete4.C Execution test
FAIL: g++.oliva/delete5.C Execution test
FAIL: g++.oliva/new1.C Execution test
FAIL: g++.oliva/thunk1.C Execution test
FAIL: g++.other/array1.C Execution test
FAIL: g++.other/badopt1.C Execution test
FAIL: g++.other/comdat1.C Execution test
FAIL: g++.other/crash18.C (test for excess errors)
FAIL: g++.other/crash31.C parse error (test for errors, line 11)
FAIL: g++.other/crash31.C (test for excess errors)
FAIL: g++.other/delete3.C Execution test
FAIL: g++.other/delete7.C Execution test
FAIL: g++.other/dtor1.C Execution test
FAIL: g++.other/dtor5.C Execution test
FAIL: g++.other/dtor9.C Execution test
FAIL: g++.other/dyncast1.C Execution test
FAIL: g++.other/dyncast2.C Execution test
FAIL: g++.other/dyncast3.C Execution test
FAIL: g++.other/dyncast4.C Execution test
FAIL: g++.other/dyncast5.C Execution test
FAIL: g++.other/dyncast6.C Execution test
FAIL: g++.other/eh3.C Execution test
FAIL: g++.other/headers1.C (test for excess errors)
FAIL: g++.other/init7.C Execution test
FAIL: g++.other/inline7.C Execution test
FAIL: g++.other/inline8.C Execution test
FAIL: g++.other/local3.C Execution test
FAIL: g++.other/new3.C Execution test
FAIL: g++.other/new5.C Execution test
FAIL: g++.other/pmf4.C Execution test
FAIL: g++.other/pmf5.C Execution test
FAIL: g++.other/rtti1.C Execution test
FAIL: g++.other/rtti2.C Execution test
FAIL: g++.other/rtti3.C Execution test
FAIL: g++.other/rtti4.C Execution test
FAIL: g++.other/rttid3.C Execution test
FAIL: g++.other/rttid4.C Execution test
FAIL: g++.other/sibcall1.C (test for excess errors)
FAIL: g++.other/singleton.C Execution test
FAIL: g++.other/vbase1.C Execution test
FAIL: g++.other/vbase2.C Execution test
FAIL: g++.other/vbase5.C Execution test
FAIL: g++.other/virtual2.C Execution test
FAIL: g++.other/virtual3.C Execution test
FAIL: g++.other/virtual8.C Execution test
FAIL: g++.other/virtual9.C Execution test
FAIL: g++.other/vtbl2.C Execution test
FAIL: g++.pt/explicit55.C Execution test
FAIL: g++.pt/explicit56.C Execution test
FAIL: g++.pt/expr1.C Execution test
FAIL: g++.pt/fntry1.C Execution test
FAIL: g++.pt/local6.C Execution test
FAIL: g++.pt/memclass4.C Execution test
FAIL: g++.pt/mi1.C Execution test
FAIL: g++.pt/spec3.C Execution test
FAIL: g++.pt/spec30.C Execution test
FAIL: g++.pt/static11.C Execution test
XPASS: g++.pt/static3.C (test for excess errors)
XPASS: g++.pt/static3.C Execution test
XPASS: g++.pt/static6.C (test for excess errors)
FAIL: g++.pt/static8.C Execution test
FAIL: g++.pt/vbase1.C Execution test
FAIL: g++.pt/virtual1.C Execution test
FAIL: g++.pt/virtual4.C Execution test
FAIL: g++.robertl/eb102.C Execution test
FAIL: g++.robertl/eb104.C Execution test
FAIL: g++.robertl/eb114.C Execution test
FAIL: g++.robertl/eb115.C (test for excess errors)
FAIL: g++.robertl/eb118.C (test for excess errors)
FAIL: g++.robertl/eb126.C Execution test
FAIL: g++.robertl/eb21.C (test for excess errors)
FAIL: g++.robertl/eb27.C (test for excess errors)
FAIL: g++.robertl/eb3.C (test for excess errors)
FAIL: g++.robertl/eb31.C (test for excess errors)
FAIL: g++.robertl/eb41.C (test for excess errors)
FAIL: g++.robertl/eb44.C (test for excess errors)
FAIL: g++.robertl/eb46.C (test for excess errors)
FAIL: g++.robertl/eb50.C Execution test
FAIL: g++.robertl/eb54.C (test for excess errors)
FAIL: g++.robertl/eb58.C Execution test
FAIL: g++.robertl/eb63.C Execution test
FAIL: g++.robertl/eb66.C (test for excess errors)
FAIL: g++.robertl/eb73.C (test for excess errors)
FAIL: g++.robertl/eb77.C (test for excess errors)
FAIL: g++.robertl/eb88.C Execution test
FAIL: g++.robertl/eh990323-1.C Execution test
FAIL: g++.robertl/eh990323-2.C Execution test
FAIL: g++.robertl/eh990323-3.C Execution test
FAIL: g++.robertl/eh990323-4.C Execution test
FAIL: g++.robertl/eh990323-5.C Execution test
FAIL: g++.robertl/ice990323-2.C Execution test
=== g++ Summary for unix ===
# of expected passes 5993
# of unexpected failures 362
# of unexpected successes 5
# of expected failures 120
# of untested testcases 19
=== g++ Summary ===
# of expected passes 11984
# of unexpected failures 725
# of unexpected successes 10
# of expected failures 240
# of untested testcases 38
/xxx/gnu/gcc-3.0/objdir/gcc/testsuite/../g++ version 3.0 20010218 (prerelease)
=== g77 tests ===
Running target unix/-fPIC
=== g77 Summary for unix/-fPIC ===
# of expected passes 919
Running target unix
=== g77 Summary for unix ===
# of expected passes 919
=== g77 Summary ===
# of expected passes 1838
=== objc tests ===
Running target unix/-fPIC
FAIL: objc/execute/bycopy-1.m compilation, -O
FAIL: objc/execute/bycopy-2.m compilation, -O
FAIL: objc/execute/np-1.m compilation, -O
FAIL: objc/execute/np-2.m compilation, -O
FAIL: objc/execute/protocol.m compilation, -O
=== objc Summary for unix/-fPIC ===
# of expected passes 48
# of unexpected failures 5
# of untested testcases 5
Running target unix
FAIL: objc/execute/bycopy-1.m compilation, -O
FAIL: objc/execute/bycopy-2.m compilation, -O
FAIL: objc/execute/np-1.m compilation, -O
FAIL: objc/execute/np-2.m compilation, -O
FAIL: objc/execute/protocol.m compilation, -O
=== objc Summary for unix ===
# of expected passes 48
# of unexpected failures 5
# of untested testcases 5
=== objc Summary ===
# of expected passes 96
# of unexpected failures 10
# of untested testcases 10
Compiler version: 3.0 20010218 (prerelease)
Platform: hppa1.1-hp-hpux10.20
configure flags: --host=hppa1.1-hp-hpux10.20 --with-gnu-as
BOOT_CFLAGS: -g -O3 -fPIC
Patches: pa.c and pa.h tighten Q constraint and symbolic_memory_operand,
local-alloc rtx_unstable_p, pa.c force_mode.
More information about the Gcc-testresults
mailing list