Results for 3.0 20010217 (prerelease) testsuite on sparc-unknown-linux-gnu
Erik Mouw
erik@arthur.ubicom.tudelft.nl
Mon Feb 19 17:20:00 GMT 2001
GCC CVS snapshot from 3.0 branch taken approx. 17-feb-2001 14:00 UTC.
Build host is a Sun SparcClassic (TI MicroSparc) running Debian GNU/Linux
2.2 with kernel 2.2.18pre21.
Native configuration is sparc-unknown-linux-gnu
=== gcc tests ===
Running target unix
FAIL: gcc.c-torture/compile/20001226-1.c, -O0
FAIL: gcc.c-torture/compile/20001226-1.c, -O1
FAIL: gcc.c-torture/compile/20001226-1.c, -O2
FAIL: gcc.c-torture/compile/20001226-1.c, -O3 -fomit-frame-pointer
FAIL: gcc.c-torture/compile/20001226-1.c, -O3 -g
FAIL: gcc.c-torture/compile/20001226-1.c, -Os
FAIL: gcc.c-torture/execute/20010123-1.c execution, -O0
FAIL: gcc.c-torture/execute/20010123-1.c execution, -O1
FAIL: gcc.c-torture/execute/20010123-1.c execution, -O2
FAIL: gcc.c-torture/execute/20010123-1.c execution, -O3 -fomit-frame-pointer
FAIL: gcc.c-torture/execute/20010123-1.c execution, -O3 -fomit-frame-pointer -funroll-loops
FAIL: gcc.c-torture/execute/20010123-1.c execution, -O3 -fomit-frame-pointer -funroll-all-loops -finline-functions
FAIL: gcc.c-torture/execute/20010123-1.c execution, -O3 -g
FAIL: gcc.c-torture/execute/20010123-1.c execution, -Os
FAIL: gcc.c-torture/execute/20010124-1.c execution, -O0
FAIL: gcc.c-torture/execute/20010124-1.c execution, -O1
FAIL: gcc.c-torture/execute/20010124-1.c execution, -O2
FAIL: gcc.c-torture/execute/20010124-1.c execution, -O3 -fomit-frame-pointer
FAIL: gcc.c-torture/execute/20010124-1.c execution, -O3 -g
FAIL: gcc.c-torture/execute/20010124-1.c execution, -Os
FAIL: gcc.c-torture/execute/builtin-abs-1.c compilation, -O1
FAIL: gcc.c-torture/execute/builtin-abs-2.c compilation, -O1
FAIL: gcc.c-torture/execute/memcpy-bi.c compilation, -O3 -fomit-frame-pointer
FAIL: gcc.c-torture/execute/memcpy-bi.c compilation, -O3 -fomit-frame-pointer -funroll-loops
FAIL: gcc.c-torture/execute/memcpy-bi.c compilation, -O3 -fomit-frame-pointer -funroll-all-loops -finline-functions
FAIL: gcc.c-torture/execute/memcpy-bi.c compilation, -O3 -g
FAIL: gcc.dg/20001013-1.c (test for excess errors)
FAIL: gcc.dg/pack-test-1.c (test for excess errors)
FAIL: gcc.dg/pack-test-2.c (test for errors, line 7)
FAIL: gcc.dg/pack-test-2.c (test for errors, line 14)
FAIL: gcc.dg/pack-test-2.c (test for errors, line 19)
FAIL: gcc.dg/pack-test-2.c (test for excess errors)
FAIL: gcc.dg/sequence-pt-1.c sequence point warning (test for warnings, line 59)
=== gcc Summary ===
# of expected passes 14939
# of unexpected failures 33
# of expected failures 72
# of unresolved testcases 6
# of unsupported tests 45
/data/gcc/sparc-unknown-linux-gnu/gcc/xgcc version 3.0 20010217 (prerelease)
=== g++ tests ===
Running target unix
FAIL: g++.dg/vtgc1.C scan-assembler .vtable_inherit[ ]*Multivv3 virtual table, 0
FAIL: g++.dg/vtgc1.C scan-assembler .vtable_inherit[ ]*Multivv3::Side0 virtual table, Side0 virtual table
FAIL: g++.dg/vtgc1.C scan-assembler .vtable_inherit[ ]*Multivv3::Base2 virtual table, Base2 virtual table
FAIL: g++.dg/vtgc1.C scan-assembler .vtable_inherit[ ]*Multiss2 virtual table, Base2 virtual table
FAIL: g++.dg/vtgc1.C scan-assembler .vtable_inherit[ ]*Multiss2::Side0 virtual table, Side0 virtual table
FAIL: g++.dg/vtgc1.C scan-assembler .vtable_inherit[ ]*Multivs1 virtual table, Base2 virtual table
FAIL: g++.dg/vtgc1.C scan-assembler .vtable_inherit[ ]*Multivs1::Side0 virtual table, Side0 virtual table
FAIL: g++.dg/vtgc1.C scan-assembler .vtable_inherit[ ]*Multisv0 virtual table, Side0 virtual table
FAIL: g++.dg/vtgc1.C scan-assembler .vtable_inherit[ ]*Multisv0::Base2 virtual table, Base2 virtual table
FAIL: g++.dg/vtgc1.C scan-assembler .vtable_inherit[ ]*Side0 virtual table, 0
FAIL: g++.dg/vtgc1.C scan-assembler .vtable_inherit[ ]*VbasedA virtual table, 0
FAIL: g++.dg/vtgc1.C scan-assembler .vtable_inherit[ ]*VbasedA::Base2 virtual table, Base2 virtual table
FAIL: g++.dg/vtgc1.C scan-assembler .vtable_inherit[ ]*Base2 virtual table, Base1 virtual table
FAIL: g++.dg/vtgc1.C scan-assembler .vtable_inherit[ ]*Base1 virtual table, Base0 virtual table
FAIL: g++.dg/vtgc1.C scan-assembler .vtable_inherit[ ]*Base0 virtual table, 0
FAIL: g++.ext/instantiate1.C not instantiated (test for errors, line 18)
FAIL: g++.ext/instantiate1.C not instantiated (test for errors, line 20)
FAIL: g++.other/crash31.C parse error (test for errors, line 11)
FAIL: g++.other/crash31.C (test for excess errors)
FAIL: g++.pt/static11.C Execution test
=== g++ Summary ===
# of expected passes 6372
# of unexpected failures 20
# of expected failures 87
# of untested testcases 18
/data/gcc/sparc-unknown-linux-gnu/gcc/testsuite/../g++ version 3.0 20010217 (prerelease)
=== objc tests ===
Running target unix
FAIL: objc/execute/bycopy-1.m compilation, -O
FAIL: objc/execute/bycopy-2.m compilation, -O
FAIL: objc/execute/np-1.m compilation, -O
FAIL: objc/execute/np-2.m compilation, -O
FAIL: objc/execute/protocol.m compilation, -O
=== objc Summary ===
# of expected passes 48
# of unexpected failures 5
# of untested testcases 5
/data/gcc/sparc-unknown-linux-gnu/gcc/xgcc version 3.0 20010217 (prerelease)
=== g77 tests ===
Running target unix
=== g77 Summary ===
# of expected passes 919
# of unsupported tests 8
Compiler version: 3.0 20010217 (prerelease)
Platform: sparc-unknown-linux-gnu
configure flags: --host=sparc-unknown-linux-gnu --prefix=/home/erik/gcc --exec-prefix=/home/erik/gcc/sparc-unknown-linux-gnu --disable-shared --enable-threads --with-cpu=v8
More information about the Gcc-testresults
mailing list