Results for 3.0 20010217 (prerelease) testsuite on i686-pc-linux-gnu
Erik Mouw
erik@arthur.ubicom.tudelft.nl
Sun Feb 18 06:34:00 GMT 2001
GCC CVS snapshot from 3.0 branch taken approx. 17-jan-2001 14:00 UTC.
Build host is an Intel Celeron (Coppermine)/500 running SuSE Linux 7.0
with kernel 2.4.1.
Native configuration is i686-pc-linux-gnu
=== gcc tests ===
Running target unix
FAIL: gcc.c-torture/execute/20010114-2.c execution, -O1
FAIL: gcc.c-torture/execute/20010114-2.c execution, -O2
FAIL: gcc.c-torture/execute/20010114-2.c execution, -Os
FAIL: gcc.c-torture/execute/20010123-1.c execution, -O0
FAIL: gcc.c-torture/execute/20010123-1.c execution, -O1
FAIL: gcc.c-torture/execute/20010123-1.c execution, -O2
FAIL: gcc.c-torture/execute/20010123-1.c execution, -O3 -fomit-frame-pointer
FAIL: gcc.c-torture/execute/20010123-1.c execution, -O3 -fomit-frame-pointer -funroll-loops
FAIL: gcc.c-torture/execute/20010123-1.c execution, -O3 -fomit-frame-pointer -funroll-all-loops -finline-functions
FAIL: gcc.c-torture/execute/20010123-1.c execution, -O3 -g
FAIL: gcc.c-torture/execute/20010123-1.c execution, -Os
FAIL: gcc.c-torture/execute/20010124-1.c execution, -O0
FAIL: gcc.c-torture/execute/20010124-1.c execution, -O1
FAIL: gcc.c-torture/execute/20010124-1.c execution, -O2
FAIL: gcc.c-torture/execute/20010124-1.c execution, -O3 -fomit-frame-pointer
FAIL: gcc.c-torture/execute/20010124-1.c execution, -O3 -g
FAIL: gcc.c-torture/execute/20010124-1.c execution, -Os
FAIL: gcc.c-torture/execute/991118-1.c execution, -O3 -fomit-frame-pointer
FAIL: gcc.c-torture/execute/991118-1.c execution, -O3 -g
FAIL: gcc.c-torture/execute/bf64-1.c execution, -O3 -fomit-frame-pointer
FAIL: gcc.c-torture/execute/bf64-1.c execution, -O3 -g
FAIL: gcc.c-torture/execute/loop-2b.c execution, -O2
FAIL: gcc.dg/20000724-1.c execution test
FAIL: gcc.dg/20001117-1.c (test for excess errors)
FAIL: gcc.dg/sequence-pt-1.c sequence point warning (test for warnings, line 59)
FAIL: gcc.dg/format/c90-scanf-1.c writing into NULL (test for warnings, line 118)
FAIL: gcc.dg/format/c90-scanf-1.c (test for excess errors)
FAIL: gcc.dg/format/c99-strftime-1.c bad %O% (test for warnings, line 96)
FAIL: gcc.dg/format/c99-strftime-1.c (test for excess errors)
=== gcc Summary ===
# of expected passes 14986
# of unexpected failures 29
# of expected failures 78
# of unsupported tests 20
/tmp/gcc/gcc/xgcc version 3.0 20010217 (prerelease)
=== g++ tests ===
Running target unix
FAIL: g++.dg/vtgc1.C scan-assembler .vtable_inherit[ ]*Multivv3 virtual table, 0
FAIL: g++.dg/vtgc1.C scan-assembler .vtable_inherit[ ]*Multivv3::Side0 virtual table, Side0 virtual table
FAIL: g++.dg/vtgc1.C scan-assembler .vtable_inherit[ ]*Multivv3::Base2 virtual table, Base2 virtual table
FAIL: g++.dg/vtgc1.C scan-assembler .vtable_inherit[ ]*Multiss2 virtual table, Base2 virtual table
FAIL: g++.dg/vtgc1.C scan-assembler .vtable_inherit[ ]*Multiss2::Side0 virtual table, Side0 virtual table
FAIL: g++.dg/vtgc1.C scan-assembler .vtable_inherit[ ]*Multivs1 virtual table, Base2 virtual table
FAIL: g++.dg/vtgc1.C scan-assembler .vtable_inherit[ ]*Multivs1::Side0 virtual table, Side0 virtual table
FAIL: g++.dg/vtgc1.C scan-assembler .vtable_inherit[ ]*Multisv0 virtual table, Side0 virtual table
FAIL: g++.dg/vtgc1.C scan-assembler .vtable_inherit[ ]*Multisv0::Base2 virtual table, Base2 virtual table
FAIL: g++.dg/vtgc1.C scan-assembler .vtable_inherit[ ]*Side0 virtual table, 0
FAIL: g++.dg/vtgc1.C scan-assembler .vtable_inherit[ ]*VbasedA virtual table, 0
FAIL: g++.dg/vtgc1.C scan-assembler .vtable_inherit[ ]*VbasedA::Base2 virtual table, Base2 virtual table
FAIL: g++.dg/vtgc1.C scan-assembler .vtable_inherit[ ]*Base2 virtual table, Base1 virtual table
FAIL: g++.dg/vtgc1.C scan-assembler .vtable_inherit[ ]*Base1 virtual table, Base0 virtual table
FAIL: g++.dg/vtgc1.C scan-assembler .vtable_inherit[ ]*Base0 virtual table, 0
FAIL: g++.ext/instantiate1.C not instantiated (test for errors, line 18)
FAIL: g++.ext/instantiate1.C not instantiated (test for errors, line 20)
FAIL: g++.other/crash31.C parse error (test for errors, line 11)
FAIL: g++.other/crash31.C (test for excess errors)
=== g++ Summary ===
# of expected passes 6386
# of unexpected failures 19
# of expected failures 87
# of untested testcases 9
/tmp/gcc/gcc/testsuite/../g++ version 3.0 20010217 (prerelease)
=== g77 tests ===
Running target unix
FAIL: g77.dg/20010216-1.f execution test
FAIL: g77.dg/20010216-1.f execution test
FAIL: g77.dg/20010216-1.f execution test
FAIL: g77.dg/20010216-1.f execution test
FAIL: g77.dg/20010216-1.f execution test
FAIL: g77.dg/20010216-1.f execution test
FAIL: g77.dg/20010216-1.f execution test
XPASS: g77.f-torture/execute/20010116.f execution, -O0
XPASS: g77.f-torture/execute/20010116.f execution, -O1
FAIL: g77.f-torture/execute/short.f execution, -Os
=== g77 Summary ===
# of expected passes 919
# of unexpected failures 8
# of unexpected successes 2
# of expected failures 6
=== objc tests ===
Running target unix
FAIL: objc/execute/bycopy-1.m compilation, -O
FAIL: objc/execute/bycopy-2.m compilation, -O
FAIL: objc/execute/np-1.m compilation, -O
FAIL: objc/execute/np-2.m compilation, -O
FAIL: objc/execute/protocol.m compilation, -O
=== objc Summary ===
# of expected passes 48
# of unexpected failures 5
# of untested testcases 5
/tmp/gcc/gcc/xgcc version 3.0 20010217 (prerelease)
Compiler version: 3.0 20010217 (prerelease)
Platform: i686-pc-linux-gnu
configure flags: --host=i686-pc-linux-gnu --prefix=/home/erik/gcc --disable-shared --enable-threads --with-cpu=i686
More information about the Gcc-testresults
mailing list